000
CDUS43 KGLD 020744
CLIGLD

CLIMATE REPORT
NATIONAL WEATHER SERVICE GOODLAND
141 AM MDT THU OCT 2 2014

...................................

...THE GOODLAND KS CLIMATE SUMMARY FOR OCTOBER 1 2014...

CLIMATE NORMAL PERIOD 1981 TO 2010
CLIMATE RECORD PERIOD 1895 TO 2014

WEATHER ITEM   OBSERVED TIME   RECORD YEAR NORMAL DEPARTURE LAST
                VALUE   (LST)  VALUE       VALUE  FROM      YEAR
                                                  NORMAL
..................................................................
TEMPERATURE (F)
 YESTERDAY
  MAXIMUM         76    258 PM  93    1938  72      4       76
  MINIMUM         46    557 AM  31    1985  43      3       47
                                      1959
  AVERAGE         61                        58      3       62

PRECIPITATION (IN)
  YESTERDAY        0.01          0.74 1998   0.05  -0.04     0.00
  MONTH TO DATE    0.01                      0.05  -0.04     0.00
  SINCE SEP 1      2.05                      1.27   0.78     6.49
  SINCE JAN 1     15.95                     17.17  -1.22    15.28

SNOWFALL (IN)
  YESTERDAY        0.0                       0.0    0.0      0.0
  MONTH TO DATE    0.0                       0.0    0.0      0.0
  SINCE SEP 1      T                         0.4   -0.4      0.0
  SINCE JUL 1      T                         0.4   -0.4      0.0
  SNOW DEPTH       0

DEGREE DAYS
 HEATING
  YESTERDAY        4                         8     -4        3
  MONTH TO DATE    4                         8     -4        3
  SINCE SEP 1    104                       120    -16       50
  SINCE JUL 1    117                       132    -15       57

 COOLING
  YESTERDAY        0                         1     -1        0
  MONTH TO DATE    0                         1     -1        0
  SINCE SEP 1    117                       101     16      183
  SINCE JAN 1    919                       934    -15     1181
..................................................................

WIND (MPH)
  HIGHEST WIND SPEED    32   HIGHEST WIND DIRECTION    NW (310)
  HIGHEST GUST SPEED    41   HIGHEST GUST DIRECTION    NW (320)
  AVERAGE WIND SPEED     9.3

SKY COVER
  AVERAGE SKY COVER 0.1

WEATHER CONDITIONS
 THE FOLLOWING WEATHER WAS RECORDED YESTERDAY.
  LIGHT RAIN

RELATIVE HUMIDITY (PERCENT)
 HIGHEST    86
 LOWEST     27
 AVERAGE    57

..........................................................

THE GOODLAND KS CLIMATE NORMALS FOR TODAY
                         NORMAL    RECORD    YEAR
 MAXIMUM TEMPERATURE (F)   72        93      1953
 MINIMUM TEMPERATURE (F)   43        30      1999

SUNRISE AND SUNSET
OCTOBER  2 2014.......SUNRISE   644 AM MDT   SUNSET   628 PM MDT
OCTOBER  3 2014.......SUNRISE   645 AM MDT   SUNSET   626 PM MDT

-  INDICATES NEGATIVE NUMBERS.
R  INDICATES RECORD WAS SET OR TIED.
MM INDICATES DATA IS MISSING.
T  INDICATES TRACE AMOUNT.

&&

THE AVERAGE SOIL TEMPERATURE AT THE FOUR INCH DEPTH... 64

$$
