000
CDUS44 KJAN 240749
CLIGLH


CLIMATE REPORT
NATIONAL WEATHER SERVICE JACKSON MS
238 AM CDT SAT JUN 24 2017


...................................

...THE GREENVILLE CLIMATE SUMMARY FOR JUNE 23 2017...

CLIMATE NORMAL PERIOD 1981 TO 2010
CLIMATE RECORD PERIOD 1903 TO 2017


WEATHER ITEM   OBSERVED TIME   RECORD YEAR NORMAL DEPARTURE LAST
                VALUE   (LST)  VALUE       VALUE  FROM      YEAR
                                                  NORMAL
..................................................................
TEMPERATURE (F)
 YESTERDAY
  MAXIMUM         85    554 PM  99    2009  91     -6       95
                                      1986
                                      1977
  MINIMUM         70   1159 PM  58    1958  70      0       75
  AVERAGE         78                        81     -3       85

PRECIPITATION (IN)
  YESTERDAY       MM             1.25 2014   0.16  MM        0.00
  MONTH TO DATE    3.44                      2.88   0.56     1.25
  SINCE JUN 1      3.44                      2.88   0.56     1.25
  SINCE JAN 1     19.82                     27.14  -7.32    29.78

SNOWFALL (IN)
  YESTERDAY        0.0

DEGREE DAYS
 HEATING
  YESTERDAY        0                         0      0        0
  MONTH TO DATE    0                         0      0        0
  SINCE JUN 1      0                         0      0        0
  SINCE JUL 1   1830                      2774   -944     1925

 COOLING
  YESTERDAY       13                        15     -2       20
  MONTH TO DATE  281                       307    -26      367
  SINCE JUN 1    281                       307    -26      367
  SINCE JAN 1    678                       629     49      709
..................................................................


WIND (MPH)
  HIGHEST WIND SPEED    32   HIGHEST WIND DIRECTION     N (350)
  HIGHEST GUST SPEED    43   HIGHEST GUST DIRECTION    NW (330)
  AVERAGE WIND SPEED    15.8


SKY COVER
  POSSIBLE SUNSHINE  MM
  AVERAGE SKY COVER 0.7


WEATHER CONDITIONS
 THE FOLLOWING WEATHER WAS RECORDED YESTERDAY.
  HEAVY RAIN
  RAIN
  LIGHT RAIN
  FOG


RELATIVE HUMIDITY (PERCENT)
 HIGHEST    94           200 AM
 LOWEST     74           200 PM
 AVERAGE    84

..........................................................


THE GREENVILLE CLIMATE NORMALS FOR TODAY
                         NORMAL    RECORD    YEAR
 MAXIMUM TEMPERATURE (F)   91        99      1984
                                             1977
                                             1954
 MINIMUM TEMPERATURE (F)   71        60      1958


SUNRISE AND SUNSET
JUNE 24 2017..........SUNRISE   555 AM CDT   SUNSET   818 PM CDT
JUNE 25 2017..........SUNRISE   556 AM CDT   SUNSET   818 PM CDT


-  INDICATES NEGATIVE NUMBERS.
R  INDICATES RECORD WAS SET OR TIED.
MM INDICATES DATA IS MISSING.
T  INDICATES TRACE AMOUNT.




$$
