000
CDUS44 KJAN 040642
CLIGLH


CLIMATE REPORT
NATIONAL WEATHER SERVICE JACKSON MS
1241 AM CST SUN DEC 4 2016


...................................

...THE GREENVILLE CLIMATE SUMMARY FOR DECEMBER 3 2016...

CLIMATE NORMAL PERIOD 1981 TO 2010
CLIMATE RECORD PERIOD 1920 TO 2016


WEATHER ITEM   OBSERVED TIME   RECORD YEAR NORMAL DEPARTURE LAST
                VALUE   (LST)  VALUE       VALUE  FROM      YEAR
                                                  NORMAL
..................................................................
TEMPERATURE (F)
 YESTERDAY
  MAXIMUM         51   1241 AM  83    1982  58     -7       53
  MINIMUM         46   1159 PM  15    1929  38      8       34
  AVERAGE         49                        48      1       44

PRECIPITATION (IN)
  YESTERDAY        1.00          2.41 1978   0.20   0.80     0.00
  MONTH TO DATE    1.00                      0.62   0.38     0.02
  SINCE DEC 1      1.00                      0.62   0.38     0.02
  SINCE JAN 1     48.26                     47.64   0.62    40.35

SNOWFALL (IN)
  YESTERDAY        0.0

DEGREE DAYS
 HEATING
  YESTERDAY       16                        18     -2       21
  MONTH TO DATE   51                        52     -1       50
  SINCE DEC 1     51                        52     -1       50
  SINCE JUL 1    320                       514   -194      300

 COOLING
  YESTERDAY        0                         0      0        0
  MONTH TO DATE    0                         0      0        0
  SINCE DEC 1      0                         0      0        0
  SINCE JAN 1   2672                      2186    486     2504
..................................................................


WIND (MPH)
  HIGHEST WIND SPEED    17   HIGHEST WIND DIRECTION     E (80)
  HIGHEST GUST SPEED    23   HIGHEST GUST DIRECTION     E (100)
  AVERAGE WIND SPEED     8.5


SKY COVER
  POSSIBLE SUNSHINE  MM
  AVERAGE SKY COVER 0.8


WEATHER CONDITIONS
 THE FOLLOWING WEATHER WAS RECORDED YESTERDAY.
  HEAVY RAIN
  RAIN
  LIGHT RAIN
  FOG


RELATIVE HUMIDITY (PERCENT)
 HIGHEST    86          1100 AM
 LOWEST     50          1200 AM
 AVERAGE    68

..........................................................


THE GREENVILLE CLIMATE NORMALS FOR TODAY
                         NORMAL    RECORD    YEAR
 MAXIMUM TEMPERATURE (F)   57        81      1933
 MINIMUM TEMPERATURE (F)   38        21      1989


SUNRISE AND SUNSET
DECEMBER  4 2016......SUNRISE   653 AM CST   SUNSET   456 PM CST
DECEMBER  5 2016......SUNRISE   654 AM CST   SUNSET   456 PM CST


-  INDICATES NEGATIVE NUMBERS.
R  INDICATES RECORD WAS SET OR TIED.
MM INDICATES DATA IS MISSING.
T  INDICATES TRACE AMOUNT.




$$
