000
CDUS44 KJAN 310715
CLIGLH


CLIMATE REPORT
NATIONAL WEATHER SERVICE JACKSON MS
209 AM CDT TUE MAY 31 2016


...................................

...THE GREENVILLE CLIMATE SUMMARY FOR MAY 30 2016...

CLIMATE NORMAL PERIOD 1981 TO 2010
CLIMATE RECORD PERIOD 1920 TO 2016


WEATHER ITEM   OBSERVED TIME   RECORD YEAR NORMAL DEPARTURE LAST
                VALUE   (LST)  VALUE       VALUE  FROM      YEAR
                                                  NORMAL
..................................................................
TEMPERATURE (F)
 YESTERDAY
  MAXIMUM         91    136 PM  99    1977  86      5       85
  MINIMUM         69    136 AM  47    1984  66      3       67
  AVERAGE         80                        76      4       76

PRECIPITATION (IN)
  YESTERDAY        0.33          2.29 1962   0.11   0.22     0.54
  MONTH TO DATE    1.54                      4.81  -3.27     4.45
  SINCE MAR 1     21.83                     14.17   7.66    13.34
  SINCE JAN 1     28.34                     24.16   4.18    19.79

SNOWFALL (IN)
  YESTERDAY        0.0

DEGREE DAYS
 HEATING
  YESTERDAY        0                         0      0        0
  MONTH TO DATE    7                        10     -3        8
  SINCE MAR 1    245                       462   -217      382
  SINCE JUL 1   1925                      2771   -846     2869

 COOLING
  YESTERDAY       15                        11      4       11
  MONTH TO DATE  202                       226    -24      275
  SINCE MAR 1    324                       307     17      373
  SINCE JAN 1    328                       312     16      373
..................................................................


WIND (MPH)
  HIGHEST WIND SPEED    30   HIGHEST WIND DIRECTION     S (200)
  HIGHEST GUST SPEED    38   HIGHEST GUST DIRECTION     S (200)
  AVERAGE WIND SPEED     4.3


SKY COVER
  POSSIBLE SUNSHINE  MM
  AVERAGE SKY COVER 0.2


WEATHER CONDITIONS
 THE FOLLOWING WEATHER WAS RECORDED YESTERDAY.
  THUNDERSTORM
  HEAVY RAIN
  RAIN
  LIGHT RAIN


RELATIVE HUMIDITY (PERCENT)
 HIGHEST    84          1000 PM
 LOWEST     44           100 PM
 AVERAGE    64

..........................................................


THE GREENVILLE CLIMATE NORMALS FOR TODAY
                         NORMAL    RECORD    YEAR
 MAXIMUM TEMPERATURE (F)   86       100      1977
 MINIMUM TEMPERATURE (F)   66        47      1984


SUNRISE AND SUNSET
MAY 31 2016...........SUNRISE   555 AM CDT   SUNSET   809 PM CDT
JUNE  1 2016..........SUNRISE   555 AM CDT   SUNSET   809 PM CDT


-  INDICATES NEGATIVE NUMBERS.
R  INDICATES RECORD WAS SET OR TIED.
MM INDICATES DATA IS MISSING.
T  INDICATES TRACE AMOUNT.




$$
