000
CDUS44 KJAN 290810
CLIGLH


CLIMATE REPORT
NATIONAL WEATHER SERVICE JACKSON MS
309 AM CDT SUN MAR 29 2015


...................................

...THE GREENVILLE CLIMATE SUMMARY FOR MARCH 28 2015...

CLIMATE NORMAL PERIOD 1981 TO 2010
CLIMATE RECORD PERIOD 1920 TO 2015


WEATHER ITEM   OBSERVED TIME   RECORD YEAR NORMAL DEPARTURE LAST
                VALUE   (LST)  VALUE       VALUE  FROM      YEAR
                                                  NORMAL
..................................................................
TEMPERATURE (F)
 YESTERDAY
  MAXIMUM         54    312 PM  84    2007  69    -15       79
                                      1928
                                      1922
  MINIMUM         38    418 AM  26    1955  47     -9       60
  AVERAGE         46                        58    -12       70

PRECIPITATION (IN)
  YESTERDAY        T             2.71 2014   0.18  -0.18     2.71
  MONTH TO DATE    3.97                      3.98  -0.01     5.36
  SINCE MAR 1      3.97                      3.98  -0.01     5.36
  SINCE JAN 1     10.42                     13.97  -3.55     9.66

SNOWFALL (IN)
  YESTERDAY        0.0

DEGREE DAYS
 HEATING
  YESTERDAY       19                         8     11        0
  MONTH TO DATE  315                       313      2      412
  SINCE MAR 1    315                       313      2      412
  SINCE JUL 1   2802                      2622    180     3019

 COOLING
  YESTERDAY        0                         1     -1        5
  MONTH TO DATE    2                        14    -12        5
  SINCE MAR 1      2                        14    -12        5
  SINCE JAN 1      2                        19    -17        5
..................................................................


WIND (MPH)
  HIGHEST WIND SPEED    18   HIGHEST WIND DIRECTION     E (70)
  HIGHEST GUST SPEED    24   HIGHEST GUST DIRECTION     E (80)
  AVERAGE WIND SPEED     8.6


SKY COVER
  POSSIBLE SUNSHINE  MM
  AVERAGE SKY COVER 0.3


WEATHER CONDITIONS
 THE FOLLOWING WEATHER WAS RECORDED YESTERDAY.
  LIGHT RAIN


RELATIVE HUMIDITY (PERCENT)
 HIGHEST    92           400 AM
 LOWEST     41           300 PM
 AVERAGE    67

..........................................................


THE GREENVILLE CLIMATE NORMALS FOR TODAY
                         NORMAL    RECORD    YEAR
 MAXIMUM TEMPERATURE (F)   69        85      2007
                                             1998
                                             1933
 MINIMUM TEMPERATURE (F)   47        29      1955


SUNRISE AND SUNSET
MARCH 29 2015.........SUNRISE   656 AM CDT   SUNSET   722 PM CDT
MARCH 30 2015.........SUNRISE   655 AM CDT   SUNSET   723 PM CDT


-  INDICATES NEGATIVE NUMBERS.
R  INDICATES RECORD WAS SET OR TIED.
MM INDICATES DATA IS MISSING.
T  INDICATES TRACE AMOUNT.




$$
