000
CDUS44 KJAN 062111
CLIGLH


CLIMATE REPORT
NATIONAL WEATHER SERVICE JACKSON MS
407 PM CDT MON JUL 6 2015


...................................

...THE GREENVILLE CLIMATE SUMMARY FOR JULY 6 2015...
VALID TODAY AS OF 0400 PM LOCAL TIME.

CLIMATE NORMAL PERIOD 1981 TO 2010
CLIMATE RECORD PERIOD 1920 TO 2015


WEATHER ITEM   OBSERVED TIME   RECORD YEAR NORMAL DEPARTURE LAST
                VALUE   (LST)  VALUE       VALUE  FROM      YEAR
                                                  NORMAL
..................................................................
TEMPERATURE (F)
 TODAY
  MAXIMUM         88    259 PM 103    1977  92     -4       90
  MINIMUM         67    300 AM  55    1985  72     -5       62
  AVERAGE         78                        82     -4       76

PRECIPITATION (IN)
  TODAY            0.00          2.70 1934   0.15  -0.15     0.00
  MONTH TO DATE    2.62                      0.91   1.71     0.00
  SINCE JUN 1      4.14                      4.95  -0.81     6.37
  SINCE JAN 1     24.11                     29.21  -5.10    30.50

SNOWFALL (IN)
  TODAY            0.0

DEGREE DAYS
 HEATING
  TODAY            0                         0      0        0
  MONTH TO DATE    0                         0      0        0
  SINCE JUN 1      0                         0      0        0
  SINCE JUL 1      0                         0      0        0

 COOLING
  TODAY           13                        17     -4       11
  MONTH TO DATE   79                       100    -21       74
  SINCE JUN 1    555                       520     35      536
  SINCE JAN 1    936                       842     94      851
..................................................................


WIND (MPH)
  HIGHEST WIND SPEED    14   HIGHEST WIND DIRECTION     S (180)
  HIGHEST GUST SPEED    17   HIGHEST GUST DIRECTION     S (200)
  AVERAGE WIND SPEED     6.9


SKY COVER
  POSSIBLE SUNSHINE  MM
  AVERAGE SKY COVER 0.4


WEATHER CONDITIONS
 THE FOLLOWING WEATHER WAS RECORDED TODAY.
  FOG


RELATIVE HUMIDITY (PERCENT)
 HIGHEST   100          1200 AM
 LOWEST     68           200 PM
 AVERAGE    84

..........................................................


THE GREENVILLE CLIMATE NORMALS FOR TOMORROW
                         NORMAL    RECORD    YEAR
 MAXIMUM TEMPERATURE (F)   92       102      1980
                                             1977
 MINIMUM TEMPERATURE (F)   72        56      1972


SUNRISE AND SUNSET
JULY  6 2015..........SUNRISE   600 AM CDT   SUNSET   817 PM CDT
JULY  7 2015..........SUNRISE   600 AM CDT   SUNSET   817 PM CDT


-  INDICATES NEGATIVE NUMBERS.
R  INDICATES RECORD WAS SET OR TIED.
MM INDICATES DATA IS MISSING.
T  INDICATES TRACE AMOUNT.




$$
