000
CDUS44 KJAN 290832
CLIGLH


CLIMATE REPORT
NATIONAL WEATHER SERVICE JACKSON MS
228 AM CST THU JAN 29 2015


...................................

...THE GREENVILLE CLIMATE SUMMARY FOR JANUARY 28 2015...

CLIMATE NORMAL PERIOD 1981 TO 2010
CLIMATE RECORD PERIOD 1920 TO 2015


WEATHER ITEM   OBSERVED TIME   RECORD YEAR NORMAL DEPARTURE LAST
                VALUE   (LST)  VALUE       VALUE  FROM      YEAR
                                                  NORMAL
..................................................................
TEMPERATURE (F)
 YESTERDAY
  MAXIMUM         64    446 PM  77    1975  53     11       25
  MINIMUM         35    523 AM  10    1963  33      2       13
  AVERAGE         50                        43      7       19

PRECIPITATION (IN)
  YESTERDAY        0.00          2.00 1994   0.18  -0.18     0.00
  MONTH TO DATE    2.59                      4.43  -1.84     0.84
  SINCE DEC 1      6.70                     10.05  -3.35     5.37
  SINCE JAN 1      2.59                      4.43  -1.84     0.84

SNOWFALL (IN)
  YESTERDAY        0.0

DEGREE DAYS
 HEATING
  YESTERDAY       15                        22     -7       46
  MONTH TO DATE  652                       640     12      727
  SINCE DEC 1   1179                      1262    -83     1369
  SINCE JUL 1   1719                      1724     -5     1903

 COOLING
  YESTERDAY        0                         0      0        0
  MONTH TO DATE    0                         0      0        0
  SINCE DEC 1      0                         3     -3        9
  SINCE JAN 1      0                         0      0        0
..................................................................


WIND (MPH)
  HIGHEST WIND SPEED    15   HIGHEST WIND DIRECTION    SE (140)
  HIGHEST GUST SPEED    19   HIGHEST GUST DIRECTION    SE (130)
  AVERAGE WIND SPEED     8.4


SKY COVER
  POSSIBLE SUNSHINE  MM
  AVERAGE SKY COVER 0.0


WEATHER CONDITIONS
 THE FOLLOWING WEATHER WAS RECORDED YESTERDAY.
  NO SIGNIFICANT WEATHER WAS OBSERVED.


RELATIVE HUMIDITY (PERCENT)
 HIGHEST    85           500 AM
 LOWEST     40           400 PM
 AVERAGE    63

..........................................................


THE GREENVILLE CLIMATE NORMALS FOR TODAY
                         NORMAL    RECORD    YEAR
 MAXIMUM TEMPERATURE (F)   53        82      1950
 MINIMUM TEMPERATURE (F)   33         8      2014


SUNRISE AND SUNSET
JANUARY 29 2015.......SUNRISE   702 AM CST   SUNSET   532 PM CST
JANUARY 30 2015.......SUNRISE   701 AM CST   SUNSET   533 PM CST


-  INDICATES NEGATIVE NUMBERS.
R  INDICATES RECORD WAS SET OR TIED.
MM INDICATES DATA IS MISSING.
T  INDICATES TRACE AMOUNT.




$$
