000
CDUS44 KJAN 280709
CLIGLH


CLIMATE REPORT
NATIONAL WEATHER SERVICE JACKSON MS
207 AM CDT TUE JUL 28 2015


...................................

...THE GREENVILLE CLIMATE SUMMARY FOR JULY 27 2015...

CLIMATE NORMAL PERIOD 1981 TO 2010
CLIMATE RECORD PERIOD 1920 TO 2015


WEATHER ITEM   OBSERVED TIME   RECORD YEAR NORMAL DEPARTURE LAST
                VALUE   (LST)  VALUE       VALUE  FROM      YEAR
                                                  NORMAL
..................................................................
TEMPERATURE (F)
 YESTERDAY
  MAXIMUM         97    349 PM 104    1930  92      5       95
  MINIMUM         76    535 AM  63    2004  72      4       75
  AVERAGE         87                        82      5       85

PRECIPITATION (IN)
  YESTERDAY        0.00          2.10 1994   0.10  -0.10     0.00
  MONTH TO DATE    4.08                      3.44   0.64     5.20
  SINCE JUN 1      5.60                      7.48  -1.88    11.57
  SINCE JAN 1     25.57                     31.74  -6.17    35.70

SNOWFALL (IN)
  YESTERDAY        0.0

DEGREE DAYS
 HEATING
  YESTERDAY        0                         0      0        0
  MONTH TO DATE    0                         0      0        0
  SINCE JUN 1      0                         0      0        0
  SINCE JUL 1      0                         0      0        0

 COOLING
  YESTERDAY       22                        17      5       20
  MONTH TO DATE  519                       457     62      359
  SINCE JUN 1    995                       877    118      821
  SINCE JAN 1   1376                      1199    177     1136
..................................................................


WIND (MPH)
  HIGHEST WIND SPEED     8   HIGHEST WIND DIRECTION     S (170)
  HIGHEST GUST SPEED    11   HIGHEST GUST DIRECTION     E (100)
  AVERAGE WIND SPEED     2.3


SKY COVER
  POSSIBLE SUNSHINE  MM
  AVERAGE SKY COVER 0.0


WEATHER CONDITIONS
 THE FOLLOWING WEATHER WAS RECORDED YESTERDAY.
  NO SIGNIFICANT WEATHER WAS OBSERVED.


RELATIVE HUMIDITY (PERCENT)
 HIGHEST    94           400 AM
 LOWEST     48           200 PM
 AVERAGE    71

..........................................................


THE GREENVILLE CLIMATE NORMALS FOR TODAY
                         NORMAL    RECORD    YEAR
 MAXIMUM TEMPERATURE (F)   92       106      1930
 MINIMUM TEMPERATURE (F)   72        61      2004


SUNRISE AND SUNSET
JULY 28 2015..........SUNRISE   613 AM CDT   SUNSET   807 PM CDT
JULY 29 2015..........SUNRISE   614 AM CDT   SUNSET   806 PM CDT


-  INDICATES NEGATIVE NUMBERS.
R  INDICATES RECORD WAS SET OR TIED.
MM INDICATES DATA IS MISSING.
T  INDICATES TRACE AMOUNT.




$$
