000
CDUS44 KJAN 210811
CLIGLH


CLIMATE REPORT
NATIONAL WEATHER SERVICE JACKSON MS
309 AM CDT THU AUG 21 2014


...................................

...THE GREENVILLE CLIMATE SUMMARY FOR AUGUST 20 2014...

CLIMATE NORMAL PERIOD 1981 TO 2010
CLIMATE RECORD PERIOD 1920 TO 2014


WEATHER ITEM   OBSERVED TIME   RECORD YEAR NORMAL DEPARTURE LAST
                VALUE   (LST)  VALUE       VALUE  FROM      YEAR
                                                  NORMAL
..................................................................
TEMPERATURE (F)
 YESTERDAY
  MAXIMUM         93    500 PM 105    1925  92      1       94
  MINIMUM         71   1100 PM  59    1940  71      0       66
  AVERAGE         82                        81      1       80

PRECIPITATION (IN)
  YESTERDAY        0.00          2.30 1928   0.11  -0.11     0.00
  MONTH TO DATE    2.71                      1.35   1.36     0.78
  SINCE JUN 1     14.40                      9.19   5.21     4.02
  SINCE JAN 1     38.53                     33.45   5.08    28.98

SNOWFALL (IN)
  YESTERDAY        0.0

DEGREE DAYS
 HEATING
  YESTERDAY        0                         0      0        0
  MONTH TO DATE    0                         0      0        0
  SINCE JUN 1      0                         0      0        0
  SINCE JUL 1      0                         0      0        0

 COOLING
  YESTERDAY       17                        16      1       15
  MONTH TO DATE  298                       339    -41      326
  SINCE JUN 1   1162                      1286   -124     1262
  SINCE JAN 1   1477                      1608   -131     1545
..................................................................


WIND (MPH)
  HIGHEST WIND SPEED    MM   HIGHEST WIND DIRECTION    MM
  HIGHEST GUST SPEED    MM   HIGHEST GUST DIRECTION    MM
  AVERAGE WIND SPEED     6.2


SKY COVER
  POSSIBLE SUNSHINE  MM
  AVERAGE SKY COVER 0.0


WEATHER CONDITIONS
 THE FOLLOWING WEATHER WAS RECORDED YESTERDAY.
  NO SIGNIFICANT WEATHER WAS OBSERVED.


RELATIVE HUMIDITY (PERCENT)
 HIGHEST    88          1000 PM
 LOWEST     47           300 PM
 AVERAGE    68

..........................................................


THE GREENVILLE CLIMATE NORMALS FOR TODAY
                         NORMAL    RECORD    YEAR
 MAXIMUM TEMPERATURE (F)   92       103      1980
 MINIMUM TEMPERATURE (F)   71        59      1956


SUNRISE AND SUNSET
AUGUST 21 2014........SUNRISE   630 AM CDT   SUNSET   743 PM CDT
AUGUST 22 2014........SUNRISE   631 AM CDT   SUNSET   742 PM CDT


-  INDICATES NEGATIVE NUMBERS.
R  INDICATES RECORD WAS SET OR TIED.
MM INDICATES DATA IS MISSING.
T  INDICATES TRACE AMOUNT.




$$
