000
CDUS44 KHGX 072139
CLIGLS


CLIMATE REPORT
NATIONAL WEATHER SERVICE HOUSTON/GALVESTON TX
437 PM CDT TUE JUL 7 2015


...................................

...THE GALVESTON CLIMATE SUMMARY FOR JULY 7 2015...
VALID TODAY AS OF 400 PM LOCAL TIME.

CLIMATE NORMAL PERIOD 1981 TO 2010
CLIMATE RECORD PERIOD 1875 TO 2015


WEATHER ITEM   OBSERVED TIME   RECORD YEAR NORMAL DEPARTURE LAST
                VALUE   (LST)  VALUE       VALUE  FROM      YEAR
                                                  NORMAL
..................................................................
TEMPERATURE (F)
 TODAY
  MAXIMUM         91    232 PM  95    1935  89      2       90
                                      1877
  MINIMUM         82    537 AM  72    1934  79      3       80
                                      1928
                                      1905
  AVERAGE         87                        84      3       85

PRECIPITATION (IN)
  TODAY            0.03          1.66 1876   0.17  -0.14     0.00
  MONTH TO DATE    0.25                      1.17  -0.92     0.02
  SINCE JUN 1      3.00                      6.86  -3.86     1.55
  SINCE JAN 1     25.18                     24.16   1.02    10.24

SNOWFALL (IN)
  TODAY            0.0          MM      MM  MM     MM        0.0
  MONTH TO DATE    0.0                      MM     MM        0.0
  SINCE JUN 1      0.0                      MM     MM        0.0
  SINCE JUL 1      0.0                      MM     MM        0.0
  SNOW DEPTH       0

DEGREE DAYS
 HEATING
  TODAY            0                         0      0        0
  MONTH TO DATE    0                         0      0        0
  SINCE JUN 1      0                         0      0        0
  SINCE JUL 1      0                         0      0        0

 COOLING
  TODAY           22                        19      3       20
  MONTH TO DATE  142                       133      9      135
  SINCE JUN 1    693                       668     25      693
  SINCE JAN 1   1395                      1303     92     1201
..................................................................


WIND (MPH)
  RESULTANT WIND SPEED  14   RESULTANT WIND DIRECTION   S (180)
  HIGHEST WIND SPEED    21   HIGHEST WIND DIRECTION     S (170)
  HIGHEST GUST SPEED    24   HIGHEST GUST DIRECTION     S (180)
  AVERAGE WIND SPEED    14.4


SKY COVER
  AVERAGE SKY COVER 0.2


WEATHER CONDITIONS
 THE FOLLOWING WEATHER WAS RECORDED TODAY.
  LIGHT RAIN


RELATIVE HUMIDITY (PERCENT)
 HIGHEST    94           100 AM
 LOWEST     70          1200 PM
 AVERAGE    82

..........................................................


THE GALVESTON CLIMATE NORMALS FOR TOMORROW
                         NORMAL    RECORD    YEAR
 MAXIMUM TEMPERATURE (F)   89       100      1939
 MINIMUM TEMPERATURE (F)   79        69      1916


SUNRISE AND SUNSET
JULY  7 2015..........SUNRISE   626 AM CDT   SUNSET   822 PM CDT
JULY  8 2015..........SUNRISE   627 AM CDT   SUNSET   822 PM CDT


-  INDICATES NEGATIVE NUMBERS.
R  INDICATES RECORD WAS SET OR TIED.
MM INDICATES DATA IS MISSING.
T  INDICATES TRACE AMOUNT.

$$
