000
CDUS44 KHGX 270717
CLIGLS


CLIMATE REPORT
NATIONAL WEATHER SERVICE HOUSTON/GALVESTON TX
217 AM CDT FRI MAR 27 2015


...................................

...THE GALVESTON CLIMATE SUMMARY FOR MARCH 26 2015...

CLIMATE NORMAL PERIOD 1981 TO 2010
CLIMATE RECORD PERIOD 1875 TO 2015


WEATHER ITEM   OBSERVED TIME   RECORD YEAR NORMAL DEPARTURE LAST
                VALUE   (LST)  VALUE       VALUE  FROM      YEAR
                                                  NORMAL
..................................................................
TEMPERATURE (F)
 YESTERDAY
  MAXIMUM         71    803 AM  80    2012  72     -1       65
  MINIMUM         61   1159 PM  34    1955  59      2       58
  AVERAGE         66                        66      0       62

PRECIPITATION (IN)
  YESTERDAY        0.01          2.85 1914   0.09  -0.08     0.08
  MONTH TO DATE    7.69                      2.72   4.97     1.78
  SINCE MAR 1      7.69                      2.72   4.97     1.78
  SINCE JAN 1     13.83                      9.49   4.34     4.83

SNOWFALL (IN)
  YESTERDAY        0.0          MM      MM  MM     MM        0.0
  MONTH TO DATE    0.0                      MM     MM        0.0
  SINCE MAR 1      0.0                      MM     MM        0.0
  SINCE JUL 1      0.0                      MM     MM         T
  SNOW DEPTH       0

DEGREE DAYS
 HEATING
  YESTERDAY        0                         2     -2        3
  MONTH TO DATE  120                        94     26      166
  SINCE MAR 1    120                        94     26      166
  SINCE JUL 1   1182                       982    200     1405

 COOLING
  YESTERDAY        1                         3     -2        0
  MONTH TO DATE   29                        38     -9        9
  SINCE MAR 1     29                        38     -9        9
  SINCE JAN 1     35                        55    -20       16
..................................................................


WIND (MPH)
  RESULTANT WIND SPEED  11   RESULTANT WIND DIRECTION   N (340)
  HIGHEST WIND SPEED    30   HIGHEST WIND DIRECTION     N (340)
  HIGHEST GUST SPEED    36   HIGHEST GUST DIRECTION     N (360)
  AVERAGE WIND SPEED    15.3


SKY COVER
  AVERAGE SKY COVER 0.6


WEATHER CONDITIONS
 THE FOLLOWING WEATHER WAS RECORDED YESTERDAY.
  THUNDERSTORM
  LIGHT RAIN


RELATIVE HUMIDITY (PERCENT)
 HIGHEST   100
 LOWEST     63
 AVERAGE    82

..........................................................


THE GALVESTON CLIMATE NORMALS FOR TODAY
                         NORMAL    RECORD    YEAR
 MAXIMUM TEMPERATURE (F)   72        79      2007
                                             1907
                                             1887
 MINIMUM TEMPERATURE (F)   59        33      1955


SUNRISE AND SUNSET
MARCH 27 2015.........SUNRISE   715 AM CDT   SUNSET   735 PM CDT
MARCH 28 2015.........SUNRISE   714 AM CDT   SUNSET   735 PM CDT


-  INDICATES NEGATIVE NUMBERS.
R  INDICATES RECORD WAS SET OR TIED.
MM INDICATES DATA IS MISSING.
T  INDICATES TRACE AMOUNT.




$$
