000
CDUS44 KHGX 260735
CLIGLS


CLIMATE REPORT
NATIONAL WEATHER SERVICE HOUSTON/GALVESTON TX
224 AM CDT THU MAY 26 2016


...................................

...THE GALVESTON CLIMATE SUMMARY FOR MAY 25 2016...

CLIMATE NORMAL PERIOD 1981 TO 2010
CLIMATE RECORD PERIOD 1875 TO 2016


WEATHER ITEM   OBSERVED TIME   RECORD YEAR NORMAL DEPARTURE LAST
                VALUE   (LST)  VALUE       VALUE  FROM      YEAR
                                                  NORMAL
..................................................................
TEMPERATURE (F)
 YESTERDAY
  MAXIMUM         85    320 PM  89    1958  85      0       85
                                      1875
  MINIMUM         78    826 PM  64    1951  74      4       70
  AVERAGE         82                        80      2       78

PRECIPITATION (IN)
  YESTERDAY        0.00          1.85 1871   0.19  -0.19     0.00
  MONTH TO DATE    5.97                      3.02   2.95     2.26
  SINCE MAR 1     14.88                      9.23   5.65    15.25
  SINCE JAN 1     18.84                     16.00   2.84    21.39

SNOWFALL (IN)
  YESTERDAY        0.0          MM      MM  MM     MM        0.0
  MONTH TO DATE    0.0                      MM     MM        0.0
  SINCE MAR 1      0.0                      MM     MM        0.0
  SINCE JUL 1      0.0                       0.0    0.0      0.0
  SNOW DEPTH       0

DEGREE DAYS
 HEATING
  YESTERDAY        0                         0      0        0
  MONTH TO DATE    0                         0      0        0
  SINCE MAR 1     41                       121    -80      120
  SINCE JUL 1    745                      1009   -264     1182

 COOLING
  YESTERDAY       17                        15      2       13
  MONTH TO DATE  278                       301    -23      340
  SINCE MAR 1    570                       527     43      617
  SINCE JAN 1    582                       544     38      623
..................................................................


WIND (MPH)
  RESULTANT WIND SPEED  13   RESULTANT WIND DIRECTION  SE (150)
  HIGHEST WIND SPEED    21   HIGHEST WIND DIRECTION     S (160)
  HIGHEST GUST SPEED    27   HIGHEST GUST DIRECTION    SE (150)
  AVERAGE WIND SPEED    13.6


SKY COVER
  AVERAGE SKY COVER 0.7


WEATHER CONDITIONS
 THE FOLLOWING WEATHER WAS RECORDED YESTERDAY.
  NO SIGNIFICANT WEATHER WAS OBSERVED.


RELATIVE HUMIDITY (PERCENT)
 HIGHEST   100
 LOWEST     82
 AVERAGE    91

..........................................................


THE GALVESTON CLIMATE NORMALS FOR TODAY
                         NORMAL    RECORD    YEAR
 MAXIMUM TEMPERATURE (F)   85        93      2011
 MINIMUM TEMPERATURE (F)   75        62      1901


SUNRISE AND SUNSET
MAY 26 2016...........SUNRISE   622 AM CDT   SUNSET   811 PM CDT
MAY 27 2016...........SUNRISE   622 AM CDT   SUNSET   812 PM CDT


-  INDICATES NEGATIVE NUMBERS.
R  INDICATES RECORD WAS SET OR TIED.
MM INDICATES DATA IS MISSING.
T  INDICATES TRACE AMOUNT.




$$
