000
CDUS44 KHGX 242121
CLIGLS


CLIMATE REPORT
NATIONAL WEATHER SERVICE HOUSTON/GALVESTON TX
421 PM CDT SUN MAY 24 2015


...................................

...THE GALVESTON CLIMATE SUMMARY FOR MAY 24 2015...
VALID TODAY AS OF 400 PM LOCAL TIME.

CLIMATE NORMAL PERIOD 1981 TO 2010
CLIMATE RECORD PERIOD 1875 TO 2015


WEATHER ITEM   OBSERVED TIME   RECORD YEAR NORMAL DEPARTURE LAST
                VALUE   (LST)  VALUE       VALUE  FROM      YEAR
                                                  NORMAL
..................................................................
TEMPERATURE (F)
 TODAY
  MAXIMUM         80    602 AM  91    1988  85     -5       83
                                      1877
  MINIMUM         69    625 AM  62    1940  74     -5       74
                                      1919
                                      1910
  AVERAGE         75                        80     -5       79

PRECIPITATION (IN)
  TODAY            0.85          2.74 1919   0.17   0.68     0.00
  MONTH TO DATE    2.26                      2.83  -0.57     0.40
  SINCE MAR 1     15.25                      9.04   6.21     2.32
  SINCE JAN 1     21.39                     15.81   5.58     5.37

SNOWFALL (IN)
  TODAY            0.0          MM      MM  MM     MM        0.0
  MONTH TO DATE    0.0                      MM     MM        0.0
  SINCE MAR 1      0.0                      MM     MM        0.0
  SINCE JUL 1      0.0                      MM     MM         T
  SNOW DEPTH       0

DEGREE DAYS
 HEATING
  TODAY            0                         0      0        0
  MONTH TO DATE    0                         0      0        0
  SINCE MAR 1    120                       121     -1      186
  SINCE JUL 1   1182                      1009    173     1425

 COOLING
  TODAY           10                        15     -5       14
  MONTH TO DATE  327                       286     41      229
  SINCE MAR 1    604                       512     92      410
  SINCE JAN 1    610                       529     81      417
..................................................................


WIND (MPH)
  RESULTANT WIND SPEED  18   RESULTANT WIND DIRECTION   S (160)
  HIGHEST WIND SPEED    32   HIGHEST WIND DIRECTION    SW (230)
  HIGHEST GUST SPEED    42   HIGHEST GUST DIRECTION    SW (220)
  AVERAGE WIND SPEED    18.7


SKY COVER
  AVERAGE SKY COVER 0.5


WEATHER CONDITIONS
 THE FOLLOWING WEATHER WAS RECORDED TODAY.
  THUNDERSTORM
  HEAVY RAIN
  RAIN
  LIGHT RAIN
  FOG


RELATIVE HUMIDITY (PERCENT)
 HIGHEST    87           900 AM
 LOWEST     79           200 PM
 AVERAGE    83

..........................................................


THE GALVESTON CLIMATE NORMALS FOR TOMORROW
                         NORMAL    RECORD    YEAR
 MAXIMUM TEMPERATURE (F)   85        89      1958
                                             1875
 MINIMUM TEMPERATURE (F)   74        64      1951


SUNRISE AND SUNSET
MAY 24 2015...........SUNRISE   623 AM CDT   SUNSET   810 PM CDT
MAY 25 2015...........SUNRISE   623 AM CDT   SUNSET   810 PM CDT


-  INDICATES NEGATIVE NUMBERS.
R  INDICATES RECORD WAS SET OR TIED.
MM INDICATES DATA IS MISSING.
T  INDICATES TRACE AMOUNT.




$$
