000
CDUS44 KHGX 240721
CLIGLS


CLIMATE REPORT
NATIONAL WEATHER SERVICE HOUSTON/GALVESTON TX
120 AM CST FRI FEB 24 2017


...................................

...THE GALVESTON CLIMATE SUMMARY FOR FEBRUARY 23 2017...

CLIMATE NORMAL PERIOD 1981 TO 2010
CLIMATE RECORD PERIOD 1875 TO 2017


WEATHER ITEM   OBSERVED TIME   RECORD YEAR NORMAL DEPARTURE LAST
                VALUE   (LST)  VALUE       VALUE  FROM      YEAR
                                                  NORMAL
..................................................................
TEMPERATURE (F)
 YESTERDAY
  MAXIMUM         75    100 PM  77    2014  66      9       75
  MINIMUM         63    623 AM  33    1968  52     11       50
  AVERAGE         69                        59     10       63

PRECIPITATION (IN)
  YESTERDAY        0.00          2.39 1985   0.11  -0.11     0.80
  MONTH TO DATE    3.38                      2.09   1.29     0.89
  SINCE DEC 1     15.35                      9.81   5.54     7.45
  SINCE JAN 1      4.27                      6.29  -2.02     3.96

SNOWFALL (IN)
  YESTERDAY        0.0          MM      MM  MM     MM        0.0
  MONTH TO DATE    0.0                      MM     MM        0.0
  SINCE DEC 1      0.0                       0.0    0.0      0.0
  SINCE JUL 1      0.0                       0.0    0.0      0.0
  SNOW DEPTH       0

DEGREE DAYS
 HEATING
  YESTERDAY        0                         7     -7        2
  MONTH TO DATE   27                       188   -161      122
  SINCE DEC 1    295                       754   -459      612
  SINCE JUL 1    307                       857   -550      665

 COOLING
  YESTERDAY        4                         1      3        0
  MONTH TO DATE   86                         3     83        9
  SINCE DEC 1    233                        27    206       60
  SINCE JAN 1    155                         8    147       10
..................................................................


WIND (MPH)
  RESULTANT WIND SPEED  12   RESULTANT WIND DIRECTION  SE (150)
  HIGHEST WIND SPEED    20   HIGHEST WIND DIRECTION     S (160)
  HIGHEST GUST SPEED    25   HIGHEST GUST DIRECTION     S (160)
  AVERAGE WIND SPEED    12.5


SKY COVER
  AVERAGE SKY COVER 0.0


WEATHER CONDITIONS
 THE FOLLOWING WEATHER WAS RECORDED YESTERDAY.
  NO SIGNIFICANT WEATHER WAS OBSERVED.


RELATIVE HUMIDITY (PERCENT)
 HIGHEST    93
 LOWEST     73
 AVERAGE    83

..........................................................


THE GALVESTON CLIMATE NORMALS FOR TODAY
                         NORMAL    RECORD    YEAR
 MAXIMUM TEMPERATURE (F)   66        76      1937
 MINIMUM TEMPERATURE (F)   52        27      1914


SUNRISE AND SUNSET
FEBRUARY 24 2017......SUNRISE   650 AM CST   SUNSET   616 PM CST
FEBRUARY 25 2017......SUNRISE   649 AM CST   SUNSET   617 PM CST


-  INDICATES NEGATIVE NUMBERS.
R  INDICATES RECORD WAS SET OR TIED.
MM INDICATES DATA IS MISSING.
T  INDICATES TRACE AMOUNT.




$$
