000
CDUS42 KJAX 202226
CLIGNV


CLIMATE REPORT
NATIONAL WEATHER SERVICE JACKSONVILLE FL
526 PM EST MON NOV 20 2017


...................................

...THE GAINESVILLE CLIMATE SUMMARY FOR NOVEMBER 20 2017...
VALID TODAY AS OF 0500 PM LOCAL TIME.

CLIMATE NORMAL PERIOD 1981 TO 2010
CLIMATE RECORD PERIOD 1890 TO 2017


WEATHER ITEM   OBSERVED TIME   RECORD YEAR NORMAL DEPARTURE LAST
                VALUE   (LST)  VALUE       VALUE  FROM      YEAR
                                                  NORMAL
..................................................................
TEMPERATURE (F)
 TODAY
  MAXIMUM         74    312 PM  88    1906  73      1       66
  MINIMUM         35    333 AM  24    2014  50    -15       32
  AVERAGE         55                        62     -7       49

PRECIPITATION (IN)
  TODAY            0.00          2.73 1983   0.06  -0.06     0.00
  MONTH TO DATE    0.05                      1.38  -1.33     0.02
  SINCE SEP 1     16.90                      8.68   8.22     9.64
  SINCE JAN 1     65.95                     44.25  21.70    39.36

SNOWFALL (IN)
  TODAY            0.0           0.0    MM   0.0    0.0      0.0
  MONTH TO DATE    0.0                       0.0    0.0      0.0
  SINCE SEP 1      0.0                       0.0    0.0      0.0
  SINCE JUL 1      0.0                       0.0    0.0      0.0
  SNOW DEPTH       0

DEGREE DAYS
 HEATING
  TODAY           10                         5      5       16
  MONTH TO DATE   56                        73    -17       52
  SINCE SEP 1    108                       100      8       68
  SINCE JUL 1    108                       100      8       68

 COOLING
  TODAY            0                         2     -2        0
  MONTH TO DATE   41                        53    -12       52
  SINCE SEP 1    724                       659     65      770
  SINCE JAN 1   2884                      2603    281     3013
..................................................................


WIND (MPH)
  HIGHEST WIND SPEED    18   HIGHEST WIND DIRECTION    NE (60)
  HIGHEST GUST SPEED    23   HIGHEST GUST DIRECTION     E (70)
  AVERAGE WIND SPEED     6.1


SKY COVER
  POSSIBLE SUNSHINE  MM
  AVERAGE SKY COVER 0.1


WEATHER CONDITIONS
 THE FOLLOWING WEATHER WAS RECORDED TODAY.
  NO SIGNIFICANT WEATHER WAS OBSERVED.


RELATIVE HUMIDITY (PERCENT)
 HIGHEST    92           200 AM
 LOWEST     49           200 PM
 AVERAGE    71

..........................................................


THE GAINESVILLE CLIMATE NORMALS FOR TOMORROW
                         NORMAL    RECORD    YEAR
 MAXIMUM TEMPERATURE (F)   73        86      1973
                                             1906
 MINIMUM TEMPERATURE (F)   50        22      1914


SUNRISE AND SUNSET
NOVEMBER 20 2017......SUNRISE   658 AM EST   SUNSET   531 PM EST
NOVEMBER 21 2017......SUNRISE   659 AM EST   SUNSET   531 PM EST


-  INDICATES NEGATIVE NUMBERS.
R  INDICATES RECORD WAS SET OR TIED.
MM INDICATES DATA IS MISSING.
T  INDICATES TRACE AMOUNT.




$$
