000
CDUS42 KJAX 292239
CLIGNV


CLIMATE REPORT
NATIONAL WEATHER SERVICE JACKSONVILLE FL
539 PM EST THU JAN 29 2015


...................................

...THE GAINESVILLE CLIMATE SUMMARY FOR JANUARY 29 2015...
VALID TODAY AS OF 0500 PM LOCAL TIME.

CLIMATE NORMAL PERIOD 1981 TO 2010
CLIMATE RECORD PERIOD 1890 TO 2015


WEATHER ITEM   OBSERVED TIME   RECORD YEAR NORMAL DEPARTURE LAST
                VALUE   (LST)  VALUE       VALUE  FROM      YEAR
                                                  NORMAL
..................................................................
TEMPERATURE (F)
 TODAY
  MAXIMUM         67    431 PM  85    1950  67      0       44
  MINIMUM         30    601 AM  21    1940  43    -13       35
  AVERAGE         49                        55     -6       40

PRECIPITATION (IN)
  TODAY            0.00          2.18 1994   0.12  -0.12     0.37
  MONTH TO DATE    3.24                      3.09   0.15     5.08
  SINCE DEC 1      6.62                      5.57   1.05     8.87
  SINCE JAN 1      3.24                      3.09   0.15     5.08

SNOWFALL (IN)
  TODAY            0.0           0.0    MM   0.0    0.0      0.0
  MONTH TO DATE    0.0                       0.0    0.0      0.0
  SINCE DEC 1      0.0                       0.0    0.0      0.0
  SINCE JUL 1      0.0                       0.0    0.0      0.0
  SNOW DEPTH       0

DEGREE DAYS
 HEATING
  TODAY           16                        10      6       25
  MONTH TO DATE  310                       325    -15      411
  SINCE DEC 1    524                       621    -97      583
  SINCE JUL 1    789                       782      7      676

 COOLING
  TODAY            0                         0      0        0
  MONTH TO DATE   14                         0     14       10
  SINCE DEC 1     50                        22     28       65
  SINCE JAN 1     14                         0     14       10
..................................................................


WIND (MPH)
  HIGHEST WIND SPEED    12   HIGHEST WIND DIRECTION     S (160)
  HIGHEST GUST SPEED    16   HIGHEST GUST DIRECTION    SE (120)
  AVERAGE WIND SPEED     2.7


SKY COVER
  POSSIBLE SUNSHINE  MM
  AVERAGE SKY COVER 0.0


WEATHER CONDITIONS
 THE FOLLOWING WEATHER WAS RECORDED TODAY.
  NO SIGNIFICANT WEATHER WAS OBSERVED.


RELATIVE HUMIDITY (PERCENT)
 HIGHEST   100           100 AM
 LOWEST     37           300 PM
 AVERAGE    69

..........................................................


THE GAINESVILLE CLIMATE NORMALS FOR TOMORROW
                         NORMAL    RECORD    YEAR
 MAXIMUM TEMPERATURE (F)   67        89      1902
 MINIMUM TEMPERATURE (F)   43        20      1966


SUNRISE AND SUNSET
JANUARY 29 2015.......SUNRISE   721 AM EST   SUNSET   604 PM EST
JANUARY 30 2015.......SUNRISE   720 AM EST   SUNSET   605 PM EST


-  INDICATES NEGATIVE NUMBERS.
R  INDICATES RECORD WAS SET OR TIED.
MM INDICATES DATA IS MISSING.
T  INDICATES TRACE AMOUNT.




$$
