000
CDUS42 KJAX 250531
CLIGNV


CLIMATE REPORT
NATIONAL WEATHER SERVICE JACKSONVILLE FL
131 AM EDT SAT OCT 25 2014


...................................

...THE GAINESVILLE CLIMATE SUMMARY FOR OCTOBER 24 2014...

CLIMATE NORMAL PERIOD 1981 TO 2010
CLIMATE RECORD PERIOD 1890 TO 2014


WEATHER ITEM   OBSERVED TIME   RECORD YEAR NORMAL DEPARTURE LAST
                VALUE   (LST)  VALUE       VALUE  FROM      YEAR
                                                  NORMAL
..................................................................
TEMPERATURE (F)
 YESTERDAY
  MAXIMUM         77    248 PM  90    1949  80     -3       74
  MINIMUM         45    355 AM  33    1937  58    -13       48
  AVERAGE         61                        69     -8       61

PRECIPITATION (IN)
  YESTERDAY        0.00          7.42 1938   0.06  -0.06     0.00
  MONTH TO DATE    0.57                      2.41  -1.84     0.08
  SINCE SEP 1      7.85                      6.83   1.02     3.28
  SINCE JAN 1     44.91                     42.40   2.51    39.98

SNOWFALL (IN)
  YESTERDAY        0.0           0.0    MM   0.0    0.0      0.0
  MONTH TO DATE    0.0                       0.0    0.0      0.0
  SINCE SEP 1      0.0                       0.0    0.0      0.0
  SINCE JUL 1      0.0                       0.0    0.0      0.0
  SNOW DEPTH       0

DEGREE DAYS
 HEATING
  YESTERDAY        4                         1      3        4
  MONTH TO DATE   12                        12      0        4
  SINCE SEP 1     12                        12      0        4
  SINCE JUL 1     12                        12      0        4

 COOLING
  YESTERDAY        0                         5     -5        0
  MONTH TO DATE  159                       181    -22      222
  SINCE SEP 1    566                       577    -11      661
  SINCE JAN 1   2512                      2521     -9     2723
..................................................................


WIND (MPH)
  HIGHEST WIND SPEED    12   HIGHEST WIND DIRECTION    NE (40)
  HIGHEST GUST SPEED    13   HIGHEST GUST DIRECTION    NE (50)
  AVERAGE WIND SPEED     2.6


SKY COVER
  POSSIBLE SUNSHINE  MM
  AVERAGE SKY COVER 0.0


WEATHER CONDITIONS
 THE FOLLOWING WEATHER WAS RECORDED YESTERDAY.
  NO SIGNIFICANT WEATHER WAS OBSERVED.


RELATIVE HUMIDITY (PERCENT)
 HIGHEST   100           100 AM
 LOWEST     41           300 PM
 AVERAGE    71

..........................................................


THE GAINESVILLE CLIMATE NORMALS FOR TODAY
                         NORMAL    RECORD    YEAR
 MAXIMUM TEMPERATURE (F)   79        91      1911
 MINIMUM TEMPERATURE (F)   57        33      1917


SUNRISE AND SUNSET
OCTOBER 25 2014.......SUNRISE   737 AM EDT   SUNSET   648 PM EDT
OCTOBER 26 2014.......SUNRISE   738 AM EDT   SUNSET   648 PM EDT


-  INDICATES NEGATIVE NUMBERS.
R  INDICATES RECORD WAS SET OR TIED.
MM INDICATES DATA IS MISSING.
T  INDICATES TRACE AMOUNT.




$$
