000
CDUS42 KJAX 230527
CLIGNV


CLIMATE REPORT
NATIONAL WEATHER SERVICE JACKSONVILLE FL
127 AM EDT FRI JUN 23 2017


...................................

...THE GAINESVILLE CLIMATE SUMMARY FOR JUNE 22 2017...

CLIMATE NORMAL PERIOD 1981 TO 2010
CLIMATE RECORD PERIOD 1890 TO 2017


WEATHER ITEM   OBSERVED TIME   RECORD YEAR NORMAL DEPARTURE LAST
                VALUE   (LST)  VALUE       VALUE  FROM      YEAR
                                                  NORMAL
..................................................................
TEMPERATURE (F)
 YESTERDAY
  MAXIMUM         92    519 PM 101    1895  90      2       91
  MINIMUM         72    605 AM  60    1965  70      2       64
  AVERAGE         82                        80      2       78

PRECIPITATION (IN)
  YESTERDAY        0.14          2.14 1992   0.27  -0.13     0.00
  MONTH TO DATE   14.38                      4.96   9.42     8.06
  SINCE JUN 1     14.38                      4.96   9.42     8.06
  SINCE JAN 1     24.08                     20.95   3.13    23.00

SNOWFALL (IN)
  YESTERDAY        0.0           0.0    MM   0.0    0.0      0.0
  MONTH TO DATE    0.0                       0.0    0.0      0.0
  SINCE JUN 1      0.0                       0.0    0.0      0.0
  SINCE JUL 1      0.0                       0.0    0.0      0.0
  SNOW DEPTH       0

DEGREE DAYS
 HEATING
  YESTERDAY        0                         0      0        0
  MONTH TO DATE    0                         0      0        0
  SINCE JUN 1      0                         0      0        0
  SINCE JUL 1    646                      1218   -572      852

 COOLING
  YESTERDAY       17                        15      2       13
  MONTH TO DATE  296                       314    -18      363
  SINCE JUN 1    296                       314    -18      363
  SINCE JAN 1    979                       824    155      968
..................................................................


WIND (MPH)
  HIGHEST WIND SPEED    16   HIGHEST WIND DIRECTION    SE (150)
  HIGHEST GUST SPEED    20   HIGHEST GUST DIRECTION    SE (150)
  AVERAGE WIND SPEED     4.5


SKY COVER
  POSSIBLE SUNSHINE  MM
  AVERAGE SKY COVER 0.2


WEATHER CONDITIONS
 THE FOLLOWING WEATHER WAS RECORDED YESTERDAY.
  THUNDERSTORM
  RAIN
  LIGHT RAIN
  FOG


RELATIVE HUMIDITY (PERCENT)
 HIGHEST   100           200 AM
 LOWEST     52           400 PM
 AVERAGE    76

..........................................................


THE GAINESVILLE CLIMATE NORMALS FOR TODAY
                         NORMAL    RECORD    YEAR
 MAXIMUM TEMPERATURE (F)   90       101      1998
 MINIMUM TEMPERATURE (F)   70        63      1892


SUNRISE AND SUNSET
JUNE 23 2017..........SUNRISE   630 AM EDT   SUNSET   833 PM EDT
JUNE 24 2017..........SUNRISE   630 AM EDT   SUNSET   833 PM EDT


-  INDICATES NEGATIVE NUMBERS.
R  INDICATES RECORD WAS SET OR TIED.
MM INDICATES DATA IS MISSING.
T  INDICATES TRACE AMOUNT.




$$
