704
CDUS42 KJAX 230628
CLIGNV


CLIMATE REPORT
NATIONAL WEATHER SERVICE JACKSONVILLE FL
127 AM EST TUE JAN 23 2018


...................................

...THE GAINESVILLE CLIMATE SUMMARY FOR JANUARY 22 2018...

CLIMATE NORMAL PERIOD 1981 TO 2010
CLIMATE RECORD PERIOD 1890 TO 2018


WEATHER ITEM   OBSERVED TIME   RECORD YEAR NORMAL DEPARTURE LAST
                VALUE   (LST)  VALUE       VALUE  FROM      YEAR
                                                  NORMAL
..................................................................
TEMPERATURE (F)
 YESTERDAY
  MAXIMUM         78    310 PM  84    1937  66     12       82
  MINIMUM         47    357 AM  17    1985  42      5       60
  AVERAGE         63                        54      9       71

PRECIPITATION (IN)
  YESTERDAY        0.06          3.99 1904   0.13  -0.07     0.30
  MONTH TO DATE    1.46                      2.23  -0.77     1.32
  SINCE DEC 1      4.11                      4.71  -0.60     4.01
  SINCE JAN 1      1.46                      2.23  -0.77     1.32

SNOWFALL (IN)
  YESTERDAY        0.0           0.0    MM   0.0    0.0      0.0
  MONTH TO DATE    0.0                       0.0    0.0      0.0
  SINCE DEC 1      0.0                       0.0    0.0      0.0
  SINCE JUL 1      0.0                       0.0    0.0      0.0
  SNOW DEPTH       0

DEGREE DAYS
 HEATING
  YESTERDAY        2                        11     -9        0
  MONTH TO DATE  375                       250    125       91
  SINCE DEC 1    627                       546     81      229
  SINCE JUL 1    761                       707     54      335

 COOLING
  YESTERDAY        0                         0      0        6
  MONTH TO DATE    8                         0      8       42
  SINCE DEC 1     41                        22     19      118
  SINCE JAN 1      8                         0      8       42
..................................................................


WIND (MPH)
  HIGHEST WIND SPEED    18   HIGHEST WIND DIRECTION     S (160)
  HIGHEST GUST SPEED    22   HIGHEST GUST DIRECTION    SE (150)
  AVERAGE WIND SPEED     4.6


SKY COVER
  POSSIBLE SUNSHINE  MM
  AVERAGE SKY COVER 0.4


WEATHER CONDITIONS
 THE FOLLOWING WEATHER WAS RECORDED YESTERDAY.
  LIGHT RAIN
  FOG
  FOG W/VISIBILITY <= 1/4 MILE


RELATIVE HUMIDITY (PERCENT)
 HIGHEST   100           100 AM
 LOWEST     54           300 PM
 AVERAGE    77

..........................................................


THE GAINESVILLE CLIMATE NORMALS FOR TODAY
                         NORMAL    RECORD    YEAR
 MAXIMUM TEMPERATURE (F)   67        86      1937
 MINIMUM TEMPERATURE (F)   43        23      1960


SUNRISE AND SUNSET
JANUARY 23 2018.......SUNRISE   723 AM EST   SUNSET   559 PM EST
JANUARY 24 2018.......SUNRISE   723 AM EST   SUNSET   600 PM EST


-  INDICATES NEGATIVE NUMBERS.
R  INDICATES RECORD WAS SET OR TIED.
MM INDICATES DATA IS MISSING.
T  INDICATES TRACE AMOUNT.




$$
