000
CDUS45 KMSO 270742
CLIGPI


CLIMATE REPORT
NATIONAL WEATHER SERVICE MISSOULA, MT
1241 AM MST THU NOV 27 2014


...................................

...THE KALISPELL MT CLIMATE SUMMARY FOR NOVEMBER 26 2014...

CLIMATE NORMAL PERIOD 1981 TO 2010
CLIMATE RECORD PERIOD 1894 TO 2014


WEATHER ITEM   OBSERVED TIME   RECORD YEAR NORMAL DEPARTURE LAST
                VALUE   (LST)  VALUE       VALUE  FROM      YEAR
                                                  NORMAL
..................................................................
TEMPERATURE (F)
 YESTERDAY
  MAXIMUM         33   1148 PM  62    1933  35     -2       37
  MINIMUM         30    904 AM  -5    1985  21      9       13
  AVERAGE         32                        28      4       25

PRECIPITATION (IN)
  YESTERDAY        0.38R         0.37 1905   0.05   0.33     0.00
  MONTH TO DATE    2.32                      1.23   1.09     2.40
  SINCE OCT 1      3.51                      2.24   1.27     2.73
  SINCE JAN 1     18.99                     15.23   3.76    15.76

SNOWFALL (IN)
  YESTERDAY       MM
  MONTH TO DATE    2.3
  SINCE JAN 1     40.5
  SINCE JUL 1      2.3
  SNOW DEPTH       4

DEGREE DAYS
 HEATING
  YESTERDAY       33                        37     -4       40
  MONTH TO DATE  943                       846     97      861
  SINCE SEP 1   1770                      1884   -114     1886
  SINCE JUL 1   1847                      2054   -207     1927

 COOLING
  YESTERDAY        0                         0      0        0
  MONTH TO DATE    0                         0      0        0
  SINCE SEP 1      2                         4     -2       29
  SINCE JAN 1    217                       147     70      264
..................................................................


WIND (MPH)
  HIGHEST WIND SPEED     5   HIGHEST WIND DIRECTION    NE (40)
  HIGHEST GUST SPEED     6   HIGHEST GUST DIRECTION    NE (40)
  AVERAGE WIND SPEED     0.5


SKY COVER
  POSSIBLE SUNSHINE  MM
  AVERAGE SKY COVER 1.0


WEATHER CONDITIONS
 THE FOLLOWING WEATHER WAS RECORDED YESTERDAY.
  LIGHT RAIN
  SNOW
  LIGHT SNOW
  FOG
  FOG W/VISIBILITY <= 1/4 MILE


RELATIVE HUMIDITY (PERCENT)
 HIGHEST   100           100 AM
 LOWEST     89           100 PM
 AVERAGE    95

..........................................................


THE KALISPELL MT CLIMATE NORMALS FOR TODAY
                         NORMAL    RECORD    YEAR
 MAXIMUM TEMPERATURE (F)   34        55      1949
 MINIMUM TEMPERATURE (F)   21        -9      1958


SUNRISE AND SUNSET
NOVEMBER 27 2014......SUNRISE   802 AM MST   SUNSET   447 PM MST
NOVEMBER 28 2014......SUNRISE   803 AM MST   SUNSET   447 PM MST


-  INDICATES NEGATIVE NUMBERS.
R  INDICATES RECORD WAS SET OR TIED.
MM INDICATES DATA IS MISSING.
T  INDICATES TRACE AMOUNT.




$$
