000
CDUS45 KMSO 220738
CLIGPI


CLIMATE REPORT
NATIONAL WEATHER SERVICE MISSOULA, MT
1238 AM MST MON JAN 22 2018


...................................

...THE KALISPELL MT CLIMATE SUMMARY FOR JANUARY 21 2018...

CLIMATE NORMAL PERIOD 1981 TO 2010
CLIMATE RECORD PERIOD 1894 TO 2018


WEATHER ITEM   OBSERVED TIME   RECORD YEAR NORMAL DEPARTURE LAST
                VALUE   (LST)  VALUE       VALUE  FROM      YEAR
                                                  NORMAL
..................................................................
TEMPERATURE (F)
 YESTERDAY
  MAXIMUM         36    223 PM  45    2005  32      4       29
                                      1934
  MINIMUM         24    631 AM -26    1962  17      7       11
  AVERAGE         30                        25      5       20

PRECIPITATION (IN)
  YESTERDAY        0.00          0.56 1943   0.04  -0.04     0.01
  MONTH TO DATE    0.89                      0.98  -0.09     0.83
  SINCE OCT 1      6.04                      4.98   1.06     8.06
  SINCE JAN 1      0.89                      0.98  -0.09     0.83

SNOWFALL (IN)
  YESTERDAY        0.0
  MONTH TO DATE    5.4
  SINCE JAN 1      5.4
  SINCE JUL 1     47.4
  SNOW DEPTH       6

DEGREE DAYS
 HEATING
  YESTERDAY       35                        40     -5       45
  MONTH TO DATE  700                       879   -179     1147
  SINCE DEC 1   2039                      2189   -150     2628
  SINCE JUL 1   4052                      4393   -341     4587

 COOLING
  YESTERDAY        0                         0      0        0
  MONTH TO DATE    0                         0      0        0
  SINCE DEC 1      0                         0      0        0
  SINCE JAN 1      0                         0      0        0
..................................................................


WIND (MPH)
  HIGHEST WIND SPEED    15   HIGHEST WIND DIRECTION    SE (150)
  HIGHEST GUST SPEED    18   HIGHEST GUST DIRECTION    SE (150)
  AVERAGE WIND SPEED     3.6


SKY COVER
  POSSIBLE SUNSHINE  MM
  AVERAGE SKY COVER 0.8


WEATHER CONDITIONS
 THE FOLLOWING WEATHER WAS RECORDED YESTERDAY.
  NO SIGNIFICANT WEATHER WAS OBSERVED.


RELATIVE HUMIDITY (PERCENT)
 HIGHEST   100           100 AM
 LOWEST     59           400 PM
 AVERAGE    80

..........................................................


THE KALISPELL MT CLIMATE NORMALS FOR TODAY
                         NORMAL    RECORD    YEAR
 MAXIMUM TEMPERATURE (F)   32        49      1910
 MINIMUM TEMPERATURE (F)   17       -19      1962


SUNRISE AND SUNSET
JANUARY 22 2018.......SUNRISE   817 AM MST   SUNSET   521 PM MST
JANUARY 23 2018.......SUNRISE   816 AM MST   SUNSET   522 PM MST


-  INDICATES NEGATIVE NUMBERS.
R  INDICATES RECORD WAS SET OR TIED.
MM INDICATES DATA IS MISSING.
T  INDICATES TRACE AMOUNT.




$$
