000
CDUS45 KMSO 050738
CLIGPI


CLIMATE REPORT
NATIONAL WEATHER SERVICE MISSOULA, MT
137 AM MDT SUN JUL 5 2015


...................................

...THE KALISPELL MT CLIMATE SUMMARY FOR JULY 4 2015...

CLIMATE NORMAL PERIOD 1981 TO 2010
CLIMATE RECORD PERIOD 1894 TO 2015


WEATHER ITEM   OBSERVED TIME   RECORD YEAR NORMAL DEPARTURE LAST
                VALUE   (LST)  VALUE       VALUE  FROM      YEAR
                                                  NORMAL
..................................................................
TEMPERATURE (F)
 YESTERDAY
  MAXIMUM         99R   422 PM  95    2001  78     21       85
  MINIMUM         52    508 AM  32    1962  47      5       51
  AVERAGE         76                        62     14       68

PRECIPITATION (IN)
  YESTERDAY        0.00          0.49 1993   0.06  -0.06     0.00
  MONTH TO DATE    0.00                      0.26  -0.26     0.10
  SINCE OCT 1     12.44                     13.43  -0.99    17.04
  SINCE JAN 1      6.36                      9.43  -3.07    12.59

SNOWFALL (IN)
  YESTERDAY        0.0
  MONTH TO DATE    0.0
  SINCE JAN 1     32.9
  SINCE JUL 1      0.0
  SNOW DEPTH       0

DEGREE DAYS
 HEATING
  YESTERDAY        0                         4     -4        0
  MONTH TO DATE    0                        17    -17        0
  SINCE JUN 1     81                       233   -152      253
  SINCE JUL 1      0                        17    -17        0

 COOLING
  YESTERDAY       11                         1     10        3
  MONTH TO DATE   42                         4     38       11
  SINCE JUN 1    128                        17    111       11
  SINCE JAN 1    128                        20    108       11
..................................................................


WIND (MPH)
  HIGHEST WIND SPEED    36   HIGHEST WIND DIRECTION     N (20)
  HIGHEST GUST SPEED    46   HIGHEST GUST DIRECTION     N (20)
  AVERAGE WIND SPEED     7.8


SKY COVER
  POSSIBLE SUNSHINE  MM
  AVERAGE SKY COVER 0.0


WEATHER CONDITIONS
 THE FOLLOWING WEATHER WAS RECORDED YESTERDAY.
  NO SIGNIFICANT WEATHER WAS OBSERVED.


RELATIVE HUMIDITY (PERCENT)
 HIGHEST    83           500 AM
 LOWEST     12           500 PM
 AVERAGE    48

..........................................................


THE KALISPELL MT CLIMATE NORMALS FOR TODAY
                         NORMAL    RECORD    YEAR
 MAXIMUM TEMPERATURE (F)   78        99      1896
 MINIMUM TEMPERATURE (F)   47        32      2000


SUNRISE AND SUNSET
JULY  5 2015..........SUNRISE   543 AM MDT   SUNSET   940 PM MDT
JULY  6 2015..........SUNRISE   544 AM MDT   SUNSET   940 PM MDT


-  INDICATES NEGATIVE NUMBERS.
R  INDICATES RECORD WAS SET OR TIED.
MM INDICATES DATA IS MISSING.
T  INDICATES TRACE AMOUNT.




$$
