000
CDUS45 KMSO 302230
CLIGPI


CLIMATE REPORT
NATIONAL WEATHER SERVICE MISSOULA, MT
430 PM MDT THU JUL 30 2015


...................................

...THE KALISPELL MT CLIMATE SUMMARY FOR JULY 30 2015...
VALID TODAY AS OF 0400 PM LOCAL TIME.

CLIMATE NORMAL PERIOD 1981 TO 2010
CLIMATE RECORD PERIOD 1894 TO 2015


WEATHER ITEM   OBSERVED TIME   RECORD YEAR NORMAL DEPARTURE LAST
                VALUE   (LST)  VALUE       VALUE  FROM      YEAR
                                                  NORMAL
..................................................................
TEMPERATURE (F)
 TODAY
  MAXIMUM         89    254 PM  99    1960  84      5       90
  MINIMUM         41    502 AM  35    2001  49     -8       55
  AVERAGE         65                        67     -2       73

PRECIPITATION (IN)
  TODAY            0.00          0.42 1931   0.03  -0.03     0.00
  MONTH TO DATE    0.36                      1.42  -1.06     0.39
  SINCE OCT 1     12.80                     14.59  -1.79    17.33
  SINCE JAN 1      6.72                     10.59  -3.87    12.88

SNOWFALL (IN)
  TODAY            0.0
  MONTH TO DATE    0.0
  SINCE JAN 1     32.9
  SINCE JUL 1      0.0
  SNOW DEPTH       0

DEGREE DAYS
 HEATING
  TODAY            0                         1     -1        0
  MONTH TO DATE   60                        76    -16       14
  SINCE JUN 1    141                       292   -151      267
  SINCE JUL 1     60                        76    -16       14

 COOLING
  TODAY            0                         3     -3        8
  MONTH TO DATE   74                        64     10      122
  SINCE JUN 1    160                        77     83      122
  SINCE JAN 1    160                        80     80      122
..................................................................


WIND (MPH)
  HIGHEST WIND SPEED    16   HIGHEST WIND DIRECTION     S (160)
  HIGHEST GUST SPEED    21   HIGHEST GUST DIRECTION    SE (150)
  AVERAGE WIND SPEED     5.2


SKY COVER
  POSSIBLE SUNSHINE  MM
  AVERAGE SKY COVER 0.0


WEATHER CONDITIONS
 THE FOLLOWING WEATHER WAS RECORDED TODAY.
  NO SIGNIFICANT WEATHER WAS OBSERVED.


RELATIVE HUMIDITY (PERCENT)
 HIGHEST    82           600 AM
 LOWEST     16           100 PM
 AVERAGE    49

..........................................................


THE KALISPELL MT CLIMATE NORMALS FOR TOMORROW
                         NORMAL    RECORD    YEAR
 MAXIMUM TEMPERATURE (F)   84        98      1989
 MINIMUM TEMPERATURE (F)   49        34      2008


SUNRISE AND SUNSET
JULY 30 2015..........SUNRISE   609 AM MDT   SUNSET   917 PM MDT
JULY 31 2015..........SUNRISE   611 AM MDT   SUNSET   915 PM MDT


-  INDICATES NEGATIVE NUMBERS.
R  INDICATES RECORD WAS SET OR TIED.
MM INDICATES DATA IS MISSING.
T  INDICATES TRACE AMOUNT.




$$
