000
CDUS45 KMSO 240741
CLIGPI


CLIMATE REPORT
NATIONAL WEATHER SERVICE MISSOULA, MT
141 AM MDT WED MAY 24 2017


...................................

...THE KALISPELL MT CLIMATE SUMMARY FOR MAY 23 2017...

CLIMATE NORMAL PERIOD 1981 TO 2010
CLIMATE RECORD PERIOD 1894 TO 2017


WEATHER ITEM   OBSERVED TIME   RECORD YEAR NORMAL DEPARTURE LAST
                VALUE   (LST)  VALUE       VALUE  FROM      YEAR
                                                  NORMAL
..................................................................
TEMPERATURE (F)
 YESTERDAY
  MAXIMUM         80    659 PM  87    2001  67     13       48
  MINIMUM         42    403 AM  26    1953  41      1       44
  AVERAGE         61                        54      7       46

PRECIPITATION (IN)
  YESTERDAY        0.00          1.15 1980   0.08  -0.08     0.45
  MONTH TO DATE    0.74                      1.33  -0.59     2.78
  SINCE OCT 1     16.79                      9.96   6.83    12.00
  SINCE JAN 1      9.56                      5.96   3.60     7.95

SNOWFALL (IN)
  YESTERDAY        0.0
  MONTH TO DATE    0.0
  SINCE JAN 1     54.5
  SINCE JUL 1     89.8
  SNOW DEPTH       0

DEGREE DAYS
 HEATING
  YESTERDAY        4                        11     -7       19
  MONTH TO DATE  317                       330    -13      259
  SINCE MAR 1   1881                      1889     -8     1552
  SINCE JUL 1   8081                      7741    340     6854

 COOLING
  YESTERDAY        0                         0      0        0
  MONTH TO DATE    0                         0      0        0
  SINCE MAR 1      0                         0      0        0
  SINCE JAN 1      0                         0      0        0
..................................................................


WIND (MPH)
  HIGHEST WIND SPEED    22   HIGHEST WIND DIRECTION     S (160)
  HIGHEST GUST SPEED    26   HIGHEST GUST DIRECTION    SE (150)
  AVERAGE WIND SPEED     8.0


SKY COVER
  POSSIBLE SUNSHINE  MM
  AVERAGE SKY COVER 0.0


WEATHER CONDITIONS
 THE FOLLOWING WEATHER WAS RECORDED YESTERDAY.
  NO SIGNIFICANT WEATHER WAS OBSERVED.


RELATIVE HUMIDITY (PERCENT)
 HIGHEST    93           100 AM
 LOWEST     26           700 PM
 AVERAGE    60

..........................................................


THE KALISPELL MT CLIMATE NORMALS FOR TODAY
                         NORMAL    RECORD    YEAR
 MAXIMUM TEMPERATURE (F)   67        89      2001
                                             1934
 MINIMUM TEMPERATURE (F)   41        28      2005
                                             1964


SUNRISE AND SUNSET
MAY 24 2017...........SUNRISE   547 AM MDT   SUNSET   922 PM MDT
MAY 25 2017...........SUNRISE   546 AM MDT   SUNSET   923 PM MDT


-  INDICATES NEGATIVE NUMBERS.
R  INDICATES RECORD WAS SET OR TIED.
MM INDICATES DATA IS MISSING.
T  INDICATES TRACE AMOUNT.




$$
