000
CDUS45 KMSO 290738
CLIGPI


CLIMATE REPORT
NATIONAL WEATHER SERVICE MISSOULA, MT
1237 AM MST THU JAN 29 2015


...................................

...THE KALISPELL MT CLIMATE SUMMARY FOR JANUARY 28 2015...

CLIMATE NORMAL PERIOD 1981 TO 2010
CLIMATE RECORD PERIOD 1894 TO 2015


WEATHER ITEM   OBSERVED TIME   RECORD YEAR NORMAL DEPARTURE LAST
                VALUE   (LST)  VALUE       VALUE  FROM      YEAR
                                                  NORMAL
..................................................................
TEMPERATURE (F)
 YESTERDAY
  MAXIMUM         40    255 PM  48    1952  33      7       30
  MINIMUM         10    707 AM -28    1980  18     -8        9
  AVERAGE         25                        25      0       20

PRECIPITATION (IN)
  YESTERDAY        0.00          0.41 1907   0.04  -0.04     0.00
  MONTH TO DATE    2.41                      1.23   1.18     0.85
  SINCE OCT 1      8.49                      5.23   3.26     5.30
  SINCE JAN 1      2.41                      1.23   1.18     0.85

SNOWFALL (IN)
  YESTERDAY        0.0
  MONTH TO DATE   30.4
  SINCE JAN 1     30.4
  SINCE JUL 1     56.9
  SNOW DEPTH       5

DEGREE DAYS
 HEATING
  YESTERDAY       40                        40      0       45
  MONTH TO DATE 1174                      1159     15     1061
  SINCE DEC 1   2403                      2469    -66     2423
  SINCE JUL 1   4401                      4673   -272     4500

 COOLING
  YESTERDAY        0                         0      0        0
  MONTH TO DATE    0                         0      0        0
  SINCE DEC 1      0                         0      0        0
  SINCE JAN 1      0                         0      0        0
..................................................................


WIND (MPH)
  HIGHEST WIND SPEED     8   HIGHEST WIND DIRECTION    NE (40)
  HIGHEST GUST SPEED     9   HIGHEST GUST DIRECTION    NE (30)
  AVERAGE WIND SPEED     0.7


SKY COVER
  POSSIBLE SUNSHINE  MM
  AVERAGE SKY COVER 0.5


WEATHER CONDITIONS
 THE FOLLOWING WEATHER WAS RECORDED YESTERDAY.
  FOG
  FOG W/VISIBILITY <= 1/4 MILE
  HAZE


RELATIVE HUMIDITY (PERCENT)
 HIGHEST   100           100 AM
 LOWEST     70           300 PM
 AVERAGE    85

..........................................................


THE KALISPELL MT CLIMATE NORMALS FOR TODAY
                         NORMAL    RECORD    YEAR
 MAXIMUM TEMPERATURE (F)   33        47      1971
 MINIMUM TEMPERATURE (F)   18       -28      1980


SUNRISE AND SUNSET
JANUARY 29 2015.......SUNRISE   810 AM MST   SUNSET   531 PM MST
JANUARY 30 2015.......SUNRISE   808 AM MST   SUNSET   533 PM MST


-  INDICATES NEGATIVE NUMBERS.
R  INDICATES RECORD WAS SET OR TIED.
MM INDICATES DATA IS MISSING.
T  INDICATES TRACE AMOUNT.




$$
