000
CDUS45 KMSO 190840
CLIGPI


CLIMATE REPORT
NATIONAL WEATHER SERVICE MISSOULA, MT
139 AM MST SUN FEB 19 2017


...................................

...THE KALISPELL MT CLIMATE SUMMARY FOR FEBRUARY 18 2017...

CLIMATE NORMAL PERIOD 1981 TO 2010
CLIMATE RECORD PERIOD 1894 TO 2017


WEATHER ITEM   OBSERVED TIME   RECORD YEAR NORMAL DEPARTURE LAST
                VALUE   (LST)  VALUE       VALUE  FROM      YEAR
                                                  NORMAL
..................................................................
TEMPERATURE (F)
 YESTERDAY
  MAXIMUM         39    247 PM  60    1930  37      2       45
  MINIMUM         26    549 AM -18    1993  18      8       35
  AVERAGE         33                        27      6       40

PRECIPITATION (IN)
  YESTERDAY        0.05          0.23 2016   0.04   0.01     0.23
  MONTH TO DATE    1.83                      0.61   1.22     0.81
  SINCE OCT 1     10.03                      5.94   4.09     6.34
  SINCE JAN 1      2.80                      1.94   0.86     2.29

SNOWFALL (IN)
  YESTERDAY        T
  MONTH TO DATE   24.8
  SINCE JAN 1     38.6
  SINCE JUL 1     73.9
  SNOW DEPTH      14

DEGREE DAYS
 HEATING
  YESTERDAY       32                        38     -6       25
  MONTH TO DATE  792                       696     96      581
  SINCE DEC 1   3862                      3283    579     2960
  SINCE JUL 1   5821                      5487    334     4979

 COOLING
  YESTERDAY        0                         0      0        0
  MONTH TO DATE    0                         0      0        0
  SINCE DEC 1      0                         0      0        0
  SINCE JAN 1      0                         0      0        0
..................................................................


WIND (MPH)
  HIGHEST WIND SPEED    14   HIGHEST WIND DIRECTION    NE (40)
  HIGHEST GUST SPEED    17   HIGHEST GUST DIRECTION    NE (30)
  AVERAGE WIND SPEED     4.3


SKY COVER
  POSSIBLE SUNSHINE  MM
  AVERAGE SKY COVER 0.8


WEATHER CONDITIONS
 THE FOLLOWING WEATHER WAS RECORDED YESTERDAY.
  LIGHT RAIN
  LIGHT SNOW
  FOG


RELATIVE HUMIDITY (PERCENT)
 HIGHEST    92           100 AM
 LOWEST     70          1100 AM
 AVERAGE    81

..........................................................


THE KALISPELL MT CLIMATE NORMALS FOR TODAY
                         NORMAL    RECORD    YEAR
 MAXIMUM TEMPERATURE (F)   37        53      1930
 MINIMUM TEMPERATURE (F)   18        -6      2006
                                             1960


SUNRISE AND SUNSET
FEBRUARY 19 2017......SUNRISE   736 AM MST   SUNSET   606 PM MST
FEBRUARY 20 2017......SUNRISE   735 AM MST   SUNSET   608 PM MST


-  INDICATES NEGATIVE NUMBERS.
R  INDICATES RECORD WAS SET OR TIED.
MM INDICATES DATA IS MISSING.
T  INDICATES TRACE AMOUNT.




$$
