000
CDUS45 KMSO 300741
CLIGPI


CLIMATE REPORT
NATIONAL WEATHER SERVICE MISSOULA, MT
138 AM MDT SAT JUL 30 2016


...................................

...THE KALISPELL MT CLIMATE SUMMARY FOR JULY 29 2016...

CLIMATE NORMAL PERIOD 1981 TO 2010
CLIMATE RECORD PERIOD 1894 TO 2016


WEATHER ITEM   OBSERVED TIME   RECORD YEAR NORMAL DEPARTURE LAST
                VALUE   (LST)  VALUE       VALUE  FROM      YEAR
                                                  NORMAL
..................................................................
TEMPERATURE (F)
 YESTERDAY
  MAXIMUM         91    258 PM  98    1934  84      7       86
  MINIMUM         57    549 AM  33    1959  49      8       39
  AVERAGE         74                        67      7       63

PRECIPITATION (IN)
  YESTERDAY        0.00          0.66 1957   0.03  -0.03     0.00
  MONTH TO DATE    1.51                      1.39   0.12     0.36
  SINCE OCT 1     15.19                     14.56   0.63    12.80
  SINCE JAN 1     11.14                     10.56   0.58     6.72

SNOWFALL (IN)
  YESTERDAY        0.0
  MONTH TO DATE    0.0
  SINCE JAN 1     14.6
  SINCE JUL 1      0.0
  SNOW DEPTH       0

DEGREE DAYS
 HEATING
  YESTERDAY        0                         1     -1        2
  MONTH TO DATE   79                        75      4       60
  SINCE JUN 1    258                       291    -33      141
  SINCE JUL 1     79                        75      4       60

 COOLING
  YESTERDAY        9                         3      6        0
  MONTH TO DATE   45                        61    -16       74
  SINCE JUN 1     92                        74     18      160
  SINCE JAN 1     92                        77     15      160
..................................................................


WIND (MPH)
  HIGHEST WIND SPEED    17   HIGHEST WIND DIRECTION    NE (30)
  HIGHEST GUST SPEED    23   HIGHEST GUST DIRECTION    NE (30)
  AVERAGE WIND SPEED     9.6


SKY COVER
  POSSIBLE SUNSHINE  MM
  AVERAGE SKY COVER 0.0


WEATHER CONDITIONS
 THE FOLLOWING WEATHER WAS RECORDED YESTERDAY.
  NO SIGNIFICANT WEATHER WAS OBSERVED.


RELATIVE HUMIDITY (PERCENT)
 HIGHEST    93          1200 AM
 LOWEST     24           500 PM
 AVERAGE    59

..........................................................


THE KALISPELL MT CLIMATE NORMALS FOR TODAY
                         NORMAL    RECORD    YEAR
 MAXIMUM TEMPERATURE (F)   84        99      1960
 MINIMUM TEMPERATURE (F)   49        35      2001


SUNRISE AND SUNSET
JULY 30 2016..........SUNRISE   610 AM MDT   SUNSET   916 PM MDT
JULY 31 2016..........SUNRISE   612 AM MDT   SUNSET   914 PM MDT


-  INDICATES NEGATIVE NUMBERS.
R  INDICATES RECORD WAS SET OR TIED.
MM INDICATES DATA IS MISSING.
T  INDICATES TRACE AMOUNT.




$$
