000
CDUS43 KGRB 300639
CLIGRB


CLIMATE REPORT
NATIONAL WEATHER SERVICE GREEN BAY
139 AM CDT SAT AUG 30 2014


...................................

...THE GREEN BAY WI CLIMATE SUMMARY FOR AUGUST 29 2014...

CLIMATE NORMAL PERIOD 1981 TO 2010
CLIMATE RECORD PERIOD 1886 TO 2014


WEATHER ITEM   OBSERVED TIME   RECORD YEAR NORMAL DEPARTURE LAST
                VALUE   (LST)  VALUE       VALUE  FROM      YEAR
                                                  NORMAL
..................................................................
TEMPERATURE (F)
 YESTERDAY
  MAXIMUM         84    343 PM  93    1953  76      8       86
  MINIMUM         61    359 AM  38    1965  55      6       66
  AVERAGE         73                        65      8       76

PRECIPITATION (IN)
  YESTERDAY        0.60          0.78 1975   0.10   0.50      T
  MONTH TO DATE    4.22                      3.16   1.06     3.05
  SINCE JUN 1      9.48                     10.54  -1.06    10.22
  SINCE JAN 1     20.14                     20.19  -0.05    23.99

SNOWFALL (IN)
  YESTERDAY        0.0           0.0    MM   0.0    0.0      0.0
  MONTH TO DATE    0.0                       0.0    0.0      0.0
  SINCE JUN 1      0.0                       0.0    0.0      0.0
  SINCE JUL 1      0.0                       0.0    0.0      0.0
  SNOW DEPTH       0

DEGREE DAYS
 HEATING
  YESTERDAY        0                         2     -2        0
  MONTH TO DATE   14                        35    -21       18
  SINCE JUN 1     60                       150    -90      112
  SINCE JUL 1     29                        58    -29       40

 COOLING
  YESTERDAY        8                         3      5       11
  MONTH TO DATE  111                       105      6      123
  SINCE JUN 1    316                       338    -22      426
  SINCE JAN 1    332                       356    -24      464
..................................................................


WIND (MPH)
  HIGHEST WIND SPEED    16   HIGHEST WIND DIRECTION     S (200)
  HIGHEST GUST SPEED    23   HIGHEST GUST DIRECTION     S (200)
  AVERAGE WIND SPEED     8.0


SKY COVER
  POSSIBLE SUNSHINE  MM
  AVERAGE SKY COVER 0.5


WEATHER CONDITIONS
 THE FOLLOWING WEATHER WAS RECORDED YESTERDAY.
  HEAVY RAIN
  RAIN
  LIGHT RAIN
  FOG


RELATIVE HUMIDITY (PERCENT)
 HIGHEST   100           300 AM
 LOWEST     65           300 PM
 AVERAGE    83

..........................................................


THE GREEN BAY WI CLIMATE NORMALS FOR TODAY
                         NORMAL    RECORD    YEAR
 MAXIMUM TEMPERATURE (F)   76        93      1969
                                             1937
                                             1932
 MINIMUM TEMPERATURE (F)   55        38      1915


SUNRISE AND SUNSET
AUGUST 30 2014........SUNRISE   613 AM CDT   SUNSET   733 PM CDT
AUGUST 31 2014........SUNRISE   614 AM CDT   SUNSET   731 PM CDT


-  INDICATES NEGATIVE NUMBERS.
R  INDICATES RECORD WAS SET OR TIED.
MM INDICATES DATA IS MISSING.
T  INDICATES TRACE AMOUNT.




$$
