000
CDUS43 KGRB 180653
CLIGRB

CLIMATE REPORT
NATIONAL WEATHER SERVICE GREEN BAY
149 AM CDT WED OCT 18 2017

...................................

...THE GREEN BAY WI CLIMATE SUMMARY FOR OCTOBER 17 2017...

CLIMATE NORMAL PERIOD 1981 TO 2010
CLIMATE RECORD PERIOD 1886 TO 2017


WEATHER ITEM   OBSERVED TIME   RECORD YEAR NORMAL DEPARTURE LAST
                VALUE   (LST)  VALUE       VALUE  FROM      YEAR
                                                  NORMAL
..................................................................
TEMPERATURE (F)
 YESTERDAY
  MAXIMUM         68    304 PM  83    1947  56     12       77
  MINIMUM         47    651 AM  20    1952  37     10       59
  AVERAGE         58                        47     11       68

PRECIPITATION (IN)
  YESTERDAY        0.00          1.36 1981   0.08  -0.08     0.03
  MONTH TO DATE    2.73                      1.38   1.35     1.39
  SINCE SEP 1      3.74                      4.42  -0.68     5.68
  SINCE JAN 1     29.13                     24.82   4.31    27.30

SNOWFALL (IN)
  YESTERDAY        0.0           T    2008   0.0    0.0      0.0
                                      2002
                                      1992
  MONTH TO DATE    0.0                       0.0    0.0      0.0
  SINCE SEP 1      0.0                       0.0    0.0      0.0
  SINCE JUL 1      0.0                       0.0    0.0      0.0
  SNOW DEPTH       0

DEGREE DAYS
 HEATING
  YESTERDAY        7                        18    -11        0
  MONTH TO DATE  141                       264   -123      142
  SINCE SEP 1    261                       471   -210      207
  SINCE JUL 1    302                       534   -232      220

COOLING
  YESTERDAY        0                         0      0        3
  MONTH TO DATE    6                         0      6        3
  SINCE SEP 1     98                        33     65       55
  SINCE JAN 1    475                       395     80      577
..................................................................

WIND (MPH)
  HIGHEST WIND SPEED    15   HIGHEST WIND DIRECTION    SW (210)
  HIGHEST GUST SPEED    18   HIGHEST GUST DIRECTION    SW (220)
  AVERAGE WIND SPEED     7.3

SKY COVER
  POSSIBLE SUNSHINE  MM
  AVERAGE SKY COVER 0.0

WEATHER CONDITIONS
 THE FOLLOWING WEATHER WAS RECORDED YESTERDAY.
  NO SIGNIFICANT WEATHER WAS OBSERVED.

RELATIVE HUMIDITY (PERCENT)
 HIGHEST    96           800 PM
 LOWEST     56          1100 AM
 AVERAGE    76
..........................................................

THE GREEN BAY WI CLIMATE NORMALS FOR TODAY
                         NORMAL    RECORD    YEAR
 MAXIMUM TEMPERATURE (F)   56        81      1953
 MINIMUM TEMPERATURE (F)   37        18      1948

SUNRISE AND SUNSET
OCTOBER 18 2017.......SUNRISE   712 AM CDT   SUNSET   603 PM CDT
OCTOBER 19 2017.......SUNRISE   713 AM CDT   SUNSET   601 PM CDT

-  INDICATES NEGATIVE NUMBERS.
R  INDICATES RECORD WAS SET OR TIED.
MM INDICATES DATA IS MISSING.
T  INDICATES TRACE AMOUNT.

$$
