000
CDUS43 KGRB 042120
CLIGRB


CLIMATE REPORT
NATIONAL WEATHER SERVICE GREEN BAY
420 PM CDT TUE AUG 4 2015


...................................

...THE GREEN BAY WI CLIMATE SUMMARY FOR AUGUST 4 2015...
VALID TODAY AS OF 0400 PM LOCAL TIME.

CLIMATE NORMAL PERIOD 1981 TO 2010
CLIMATE RECORD PERIOD 1886 TO 2015


WEATHER ITEM   OBSERVED TIME   RECORD YEAR NORMAL DEPARTURE LAST
                VALUE   (LST)  VALUE       VALUE  FROM      YEAR
                                                  NORMAL
..................................................................
TEMPERATURE (F)
 TODAY
  MAXIMUM         79    238 PM  95    1988  79      0       74
                                      1931
                                      1896
  MINIMUM         55    514 AM  40    1951  58     -3       61
  AVERAGE         67                        69     -2       68

PRECIPITATION (IN)
  TODAY            0.00          1.31 1896   0.11  -0.11     0.01
  MONTH TO DATE    0.64                      0.43   0.21     0.03
  SINCE JUN 1      5.68                      7.81  -2.13     5.29
  SINCE JAN 1     12.62                     17.46  -4.84    15.95

SNOWFALL (IN)
  TODAY            0.0           0.0    MM   0.0    0.0      0.0
  MONTH TO DATE    0.0                       0.0    0.0      0.0
  SINCE JUN 1      0.0                       0.0    0.0      0.0
  SINCE JUL 1      0.0                       0.0    0.0      0.0
  SNOW DEPTH       0

DEGREE DAYS
 HEATING
  TODAY            0                         1     -1        0
  MONTH TO DATE    0                         4     -4        0
  SINCE JUN 1     72                       119    -47       46
  SINCE JUL 1     19                        27     -8       15

 COOLING
  TODAY            2                         4     -2        3
  MONTH TO DATE   24                        17      7       22
  SINCE JUN 1    267                       250     17      227
  SINCE JAN 1    295                       268     27      243
..................................................................


WIND (MPH)
  HIGHEST WIND SPEED    17   HIGHEST WIND DIRECTION     W (280)
  HIGHEST GUST SPEED    23   HIGHEST GUST DIRECTION     W (270)
  AVERAGE WIND SPEED     7.4


SKY COVER
  POSSIBLE SUNSHINE  MM
  AVERAGE SKY COVER 0.3


WEATHER CONDITIONS
 THE FOLLOWING WEATHER WAS RECORDED TODAY.
  NO SIGNIFICANT WEATHER WAS OBSERVED.


RELATIVE HUMIDITY (PERCENT)
 HIGHEST    93           200 AM
 LOWEST     42           300 PM
 AVERAGE    68

..........................................................


THE GREEN BAY WI CLIMATE NORMALS FOR TOMORROW
                         NORMAL    RECORD    YEAR
 MAXIMUM TEMPERATURE (F)   79        99      1947
 MINIMUM TEMPERATURE (F)   58        41      1957


SUNRISE AND SUNSET
AUGUST  4 2015........SUNRISE   542 AM CDT   SUNSET   814 PM CDT
AUGUST  5 2015........SUNRISE   544 AM CDT   SUNSET   813 PM CDT


-  INDICATES NEGATIVE NUMBERS.
R  INDICATES RECORD WAS SET OR TIED.
MM INDICATES DATA IS MISSING.
T  INDICATES TRACE AMOUNT.




$$
