644
CDUS43 KGRB 171145
CLIGRB


CLIMATE REPORT
NATIONAL WEATHER SERVICE GREEN BAY
543 AM CST SUN DEC 17 2017


...................................

...THE GREEN BAY WI CLIMATE SUMMARY FOR DECEMBER 16 2017...

CLIMATE NORMAL PERIOD 1981 TO 2010
CLIMATE RECORD PERIOD 1886 TO 2017


WEATHER ITEM   OBSERVED TIME   RECORD YEAR NORMAL DEPARTURE LAST
                VALUE   (LST)  VALUE       VALUE  FROM      YEAR
                                                  NORMAL
..................................................................
TEMPERATURE (F)
 YESTERDAY
  MAXIMUM         28   1159 PM  54    1984  28      0       16
  MINIMUM         16   1236 AM -15    1932  14      2        7
  AVERAGE         22                        21      1       12

PRECIPITATION (IN)
  YESTERDAY        0.05          0.89 1921   0.05   0.00     0.26
  MONTH TO DATE    1.15                      0.87   0.28     0.90
  SINCE DEC 1      1.15                      0.87   0.28     0.90
  SINCE JAN 1     31.81                     28.88   2.93    31.76

SNOWFALL (IN)
  YESTERDAY        0.7           3.9  2016   0.4    0.3      3.9
  MONTH TO DATE    9.8                       6.7    3.1     13.2
  SINCE DEC 1      9.8                       6.7    3.1     13.2
  SINCE JUL 1     10.4                      10.9   -0.5     14.1
  SNOW DEPTH       7

DEGREE DAYS
 HEATING
  YESTERDAY       43                        44     -1       53
  MONTH TO DATE  621                       660    -39      652
  SINCE DEC 1    621                       660    -39      652
  SINCE JUL 1   2037                      2400   -363     1714

 COOLING
  YESTERDAY        0                         0      0        0
  MONTH TO DATE    0                         0      0        0
  SINCE DEC 1      0                         0      0        0
  SINCE JAN 1    477                       398     79      577
..................................................................


WIND (MPH)
  HIGHEST WIND SPEED    16   HIGHEST WIND DIRECTION    NE (40)
  HIGHEST GUST SPEED    19   HIGHEST GUST DIRECTION    NE (50)
  AVERAGE WIND SPEED     8.4


SKY COVER
  POSSIBLE SUNSHINE  MM
  AVERAGE SKY COVER 1.0


WEATHER CONDITIONS
 THE FOLLOWING WEATHER WAS RECORDED YESTERDAY.
  LIGHT SNOW
  FOG


RELATIVE HUMIDITY (PERCENT)
 HIGHEST    81           500 PM
 LOWEST     67           800 AM
 AVERAGE    74

..........................................................


THE GREEN BAY WI CLIMATE NORMALS FOR TODAY
                         NORMAL    RECORD    YEAR
 MAXIMUM TEMPERATURE (F)   28        49      1895
 MINIMUM TEMPERATURE (F)   14       -14      1985
                                             1950


SUNRISE AND SUNSET
DECEMBER 17 2017......SUNRISE   724 AM CST   SUNSET   414 PM CST
DECEMBER 18 2017......SUNRISE   724 AM CST   SUNSET   414 PM CST


-  INDICATES NEGATIVE NUMBERS.
R  INDICATES RECORD WAS SET OR TIED.
MM INDICATES DATA IS MISSING.
T  INDICATES TRACE AMOUNT.




$$
