000
CDUS43 KGID 290629
CLIGRI


CLIMATE REPORT
NATIONAL WEATHER SERVICE HASTINGS NE
128 AM CDT SUN MAR 29 2015


...................................

...THE GRAND ISLAND NE CLIMATE SUMMARY FOR MARCH 28 2015...

CLIMATE NORMAL PERIOD 1981 TO 2010
CLIMATE RECORD PERIOD 1895 TO 2015


WEATHER ITEM   OBSERVED TIME   RECORD YEAR NORMAL DEPARTURE LAST
                VALUE   (LST)  VALUE       VALUE  FROM      YEAR
                                                  NORMAL
..................................................................
TEMPERATURE (F)
 YESTERDAY
  MAXIMUM         62    454 PM  89    1986  56      6       49
  MINIMUM         28    536 AM   6    1926  31     -3       23
  AVERAGE         45                        44      1       36

PRECIPITATION (IN)
  YESTERDAY        0.00          1.37 1981   0.07  -0.07     0.00
  MONTH TO DATE    0.16                      1.56  -1.40     0.19
  SINCE MAR 1      0.16                      1.56  -1.40     0.19
  SINCE JAN 1      1.33                      2.77  -1.44     0.84

SNOWFALL (IN)
  YESTERDAY        0.0           9.0  1987   0.1   -0.1      0.0
  MONTH TO DATE    0.6                       4.9   -4.3      1.2
  SINCE MAR 1      0.6                       4.9   -4.3      1.2
  SINCE JUL 1     23.5                      27.0   -3.5     14.7
  SNOW DEPTH       0

DEGREE DAYS
 HEATING
  YESTERDAY       20                        21     -1       29
  MONTH TO DATE  616                       734   -118      810
  SINCE MAR 1    616                       734   -118      810
  SINCE JUL 1   5353                      5495   -142     5645

 COOLING
  YESTERDAY        0                         0      0        0
  MONTH TO DATE    0                         0      0        0
  SINCE MAR 1      0                         0      0        0
  SINCE JAN 1      0                         0      0        0
..................................................................


WIND (MPH)
  HIGHEST WIND SPEED    25   HIGHEST WIND DIRECTION     S (160)
  HIGHEST GUST SPEED    33   HIGHEST GUST DIRECTION     S (160)
  AVERAGE WIND SPEED    12.1


SKY COVER
  AVERAGE SKY COVER 0.1


WEATHER CONDITIONS
 THE FOLLOWING WEATHER WAS RECORDED YESTERDAY.
  NO SIGNIFICANT WEATHER WAS OBSERVED.


RELATIVE HUMIDITY (PERCENT)
 HIGHEST    85           400 AM
 LOWEST     34           400 PM
 AVERAGE    60

..........................................................


THE GRAND ISLAND NE CLIMATE NORMALS FOR TODAY
                         NORMAL    RECORD    YEAR
 MAXIMUM TEMPERATURE (F)   57        90      1986
 MINIMUM TEMPERATURE (F)   32        10      1987


SUNRISE AND SUNSET
MARCH 29 2015.........SUNRISE   722 AM CDT   SUNSET   755 PM CDT
MARCH 30 2015.........SUNRISE   720 AM CDT   SUNSET   756 PM CDT


-  INDICATES NEGATIVE NUMBERS.
R  INDICATES RECORD WAS SET OR TIED.
MM INDICATES DATA IS MISSING.
T  INDICATES TRACE AMOUNT.




$$
