000
CDUS43 KGID 280639
CLIGRI


CLIMATE REPORT
NATIONAL WEATHER SERVICE HASTINGS NE
138 AM CDT THU MAY 28 2015


...................................

...THE GRAND ISLAND NE CLIMATE SUMMARY FOR MAY 27 2015...

CLIMATE NORMAL PERIOD 1981 TO 2010
CLIMATE RECORD PERIOD 1895 TO 2015


WEATHER ITEM   OBSERVED TIME   RECORD YEAR NORMAL DEPARTURE LAST
                VALUE   (LST)  VALUE       VALUE  FROM      YEAR
                                                  NORMAL
..................................................................
TEMPERATURE (F)
 YESTERDAY
  MAXIMUM         83    235 PM  97    1912  76      7       90
  MINIMUM         49    517 AM  37    1918  53     -4       62
                                      1906
  AVERAGE         66                        65      1       76

PRECIPITATION (IN)
  YESTERDAY        0.00          2.70 1899   0.15  -0.15     0.00
  MONTH TO DATE    3.43                      3.81  -0.38     0.74
  SINCE MAR 1      5.73                      8.14  -2.41     3.84
  SINCE JAN 1      6.90                      9.35  -2.45     4.49

SNOWFALL (IN)
  YESTERDAY        0.0           T    1953   0.0    0.0      0.0
  MONTH TO DATE    0.0                       0.1   -0.1      0.0
  SINCE MAR 1      1.4                       7.0   -5.6      2.9
  SINCE JUL 1     24.3                      29.1   -4.8     16.4
  SNOW DEPTH       0

DEGREE DAYS
 HEATING
  YESTERDAY        0                         3     -3        0
  MONTH TO DATE  184                       162     22      171
  SINCE MAR 1   1210                      1403   -193     1421
  SINCE JUL 1   5947                      6164   -217     6256

 COOLING
  YESTERDAY        1                         3     -2       11
  MONTH TO DATE   18                        42    -24       68
  SINCE MAR 1     22                        53    -31       72
  SINCE JAN 1     22                        53    -31       72
..................................................................


WIND (MPH)
  HIGHEST WIND SPEED    16   HIGHEST WIND DIRECTION     S (160)
  HIGHEST GUST SPEED    22   HIGHEST GUST DIRECTION     S (170)
  AVERAGE WIND SPEED     7.3


SKY COVER
  AVERAGE SKY COVER 0.1


WEATHER CONDITIONS
 THE FOLLOWING WEATHER WAS RECORDED YESTERDAY.
  NO SIGNIFICANT WEATHER WAS OBSERVED.


RELATIVE HUMIDITY (PERCENT)
 HIGHEST    86           500 AM
 LOWEST     23           300 PM
 AVERAGE    55

..........................................................


THE GRAND ISLAND NE CLIMATE NORMALS FOR TODAY
                         NORMAL    RECORD    YEAR
 MAXIMUM TEMPERATURE (F)   77        98      2006
 MINIMUM TEMPERATURE (F)   54        31      1947


SUNRISE AND SUNSET
MAY 28 2015...........SUNRISE   606 AM CDT   SUNSET   856 PM CDT
MAY 29 2015...........SUNRISE   605 AM CDT   SUNSET   857 PM CDT


-  INDICATES NEGATIVE NUMBERS.
R  INDICATES RECORD WAS SET OR TIED.
MM INDICATES DATA IS MISSING.
T  INDICATES TRACE AMOUNT.




$$
