000
CDUS43 KGID 282229
CLIGRI


CLIMATE REPORT
NATIONAL WEATHER SERVICE HASTINGS NE
529 PM CDT TUE JUL 28 2015


...................................

...THE GRAND ISLAND NE CLIMATE SUMMARY FOR JULY 28 2015...
VALID TODAY AS OF 0500 PM LOCAL TIME.

CLIMATE NORMAL PERIOD 1981 TO 2010
CLIMATE RECORD PERIOD 1895 TO 2015


WEATHER ITEM   OBSERVED TIME   RECORD YEAR NORMAL DEPARTURE LAST
                VALUE   (LST)  VALUE       VALUE  FROM      YEAR
                                                  NORMAL
..................................................................
TEMPERATURE (F)
 TODAY
  MAXIMUM         85    216 PM 106    1917  87     -2       80
  MINIMUM         70   1034 AM  50    1994  65      5       56
  AVERAGE         78                        76      2       68

PRECIPITATION (IN)
  TODAY            0.02          2.97 1915   0.10  -0.08     0.00
  MONTH TO DATE    2.05                      3.07  -1.02     2.06
  SINCE JUN 1      7.72                      7.37   0.35    11.71
  SINCE JAN 1     14.88                     17.32  -2.44    16.20

SNOWFALL (IN)
  TODAY            0.0                       0.0    0.0      0.0
  MONTH TO DATE    0.0                       0.0    0.0      0.0
  SINCE JUN 1      0.0                       0.0    0.0      0.0
  SINCE JUL 1      0.0                       0.0    0.0      0.0
  SNOW DEPTH       0

DEGREE DAYS
 HEATING
  TODAY            0                         0      0        0
  MONTH TO DATE    5                         0      5        4
  SINCE JUN 1     10                        24    -14       14
  SINCE JUL 1      5                         0      5        4

 COOLING
  TODAY           13                        11      2        3
  MONTH TO DATE  320                       317      3      252
  SINCE JUN 1    529                       530     -1      502
  SINCE JAN 1    556                       595    -39      621
..................................................................


WIND (MPH)
  HIGHEST WIND SPEED    26   HIGHEST WIND DIRECTION     N (350)
  HIGHEST GUST SPEED    32   HIGHEST GUST DIRECTION     N (350)
  AVERAGE WIND SPEED    15.0


SKY COVER
  POSSIBLE SUNSHINE  MM
  AVERAGE SKY COVER 0.4


WEATHER CONDITIONS
 THE FOLLOWING WEATHER WAS RECORDED TODAY.
  THUNDERSTORM
  LIGHT RAIN


RELATIVE HUMIDITY (PERCENT)
 HIGHEST    87           700 AM
 LOWEST     40           200 PM
 AVERAGE    64

..........................................................


THE GRAND ISLAND NE CLIMATE NORMALS FOR TOMORROW
                         NORMAL    RECORD    YEAR
 MAXIMUM TEMPERATURE (F)   87       105      1947
 MINIMUM TEMPERATURE (F)   65        52      1991
                                             1971


SUNRISE AND SUNSET
JULY 28 2015..........SUNRISE   625 AM CDT   SUNSET   854 PM CDT
JULY 29 2015..........SUNRISE   626 AM CDT   SUNSET   853 PM CDT


-  INDICATES NEGATIVE NUMBERS.
R  INDICATES RECORD WAS SET OR TIED.
MM INDICATES DATA IS MISSING.
T  INDICATES TRACE AMOUNT.




$$
