000
CDUS43 KGID 230623
CLIGRI


CLIMATE REPORT
NATIONAL WEATHER SERVICE HASTINGS NE
122 AM CDT WED AUG 23 2017


...................................

...THE GRAND ISLAND NE CLIMATE SUMMARY FOR AUGUST 22 2017...

CLIMATE NORMAL PERIOD 1981 TO 2010
CLIMATE RECORD PERIOD 1895 TO 2017


WEATHER ITEM   OBSERVED TIME   RECORD YEAR NORMAL DEPARTURE LAST
                VALUE   (LST)  VALUE       VALUE  FROM      YEAR
                                                  NORMAL
..................................................................
TEMPERATURE (F)
 YESTERDAY
  MAXIMUM         77    508 PM 107    1938  85     -8       88
  MINIMUM         58    617 AM  39    1923  62     -4       64
  AVERAGE         68                        73     -5       76

PRECIPITATION (IN)
  YESTERDAY        0.00          1.92 1926   0.09  -0.09     0.00
  MONTH TO DATE    5.21                      2.31   2.90     0.44
  SINCE JUN 1     10.36                     10.01   0.35     4.59
  SINCE JAN 1     20.41                     19.96   0.45    19.27

SNOWFALL (IN)
  YESTERDAY        0.0                       0.0    0.0      0.0
  MONTH TO DATE    0.0                       0.0    0.0      0.0
  SINCE JUN 1      0.0                       0.0    0.0      0.0
  SINCE JUL 1      0.0                       0.0    0.0      0.0
  SNOW DEPTH       0

DEGREE DAYS
 HEATING
  YESTERDAY        0                         0      0        0
  MONTH TO DATE    4                         0      4        0
  SINCE JUN 1      7                        26    -19        6
  SINCE JUL 1      4                         2      2        6

 COOLING
  YESTERDAY        3                         9     -6       11
  MONTH TO DATE  114                       218   -104      212
  SINCE JUN 1    808                       780     28      918
  SINCE JAN 1    858                       845     13      952
..................................................................


WIND (MPH)
  HIGHEST WIND SPEED    13   HIGHEST WIND DIRECTION     E (80)
  HIGHEST GUST SPEED    18   HIGHEST GUST DIRECTION    NE (30)
  AVERAGE WIND SPEED     6.7


SKY COVER
  AVERAGE SKY COVER 0.0


WEATHER CONDITIONS
 THE FOLLOWING WEATHER WAS RECORDED YESTERDAY.
  NO SIGNIFICANT WEATHER WAS OBSERVED.


RELATIVE HUMIDITY (PERCENT)
 HIGHEST   100          1200 AM
 LOWEST     36           100 PM
 AVERAGE    68

..........................................................


THE GRAND ISLAND NE CLIMATE NORMALS FOR TODAY
                         NORMAL    RECORD    YEAR
 MAXIMUM TEMPERATURE (F)   85       109      1943
 MINIMUM TEMPERATURE (F)   61        45      1966


SUNRISE AND SUNSET
AUGUST 23 2017........SUNRISE   651 AM CDT   SUNSET   819 PM CDT
AUGUST 24 2017........SUNRISE   652 AM CDT   SUNSET   818 PM CDT


-  INDICATES NEGATIVE NUMBERS.
R  INDICATES RECORD WAS SET OR TIED.
MM INDICATES DATA IS MISSING.
T  INDICATES TRACE AMOUNT.




$$
