000
CDUS43 KGID 100643
CLIGRI


CLIMATE REPORT
NATIONAL WEATHER SERVICE HASTINGS NE
1241 AM CST SAT DEC 10 2016


...................................

...THE GRAND ISLAND NE CLIMATE SUMMARY FOR DECEMBER 9 2016...

CLIMATE NORMAL PERIOD 1981 TO 2010
CLIMATE RECORD PERIOD 1895 TO 2016


WEATHER ITEM   OBSERVED TIME   RECORD YEAR NORMAL DEPARTURE LAST
                VALUE   (LST)  VALUE       VALUE  FROM      YEAR
                                                  NORMAL
..................................................................
TEMPERATURE (F)
 YESTERDAY
  MAXIMUM         22    726 PM  70    1957  38    -16       66
  MINIMUM          2    450 AM -14    1919  17    -15       31
  AVERAGE         12                        28    -16       49

PRECIPITATION (IN)
  YESTERDAY        0.00          1.00 1899   0.02  -0.02     0.00
  MONTH TO DATE    0.09                      0.22  -0.13     0.01
  SINCE DEC 1      0.09                      0.22  -0.13     0.01
  SINCE JAN 1     23.51                     26.25  -2.74    24.11

SNOWFALL (IN)
  YESTERDAY        0.0           4.0  1919   0.2   -0.2      0.0
  MONTH TO DATE    0.3                       1.4   -1.1      0.1
  SINCE DEC 1      0.3                       1.4   -1.1      0.1
  SINCE JUL 1      0.7                       5.6   -4.9      5.7
  SNOW DEPTH       0

DEGREE DAYS
 HEATING
  YESTERDAY       53                        37     16       16
  MONTH TO DATE  345                       324     21      222
  SINCE DEC 1    345                       324     21      222
  SINCE JUL 1   1265                      1654   -389     1188

 COOLING
  YESTERDAY        0                         0      0        0
  MONTH TO DATE    0                         0      0        0
  SINCE DEC 1      0                         0      0        0
  SINCE JAN 1   1146                      1034    112     1048
..................................................................


WIND (MPH)
  HIGHEST WIND SPEED    16   HIGHEST WIND DIRECTION     S (170)
  HIGHEST GUST SPEED    22   HIGHEST GUST DIRECTION     S (160)
  AVERAGE WIND SPEED     7.9


SKY COVER
  AVERAGE SKY COVER 0.7


WEATHER CONDITIONS
 THE FOLLOWING WEATHER WAS RECORDED YESTERDAY.
  NO SIGNIFICANT WEATHER WAS OBSERVED.


RELATIVE HUMIDITY (PERCENT)
 HIGHEST    91           400 AM
 LOWEST     62           200 PM
 AVERAGE    77

..........................................................


THE GRAND ISLAND NE CLIMATE NORMALS FOR TODAY
                         NORMAL    RECORD    YEAR
 MAXIMUM TEMPERATURE (F)   38        66      1990
 MINIMUM TEMPERATURE (F)   17        -7      2009
                                             1937


SUNRISE AND SUNSET
DECEMBER 10 2016......SUNRISE   747 AM CST   SUNSET   505 PM CST
DECEMBER 11 2016......SUNRISE   748 AM CST   SUNSET   505 PM CST


-  INDICATES NEGATIVE NUMBERS.
R  INDICATES RECORD WAS SET OR TIED.
MM INDICATES DATA IS MISSING.
T  INDICATES TRACE AMOUNT.

$$

KELLEY
