434
CDUS43 KGID 132332
CLIGRI


CLIMATE REPORT
NATIONAL WEATHER SERVICE HASTINGS NE
531 PM CST SAT FEB 13 2016


...................................

...THE GRAND ISLAND NE CLIMATE SUMMARY FOR FEBRUARY 13 2016...
VALID TODAY AS OF 0500 PM LOCAL TIME.

CLIMATE NORMAL PERIOD 1981 TO 2010
CLIMATE RECORD PERIOD 1895 TO 2016


WEATHER ITEM   OBSERVED TIME   RECORD YEAR NORMAL DEPARTURE LAST
                VALUE   (LST)  VALUE       VALUE  FROM      YEAR
                                                  NORMAL
..................................................................
TEMPERATURE (F)
 TODAY
  MAXIMUM         21    317 PM  71    1954  39    -18       59
                                      1934
  MINIMUM         14    856 AM -25    1905  18     -4       20
  AVERAGE         18                        28    -10       40

PRECIPITATION (IN)
  TODAY            0.00          1.00 1919   0.03  -0.03     0.00
  MONTH TO DATE    1.85                      0.28   1.57     0.56
  SINCE DEC 1      4.05                      1.44   2.61     1.79
  SINCE JAN 1      2.17                      0.81   1.36     1.03

SNOWFALL (IN)
  TODAY            0.0          10.0  1919   0.3   -0.3      0.0
  MONTH TO DATE   18.6                       3.2   15.4      8.0
  SINCE DEC 1     25.6                      14.8   10.8     17.6
  SINCE JUL 1     31.2                      19.0   12.2     19.8
  6 AM SNOW DEPTH  5

DEGREE DAYS
 HEATING
  TODAY           47                        37     10       25
  MONTH TO DATE  502                       494      8      467
  SINCE DEC 1   2680                      2920   -240     2726
  SINCE JUL 1   3646                      4250   -604     4059

 COOLING
  TODAY            0                         0      0        0
  MONTH TO DATE    0                         0      0        0
  SINCE DEC 1      0                         0      0        0
  SINCE JAN 1      0                         0      0        0
..................................................................


WIND (MPH)
  HIGHEST WIND SPEED    20   HIGHEST WIND DIRECTION     S (160)
  HIGHEST GUST SPEED    23   HIGHEST GUST DIRECTION    SE (140)
  AVERAGE WIND SPEED    13.6


SKY COVER
  POSSIBLE SUNSHINE  MM
  AVERAGE SKY COVER 1.0


WEATHER CONDITIONS
 THE FOLLOWING WEATHER WAS RECORDED TODAY.
  NO SIGNIFICANT WEATHER WAS OBSERVED.


RELATIVE HUMIDITY (PERCENT)
 HIGHEST    74          1200 AM
 LOWEST     62           100 PM
 AVERAGE    68

..........................................................


THE GRAND ISLAND NE CLIMATE NORMALS FOR TOMORROW
                         NORMAL    RECORD    YEAR
 MAXIMUM TEMPERATURE (F)   39        74      1967
 MINIMUM TEMPERATURE (F)   18       -18      1936


SUNRISE AND SUNSET
FEBRUARY 13 2016......SUNRISE   731 AM CST   SUNSET   605 PM CST
FEBRUARY 14 2016......SUNRISE   729 AM CST   SUNSET   606 PM CST


-  INDICATES NEGATIVE NUMBERS.
R  INDICATES RECORD WAS SET OR TIED.
MM INDICATES DATA IS MISSING.
T  INDICATES TRACE AMOUNT.




$$
