000
CDUS43 KGID 020640
CLIGRI


CLIMATE REPORT
NATIONAL WEATHER SERVICE HASTINGS NE
136 AM CDT WED SEP 2 2015


...................................

...THE GRAND ISLAND NE CLIMATE SUMMARY FOR SEPTEMBER 1 2015...

CLIMATE NORMAL PERIOD 1981 TO 2010
CLIMATE RECORD PERIOD 1895 TO 2015


WEATHER ITEM   OBSERVED TIME   RECORD YEAR NORMAL DEPARTURE LAST
                VALUE   (LST)  VALUE       VALUE  FROM      YEAR
                                                  NORMAL
..................................................................
TEMPERATURE (F)
 YESTERDAY
  MAXIMUM         93    402 PM 106    1922  83     10       79
  MINIMUM         67    342 AM  43    1956  59      8       57
                                      1949
  AVERAGE         80                        71      9       68

PRECIPITATION (IN)
  YESTERDAY        0.00          5.62 1977   0.09  -0.09      T
  MONTH TO DATE    0.00                      0.09  -0.09      T
  SINCE SEP 1      0.00                      0.09  -0.09      T
  SINCE JAN 1     16.65                     20.86  -4.21    22.20

SNOWFALL (IN)
  YESTERDAY        0.0                       0.0    0.0      0.0
  MONTH TO DATE    0.0                       0.0    0.0      0.0
  SINCE SEP 1      0.0                       0.0    0.0      0.0
  SINCE JUL 1      0.0                       0.0    0.0      0.0
  SNOW DEPTH       0

DEGREE DAYS
 HEATING
  YESTERDAY        0                         1     -1        0
  MONTH TO DATE    0                         1     -1        0
  SINCE SEP 1      0                         1     -1        0
  SINCE JUL 1     13                        11      2        4

 COOLING
  YESTERDAY       15                         7      8        3
  MONTH TO DATE   15                         7      8        3
  SINCE SEP 1     15                         7      8        3
  SINCE JAN 1    837                       921    -84      933
..................................................................


WIND (MPH)
  HIGHEST WIND SPEED    22   HIGHEST WIND DIRECTION    SW (210)
  HIGHEST GUST SPEED    29   HIGHEST GUST DIRECTION     S (200)
  AVERAGE WIND SPEED    11.8


SKY COVER
  AVERAGE SKY COVER 0.0


WEATHER CONDITIONS
 THE FOLLOWING WEATHER WAS RECORDED YESTERDAY.
  NO SIGNIFICANT WEATHER WAS OBSERVED.


RELATIVE HUMIDITY (PERCENT)
 HIGHEST    87           100 AM
 LOWEST     38           400 PM
 AVERAGE    63

..........................................................


THE GRAND ISLAND NE CLIMATE NORMALS FOR TODAY
                         NORMAL    RECORD    YEAR
 MAXIMUM TEMPERATURE (F)   83       101      2012
                                             1929
 MINIMUM TEMPERATURE (F)   58        40      1974


SUNRISE AND SUNSET
SEPTEMBER  2 2015.....SUNRISE   701 AM CDT   SUNSET   804 PM CDT
SEPTEMBER  3 2015.....SUNRISE   702 AM CDT   SUNSET   803 PM CDT


-  INDICATES NEGATIVE NUMBERS.
R  INDICATES RECORD WAS SET OR TIED.
MM INDICATES DATA IS MISSING.
T  INDICATES TRACE AMOUNT.




$$
