000
CDUS43 KGID 270625
CLIGRI


CLIMATE REPORT
NATIONAL WEATHER SERVICE HASTINGS NE
123 AM CDT THU APR 27 2017


...................................

...THE GRAND ISLAND NE CLIMATE SUMMARY FOR APRIL 26 2017...

CLIMATE NORMAL PERIOD 1981 TO 2010
CLIMATE RECORD PERIOD 1895 TO 2017


WEATHER ITEM   OBSERVED TIME   RECORD YEAR NORMAL DEPARTURE LAST
                VALUE   (LST)  VALUE       VALUE  FROM      YEAR
                                                  NORMAL
..................................................................
TEMPERATURE (F)
 YESTERDAY
  MAXIMUM         46    512 PM  96    1989  67    -21       69
  MINIMUM         29   1105 PM  25    1904  42    -13       46
  AVERAGE         38                        54    -16       58

PRECIPITATION (IN)
  YESTERDAY        0.00          1.35 1923   0.09  -0.09     0.01
  MONTH TO DATE    0.20                      2.10  -1.90     3.39
  SINCE MAR 1      1.01                      3.90  -2.89     4.00
  SINCE JAN 1      2.33                      5.11  -2.78     6.18

SNOWFALL (IN)
  YESTERDAY        0.0           T    1997   0.1   -0.1      0.0
                                      1994
  MONTH TO DATE    0.0                       1.5   -1.5      0.0
  SINCE MAR 1      1.2                       6.9   -5.7      2.6
  SINCE JUL 1      8.9                      29.0  -20.1     33.8
  SNOW DEPTH       0

DEGREE DAYS
 HEATING
  YESTERDAY       27                        11     16        7
  MONTH TO DATE  312                       403    -91      292
  SINCE MAR 1   1009                      1199   -190      879
  SINCE JUL 1   5075                      5960   -885     4877

 COOLING
  YESTERDAY        0                         1     -1        0
  MONTH TO DATE    5                         7     -2        0
  SINCE MAR 1      5                         7     -2        0
  SINCE JAN 1      5                         7     -2        0
..................................................................


WIND (MPH)
  HIGHEST WIND SPEED    28   HIGHEST WIND DIRECTION    NW (320)
  HIGHEST GUST SPEED    34   HIGHEST GUST DIRECTION    NW (320)
  AVERAGE WIND SPEED    17.4


SKY COVER
  AVERAGE SKY COVER 0.9


WEATHER CONDITIONS
 THE FOLLOWING WEATHER WAS RECORDED YESTERDAY.
  NO SIGNIFICANT WEATHER WAS OBSERVED.


RELATIVE HUMIDITY (PERCENT)
 HIGHEST   100           300 AM
 LOWEST     58           400 PM
 AVERAGE    79

..........................................................


THE GRAND ISLAND NE CLIMATE NORMALS FOR TODAY
                         NORMAL    RECORD    YEAR
 MAXIMUM TEMPERATURE (F)   67        95      1989
 MINIMUM TEMPERATURE (F)   42        24      1950


SUNRISE AND SUNSET
APRIL 27 2017.........SUNRISE   636 AM CDT   SUNSET   826 PM CDT
APRIL 28 2017.........SUNRISE   635 AM CDT   SUNSET   827 PM CDT


-  INDICATES NEGATIVE NUMBERS.
R  INDICATES RECORD WAS SET OR TIED.
MM INDICATES DATA IS MISSING.
T  INDICATES TRACE AMOUNT.




$$
