000
CDUS43 KGID 272325
CLIGRI


CLIMATE REPORT
NATIONAL WEATHER SERVICE HASTINGS NE
525 PM CST MON FEB 27 2017


...................................

...THE GRAND ISLAND NE CLIMATE SUMMARY FOR FEBRUARY 27 2017...
VALID TODAY AS OF 0500 PM LOCAL TIME.

CLIMATE NORMAL PERIOD 1981 TO 2010
CLIMATE RECORD PERIOD 1895 TO 2017


WEATHER ITEM   OBSERVED TIME   RECORD YEAR NORMAL DEPARTURE LAST
                VALUE   (LST)  VALUE       VALUE  FROM      YEAR
                                                  NORMAL
..................................................................
TEMPERATURE (F)
 TODAY
  MAXIMUM         55    434 PM  76    2016  44     11       76
  MINIMUM         22    553 AM  -7    1962  22      0       35
  AVERAGE         39                        33      6       56

PRECIPITATION (IN)
  TODAY            0.00          1.05 1903   0.03  -0.03     0.00
  MONTH TO DATE    0.25                      0.65  -0.40     1.86
  SINCE DEC 1      2.13                      1.81   0.32     4.06
  SINCE JAN 1      1.32                      1.18   0.14     2.18

SNOWFALL (IN)
  TODAY            0.0          10.5  1903   0.2   -0.2      0.0
  MONTH TO DATE    3.5                       6.1   -2.6     18.6
  SINCE DEC 1      7.3                      17.7  -10.4     25.6
  SINCE JUL 1      7.7                      21.9  -14.2     31.2
  SNOW DEPTH       0

DEGREE DAYS
 HEATING
  TODAY           26                        32     -6        9
  MONTH TO DATE  726                       974   -248      812
  SINCE DEC 1   3118                      3400   -282     2990
  SINCE JUL 1   4038                      4730   -692     3956

 COOLING
  TODAY            0                         0      0        0
  MONTH TO DATE    0                         0      0        0
  SINCE DEC 1      0                         0      0        0
  SINCE JAN 1      0                         0      0        0
..................................................................


WIND (MPH)
  HIGHEST WIND SPEED    22   HIGHEST WIND DIRECTION    SE (150)
  HIGHEST GUST SPEED    30   HIGHEST GUST DIRECTION    SE (130)
  AVERAGE WIND SPEED    10.8


SKY COVER
  POSSIBLE SUNSHINE  MM
  AVERAGE SKY COVER 0.1


WEATHER CONDITIONS
 THE FOLLOWING WEATHER WAS RECORDED TODAY.
  NO SIGNIFICANT WEATHER WAS OBSERVED.


RELATIVE HUMIDITY (PERCENT)
 HIGHEST    84           600 AM
 LOWEST     42          1200 PM
 AVERAGE    63

..........................................................


THE GRAND ISLAND NE CLIMATE NORMALS FOR TOMORROW
                         NORMAL    RECORD    YEAR
 MAXIMUM TEMPERATURE (F)   44        79      2006
 MINIMUM TEMPERATURE (F)   23       -17      1962


SUNRISE AND SUNSET
FEBRUARY 27 2017......SUNRISE   710 AM CST   SUNSET   622 PM CST
FEBRUARY 28 2017......SUNRISE   708 AM CST   SUNSET   624 PM CST


-  INDICATES NEGATIVE NUMBERS.
R  INDICATES RECORD WAS SET OR TIED.
MM INDICATES DATA IS MISSING.
T  INDICATES TRACE AMOUNT.




$$
