000
CDUS43 KGID 030625
CLIGRI


CLIMATE REPORT
NATIONAL WEATHER SERVICE HASTINGS NE
124 AM CDT FRI JUL 3 2015


...................................

...THE GRAND ISLAND NE CLIMATE SUMMARY FOR JULY 2 2015...

CLIMATE NORMAL PERIOD 1981 TO 2010
CLIMATE RECORD PERIOD 1895 TO 2015


WEATHER ITEM   OBSERVED TIME   RECORD YEAR NORMAL DEPARTURE LAST
                VALUE   (LST)  VALUE       VALUE  FROM      YEAR
                                                  NORMAL
..................................................................
TEMPERATURE (F)
 YESTERDAY
  MAXIMUM         86    200 PM 106    1990  88     -2       75
  MINIMUM         66   1159 PM  48    1924  64      2       52
  AVERAGE         76                        76      0       64

PRECIPITATION (IN)
  YESTERDAY        0.47          1.54 1906   0.12   0.35     0.00
  MONTH TO DATE    0.47                      0.24   0.23     0.00
  SINCE JUN 1      6.14                      4.54   1.60     9.65
  SINCE JAN 1     13.30                     14.49  -1.19    14.14

SNOWFALL (IN)
  YESTERDAY        0.0                       0.0    0.0      0.0
  MONTH TO DATE    0.0                       0.0    0.0      0.0
  SINCE JUN 1      0.0                       0.0    0.0      0.0
  SINCE JUL 1      0.0                       0.0    0.0      0.0
  SNOW DEPTH       0

DEGREE DAYS
 HEATING
  YESTERDAY        0                         0      0        1
  MONTH TO DATE    0                         0      0        1
  SINCE JUN 1      5                        24    -19       11
  SINCE JUL 1      0                         0      0        1

 COOLING
  YESTERDAY       11                        11      0        0
  MONTH TO DATE   22                        22      0        5
  SINCE JUN 1    231                       235     -4      255
  SINCE JAN 1    258                       300    -42      374
..................................................................


WIND (MPH)
  HIGHEST WIND SPEED    36   HIGHEST WIND DIRECTION     N (350)
  HIGHEST GUST SPEED    42   HIGHEST GUST DIRECTION     N (350)
  AVERAGE WIND SPEED     7.9


SKY COVER
  AVERAGE SKY COVER 0.6


WEATHER CONDITIONS
 THE FOLLOWING WEATHER WAS RECORDED YESTERDAY.
  THUNDERSTORM
  HEAVY RAIN
  RAIN
  LIGHT RAIN
  FOG


RELATIVE HUMIDITY (PERCENT)
 HIGHEST    97           700 AM
 LOWEST     42           200 PM
 AVERAGE    70

..........................................................


THE GRAND ISLAND NE CLIMATE NORMALS FOR TODAY
                         NORMAL    RECORD    YEAR
 MAXIMUM TEMPERATURE (F)   88       110      1936
 MINIMUM TEMPERATURE (F)   64        48      1992
                                             1922


SUNRISE AND SUNSET
JULY  3 2015..........SUNRISE   606 AM CDT   SUNSET   909 PM CDT
JULY  4 2015..........SUNRISE   606 AM CDT   SUNSET   909 PM CDT


-  INDICATES NEGATIVE NUMBERS.
R  INDICATES RECORD WAS SET OR TIED.
MM INDICATES DATA IS MISSING.
T  INDICATES TRACE AMOUNT.




$$
