000
CDUS43 KGRR 302123
CLIGRR


CLIMATE REPORT
NATIONAL WEATHER SERVICE GRAND RAPIDS, MI
523 PM EDT MON MAY 30 2016


...................................

...THE GRAND RAPIDS MI CLIMATE SUMMARY FOR MAY 30 2016...
VALID TODAY AS OF 0500 PM LOCAL TIME.

CLIMATE NORMAL PERIOD 1981 TO 2010
CLIMATE RECORD PERIOD 1892 TO 2016


WEATHER ITEM   OBSERVED TIME   RECORD YEAR NORMAL DEPARTURE LAST
                VALUE   (LST)  VALUE       VALUE  FROM      YEAR
                                                  NORMAL
..................................................................
TEMPERATURE (F)
 TODAY
  MAXIMUM         83    350 PM  92    1919  74      9       70
  MINIMUM         59    535 AM  34    1996  53      6       49
                                      1965
  AVERAGE         71                        63      8       60

PRECIPITATION (IN)
  TODAY            0.00          1.91 1989   0.12  -0.12     0.51
  MONTH TO DATE    3.22                      3.85  -0.63     3.41
  SINCE MAR 1     12.08                      9.57   2.51     8.53
  SINCE JAN 1     17.01                     13.45   3.56    11.57

SNOWFALL (IN)
  TODAY            0.0           0.0  2007   0.0    0.0      0.0
  MONTH TO DATE    T                         0.0    0.0      0.0
  SINCE MAR 1     19.5                      10.1    9.4      3.3
  SINCE JUL 1     61.1                      74.9  -13.8     78.1
  SNOW DEPTH       0

DEGREE DAYS
 HEATING
  TODAY            0                         4     -4        5
  MONTH TO DATE  206                       231    -25      158
  SINCE MAR 1   1519                      1659   -140     1673
  SINCE JUL 1   5596                      6436   -840     6975

 COOLING
  TODAY            6                         2      4        0
  MONTH TO DATE   65                        35     30       52
  SINCE MAR 1     65                        43     22       52
  SINCE JAN 1     65                        43     22       52
..................................................................


WIND (MPH)
  RESULTANT WIND SPEED   6   RESULTANT WIND DIRECTION   W (270)
  HIGHEST WIND SPEED    18   HIGHEST WIND DIRECTION     W (280)
  HIGHEST GUST SPEED    25   HIGHEST GUST DIRECTION     W (290)
  AVERAGE WIND SPEED     6.8


SKY COVER
  AVERAGE SKY COVER 0.2


WEATHER CONDITIONS
 THE FOLLOWING WEATHER WAS RECORDED TODAY.
  NO SIGNIFICANT WEATHER WAS OBSERVED.


RELATIVE HUMIDITY (PERCENT)
 HIGHEST    84           500 AM
 LOWEST     37           300 PM
 AVERAGE    61

..........................................................


THE GRAND RAPIDS MI CLIMATE NORMALS FOR TOMORROW
                         NORMAL    RECORD    YEAR
 MAXIMUM TEMPERATURE (F)   74        95      1934
 MINIMUM TEMPERATURE (F)   53        36      1966


SUNRISE AND SUNSET
MAY 30 2016...........SUNRISE   607 AM EDT   SUNSET   913 PM EDT
MAY 31 2016...........SUNRISE   606 AM EDT   SUNSET   914 PM EDT


-  INDICATES NEGATIVE NUMBERS.
R  INDICATES RECORD WAS SET OR TIED.
MM INDICATES DATA IS MISSING.
T  INDICATES TRACE AMOUNT.




$$
