000
CDUS42 KRAH 170553
CLIGSO


CLIMATE REPORT
NATIONAL WEATHER SERVICE RALEIGH NC
151 AM EDT WED SEP 17 2014


...................................

...THE PIEDMONT TRIAD INTL AIRPORT NC CLIMATE SUMMARY FOR SEPTEMBER 16 2014...

CLIMATE NORMAL PERIOD 1981 TO 2010
CLIMATE RECORD PERIOD 1903 TO 2014


WEATHER ITEM   OBSERVED TIME   RECORD YEAR NORMAL DEPARTURE LAST
                VALUE   (LST)  VALUE       VALUE  FROM      YEAR
                                                  NORMAL
..................................................................
TEMPERATURE (F)
 YESTERDAY
  MAXIMUM         83    136 PM  95    1921  80      3       84
  MINIMUM         67    137 AM  45    1985  61      6       64
  AVERAGE         75                        70      5       74

PRECIPITATION (IN)
  YESTERDAY        0.43          3.61 1962   0.15   0.28     0.00
  MONTH TO DATE    2.54                      2.41   0.13     1.42
  SINCE SEP 1      2.54                      2.41   0.13     1.42
  SINCE JAN 1     28.42                     31.20  -2.78    39.81

DEGREE DAYS
 HEATING
  YESTERDAY        0                         1     -1        0
  MONTH TO DATE    0                         4     -4        0
  SINCE SEP 1      0                         4     -4        0
  SINCE JUL 1      0                         5     -5        2

 COOLING
  YESTERDAY       10                         6      4        9
  MONTH TO DATE  160                       127     33      150
  SINCE SEP 1    160                       127     33      150
  SINCE JAN 1   1413                      1389     24     1309
..................................................................


WIND (MPH)
  HIGHEST WIND SPEED    18   HIGHEST WIND DIRECTION    NE (30)
  HIGHEST GUST SPEED    25   HIGHEST GUST DIRECTION    NE (30)
  AVERAGE WIND SPEED     4.5


SKY COVER
  POSSIBLE SUNSHINE  MM
  AVERAGE SKY COVER 0.8


WEATHER CONDITIONS
 THE FOLLOWING WEATHER WAS RECORDED YESTERDAY.
  THUNDERSTORM
  HEAVY RAIN
  LIGHT RAIN
  FOG


RELATIVE HUMIDITY (PERCENT)
 HIGHEST    97           700 PM
 LOWEST     54           100 PM
 AVERAGE    76

..........................................................


THE PIEDMONT TRIAD INTL AIRPORT NC CLIMATE NORMALS FOR TODAY
                         NORMAL    RECORD    YEAR
 MAXIMUM TEMPERATURE (F)   79        96      1921
 MINIMUM TEMPERATURE (F)   60        41      1984


SUNRISE AND SUNSET
SEPTEMBER 17 2014.....SUNRISE   704 AM EDT   SUNSET   724 PM EDT
SEPTEMBER 18 2014.....SUNRISE   705 AM EDT   SUNSET   723 PM EDT


-  INDICATES NEGATIVE NUMBERS.
R  INDICATES RECORD WAS SET OR TIED.
MM INDICATES DATA IS MISSING.
T  INDICATES TRACE AMOUNT.




$$
