000
CDUS42 KRAH 171504
CLIGSO


CLIMATE REPORT
NATIONAL WEATHER SERVICE RALEIGH NC
1004 AM EST SUN DEC 17 2017


...................................

...THE PIEDMONT TRIAD INTL AIRPORT NC CLIMATE SUMMARY FOR DECEMBER 17 2017...
VALID AS OF 1000 AM LOCAL TIME.

CLIMATE NORMAL PERIOD 1981 TO 2010
CLIMATE RECORD PERIOD 1903 TO 2017


WEATHER ITEM   OBSERVED TIME   RECORD YEAR NORMAL DEPARTURE LAST
                VALUE   (LST)  VALUE       VALUE  FROM      YEAR
                                                  NORMAL
..................................................................
TEMPERATURE (F)
 TODAY
  MAXIMUM         36   1205 AM  78    1924  50    -14       52
  MINIMUM         27    636 AM   6    1943  32     -5       25
  AVERAGE         32                        41     -9       39

PRECIPITATION (IN)
  TODAY            0.00          1.52 1930   0.09  -0.09      T
  MONTH TO DATE    1.14                      1.66  -0.52     1.21
  SINCE DEC 1      1.14                      1.66  -0.52     1.21
  SINCE JAN 1     42.37                     40.88   1.49    39.16

SNOWFALL (IN)
  TODAY            0.0          14.3  1930   0.0    0.0      0.0
  MONTH TO DATE    2.2                       0.2    2.0      0.0
  SINCE DEC 1      2.2                       0.2    2.0      0.0
  SINCE JUL 1      2.2                       0.3    1.9      0.0
  SNOW DEPTH       0

..................................................................


WIND (MPH)
  HIGHEST WIND SPEED     9   HIGHEST WIND DIRECTION    SW (210)
  HIGHEST GUST SPEED    10   HIGHEST GUST DIRECTION    SW (230)
  AVERAGE WIND SPEED     1.5


SKY COVER
  POSSIBLE SUNSHINE  MM
  AVERAGE SKY COVER 0.4


WEATHER CONDITIONS
 THE FOLLOWING WEATHER WAS RECORDED TODAY.
  NO SIGNIFICANT WEATHER WAS OBSERVED.


RELATIVE HUMIDITY (PERCENT)
 HIGHEST    82           900 AM
 LOWEST     64          1200 AM
 AVERAGE    73

..........................................................


THE PIEDMONT TRIAD INTL AIRPORT NC CLIMATE NORMALS FOR TOMORROW
                         NORMAL    RECORD    YEAR
 MAXIMUM TEMPERATURE (F)   50        77      1924
 MINIMUM TEMPERATURE (F)   31         7      1973


SUNRISE AND SUNSET
DECEMBER 17 2017......SUNRISE   725 AM EST   SUNSET   507 PM EST
DECEMBER 18 2017......SUNRISE   725 AM EST   SUNSET   508 PM EST


-  INDICATES NEGATIVE NUMBERS.
R  INDICATES RECORD WAS SET OR TIED.
MM INDICATES DATA IS MISSING.
T  INDICATES TRACE AMOUNT.




$$
