000
CDUS42 KRAH 260751
CLIGSO


CLIMATE REPORT
NATIONAL WEATHER SERVICE RALEIGH NC
351 AM EDT TUE MAY 26 2015


...................................

...THE PIEDMONT TRIAD INTL AIRPORT NC CLIMATE SUMMARY FOR MAY 25 2015...

CLIMATE NORMAL PERIOD 1981 TO 2010
CLIMATE RECORD PERIOD 1903 TO 2015


WEATHER ITEM   OBSERVED TIME   RECORD YEAR NORMAL DEPARTURE LAST
                VALUE   (LST)  VALUE       VALUE  FROM      YEAR
                                                  NORMAL
..................................................................
TEMPERATURE (F)
 YESTERDAY
  MAXIMUM         82    347 PM  96    1926  80      2       79
  MINIMUM         59    600 AM  43    2013  59      0       56
                                      1956
                                      1935
  AVERAGE         71                        69      2       68

PRECIPITATION (IN)
  YESTERDAY        0.00          1.38 2003   0.12  -0.12     0.00
  MONTH TO DATE    2.64                      2.65  -0.01     1.92
  SINCE MAR 1      7.86                      9.95  -2.09    10.58
  SINCE JAN 1     12.54                     15.97  -3.43    16.80

DEGREE DAYS
 HEATING
  YESTERDAY        0                         1     -1        0
  MONTH TO DATE   20                        61    -41       31
  SINCE MAR 1    610                       752   -142      841
  SINCE JUL 1   3695                      3607     88     3818

 COOLING
  YESTERDAY        6                         5      1        3
  MONTH TO DATE  131                        84     47      120
  SINCE MAR 1    168                       122     46      140
  SINCE JAN 1    168                       122     46      140
..................................................................


WIND (MPH)
  HIGHEST WIND SPEED    15   HIGHEST WIND DIRECTION     S (200)
  HIGHEST GUST SPEED    23   HIGHEST GUST DIRECTION    SW (220)
  AVERAGE WIND SPEED     7.7


SKY COVER
  POSSIBLE SUNSHINE  MM
  AVERAGE SKY COVER 0.4


WEATHER CONDITIONS
 THE FOLLOWING WEATHER WAS RECORDED YESTERDAY.
  NO SIGNIFICANT WEATHER WAS OBSERVED.


RELATIVE HUMIDITY (PERCENT)
 HIGHEST    87           600 AM
 LOWEST     39           400 PM
 AVERAGE    63

..........................................................


THE PIEDMONT TRIAD INTL AIRPORT NC CLIMATE NORMALS FOR TODAY
                         NORMAL    RECORD    YEAR
 MAXIMUM TEMPERATURE (F)   80        95      1926
                                             1914
                                             1911
 MINIMUM TEMPERATURE (F)   59        42      1930
                                             1925


SUNRISE AND SUNSET
MAY 26 2015...........SUNRISE   607 AM EDT   SUNSET   827 PM EDT
MAY 27 2015...........SUNRISE   606 AM EDT   SUNSET   828 PM EDT


-  INDICATES NEGATIVE NUMBERS.
R  INDICATES RECORD WAS SET OR TIED.
MM INDICATES DATA IS MISSING.
T  INDICATES TRACE AMOUNT.




$$
