000
CDUS42 KRAH 290054
CLIGSO


CLIMATE REPORT
NATIONAL WEATHER SERVICE RALEIGH NC
853 PM EDT MON JUL 28 2014


...................................

...THE PIEDMONT TRIAD INTL AIRPORT NC CLIMATE SUMMARY FOR JULY 28 2014...
VALID AS OF 0853 PM LOCAL TIME.

CLIMATE NORMAL PERIOD 1981 TO 2010
CLIMATE RECORD PERIOD 1903 TO 2014


WEATHER ITEM   OBSERVED TIME   RECORD YEAR NORMAL DEPARTURE LAST
                VALUE   (LST)  VALUE       VALUE  FROM      YEAR
                                                  NORMAL
..................................................................
TEMPERATURE (F)
 TODAY
  MAXIMUM         87    127 PM 100    1952  88     -1       85
  MINIMUM         69    609 AM  54    1962  69      0       69
                                      1920
  AVERAGE         78                        78      0       77

PRECIPITATION (IN)
  TODAY            0.01          2.52 1984   0.15  -0.14     0.02
  MONTH TO DATE    2.25                      4.00  -1.75     5.66
  SINCE JUN 1      5.25                      7.73  -2.48    14.03
  SINCE JAN 1     22.74                     24.43  -1.69    32.38

DEGREE DAYS
 HEATING
  TODAY            0                         0      0        0
  MONTH TO DATE    0                         0      0        0
  SINCE JUN 1      0                         6     -6        0
  SINCE JUL 1      0                         0      0        0

 COOLING
  TODAY           13                        13      0       12
  MONTH TO DATE  366                       383    -17      371
  SINCE JUN 1    723                       690     33      670
  SINCE JAN 1    920                       849     71      820
..................................................................


WIND (MPH)
  RESULTANT WIND SPEED  12   RESULTANT WIND DIRECTION   W (290)
  HIGHEST WIND SPEED    26   HIGHEST WIND DIRECTION    NW (300)
  HIGHEST GUST SPEED    36   HIGHEST GUST DIRECTION    NW (310)
  AVERAGE WIND SPEED    13.1


SKY COVER
  POSSIBLE SUNSHINE  MM
  AVERAGE SKY COVER 0.4


WEATHER CONDITIONS
 THE FOLLOWING WEATHER WAS RECORDED TODAY.
  LIGHT RAIN


RELATIVE HUMIDITY (PERCENT)
 HIGHEST    90           600 AM
 LOWEST     34           500 PM
 AVERAGE    62

..........................................................


THE PIEDMONT TRIAD INTL AIRPORT NC CLIMATE NORMALS FOR TOMORROW
                         NORMAL    RECORD    YEAR
 MAXIMUM TEMPERATURE (F)   88       101      1952
 MINIMUM TEMPERATURE (F)   69        55      1946
                                             1920


SUNRISE AND SUNSET
JULY 28 2014..........SUNRISE   624 AM EDT   SUNSET   828 PM EDT
JULY 29 2014..........SUNRISE   625 AM EDT   SUNSET   827 PM EDT


-  INDICATES NEGATIVE NUMBERS.
R  INDICATES RECORD WAS SET OR TIED.
MM INDICATES DATA IS MISSING.
T  INDICATES TRACE AMOUNT.




$$
