000
CDUS42 KRAH 140907
CLIGSO


CLIMATE REPORT
NATIONAL WEATHER SERVICE RALEIGH NC
403 AM EST SUN FEB 14 2016


...................................

...THE PIEDMONT TRIAD INTL AIRPORT NC CLIMATE SUMMARY FOR FEBRUARY 13 2016...

CLIMATE NORMAL PERIOD 1981 TO 2010
CLIMATE RECORD PERIOD 1903 TO 2016


WEATHER ITEM   OBSERVED TIME   RECORD YEAR NORMAL DEPARTURE LAST
                VALUE   (LST)  VALUE       VALUE  FROM      YEAR
                                                  NORMAL
..................................................................
TEMPERATURE (F)
 YESTERDAY
  MAXIMUM         37   1215 AM  73    1951  52    -15       34
  MINIMUM         19   1159 PM  11    1955  32    -13       22
  AVERAGE         28                        42    -14       28

PRECIPITATION (IN)
  YESTERDAY        0.00          1.46 1936   0.10  -0.10     0.00
  MONTH TO DATE    1.00                      1.27  -0.27     0.97
  SINCE DEC 1      9.56                      7.31   2.25     5.22
  SINCE JAN 1      2.91                      4.33  -1.42     3.01

SNOWFALL (IN)
  YESTERDAY        0.0           8.6  1960   0.1   -0.1      0.0
  MONTH TO DATE    T                         1.2   -1.2      0.0
  SINCE DEC 1      2.5                       5.4   -2.9       T
  SINCE JUL 1      2.5                       5.5   -3.0       T
  SNOW DEPTH       0

DEGREE DAYS
 HEATING
  YESTERDAY       37                        23     14       37
  MONTH TO DATE  318                       313      5      325
  SINCE DEC 1   1543                      1856   -313     1796
  SINCE JUL 1   2057                      2536   -479     2546

 COOLING
  YESTERDAY        0                         0      0        0
  MONTH TO DATE    0                         0      0        0
  SINCE DEC 1     15                         1     14        0
  SINCE JAN 1      0                         0      0        0
..................................................................


WIND (MPH)
  HIGHEST WIND SPEED    30   HIGHEST WIND DIRECTION    NW (310)
  HIGHEST GUST SPEED    37   HIGHEST GUST DIRECTION    NW (300)
  AVERAGE WIND SPEED    14.1


SKY COVER
  POSSIBLE SUNSHINE  MM
  AVERAGE SKY COVER 0.2


WEATHER CONDITIONS
 THE FOLLOWING WEATHER WAS RECORDED YESTERDAY.
  NO SIGNIFICANT WEATHER WAS OBSERVED.


RELATIVE HUMIDITY (PERCENT)
 HIGHEST    48          1200 AM
 LOWEST     22           300 PM
 AVERAGE    35

..........................................................


THE PIEDMONT TRIAD INTL AIRPORT NC CLIMATE NORMALS FOR TODAY
                         NORMAL    RECORD    YEAR
 MAXIMUM TEMPERATURE (F)   52        76      1951
 MINIMUM TEMPERATURE (F)   32         6      1905


SUNRISE AND SUNSET
FEBRUARY 14 2016......SUNRISE   709 AM EST   SUNSET   600 PM EST
FEBRUARY 15 2016......SUNRISE   708 AM EST   SUNSET   601 PM EST


-  INDICATES NEGATIVE NUMBERS.
R  INDICATES RECORD WAS SET OR TIED.
MM INDICATES DATA IS MISSING.
T  INDICATES TRACE AMOUNT.




$$
