000
CDUS42 KRAH 302051
CLIGSO


CLIMATE REPORT
NATIONAL WEATHER SERVICE RALEIGH NC
448 PM EDT TUE SEP 30 2014


...................................

...THE PIEDMONT TRIAD INTL AIRPORT NC CLIMATE SUMMARY FOR SEPTEMBER 30 2014...
VALID TODAY AS OF 0448 PM LOCAL TIME.

CLIMATE NORMAL PERIOD 1981 TO 2010
CLIMATE RECORD PERIOD 1903 TO 2014


WEATHER ITEM   OBSERVED TIME   RECORD YEAR NORMAL DEPARTURE LAST
                VALUE   (LST)  VALUE       VALUE  FROM      YEAR
                                                  NORMAL
..................................................................
TEMPERATURE (F)
 TODAY
  MAXIMUM         81    333 PM  89    1954  75      6       77
  MINIMUM         58    452 AM  37    1942  55      3       52
  AVERAGE         70                        65      5       65

PRECIPITATION (IN)
  TODAY            0.00          4.48 1936   0.12  -0.12     0.00
  MONTH TO DATE    2.93                      4.19  -1.26     2.13
  SINCE SEP 1      2.93                      4.19  -1.26     2.13
  SINCE JAN 1     28.81                     32.98  -4.17    40.52

DEGREE DAYS
 HEATING
  TODAY            0                         3     -3        0
  MONTH TO DATE   17                        29    -12       14
  SINCE SEP 1     17                        30    -13       14
  SINCE JUL 1     17                        31    -14       16

 COOLING
  TODAY            5                         3      2        0
  MONTH TO DATE  199                       185     14      172
  SINCE SEP 1    199                       185     14      172
  SINCE JAN 1   1452                      1447      5     1331
..................................................................


WIND (MPH)
  HIGHEST WIND SPEED     9   HIGHEST WIND DIRECTION    NE (50)
  HIGHEST GUST SPEED    13   HIGHEST GUST DIRECTION    NE (50)
  AVERAGE WIND SPEED     2.4


SKY COVER
  POSSIBLE SUNSHINE  MM
  AVERAGE SKY COVER 0.8


WEATHER CONDITIONS
 THE FOLLOWING WEATHER WAS RECORDED TODAY.
  FOG
  FOG W/VISIBILITY <= 1/4 MILE


RELATIVE HUMIDITY (PERCENT)
 HIGHEST   100          1200 AM
 LOWEST     48           300 PM
 AVERAGE    74

..........................................................


THE PIEDMONT TRIAD INTL AIRPORT NC CLIMATE NORMALS FOR TOMORROW
                         NORMAL    RECORD    YEAR
 MAXIMUM TEMPERATURE (F)   75        90      1986
                                             1954
                                             1933
 MINIMUM TEMPERATURE (F)   54        35      1924


SUNRISE AND SUNSET
SEPTEMBER 30 2014.....SUNRISE   714 AM EDT   SUNSET   705 PM EDT
OCTOBER  1 2014.......SUNRISE   715 AM EDT   SUNSET   703 PM EDT


-  INDICATES NEGATIVE NUMBERS.
R  INDICATES RECORD WAS SET OR TIED.
MM INDICATES DATA IS MISSING.
T  INDICATES TRACE AMOUNT.




$$
