517
CDUS42 KRAH 240113
CLIGSO


CLIMATE REPORT
NATIONAL WEATHER SERVICE RALEIGH NC
912 PM EDT SUN JUL 23 2017


...................................

...THE PIEDMONT TRIAD INTL AIRPORT NC CLIMATE SUMMARY FOR JULY 23 2017...
VALID AS OF 0800 PM LOCAL TIME.

CLIMATE NORMAL PERIOD 1981 TO 2010
CLIMATE RECORD PERIOD 1903 TO 2017


WEATHER ITEM   OBSERVED TIME   RECORD YEAR NORMAL DEPARTURE LAST
                VALUE   (LST)  VALUE       VALUE  FROM      YEAR
                                                  NORMAL
..................................................................
TEMPERATURE (F)
 TODAY
  MAXIMUM         96    251 PM  99    1952  88      8       95
  MINIMUM         71    558 PM  56    1947  69      2       72
  AVERAGE         84                        79      5       84

PRECIPITATION (IN)
  TODAY            0.66          2.33 1946   0.14   0.52     0.00
  MONTH TO DATE    0.76                      3.24  -2.48     4.31
  SINCE JUN 1     10.70                      6.97   3.73     6.09
  SINCE JAN 1     31.73                     23.67   8.06    25.06

..................................................................


WIND (MPH)
  HIGHEST WIND SPEED    35   HIGHEST WIND DIRECTION    NW (310)
  HIGHEST GUST SPEED    45   HIGHEST GUST DIRECTION    NW (310)
  AVERAGE WIND SPEED     9.0


SKY COVER
  POSSIBLE SUNSHINE  MM
  AVERAGE SKY COVER 0.7


WEATHER CONDITIONS
 THE FOLLOWING WEATHER WAS RECORDED TODAY.
  THUNDERSTORM
  HEAVY RAIN
  RAIN
  LIGHT RAIN
  FOG


RELATIVE HUMIDITY (PERCENT)
 HIGHEST    94           400 AM
 LOWEST     46           300 PM
 AVERAGE    70

..........................................................


THE PIEDMONT TRIAD INTL AIRPORT NC CLIMATE NORMALS FOR TOMORROW
                         NORMAL    RECORD    YEAR
 MAXIMUM TEMPERATURE (F)   88        99      1914
 MINIMUM TEMPERATURE (F)   69        52      1947


SUNRISE AND SUNSET
JULY 23 2017..........SUNRISE   620 AM EDT   SUNSET   832 PM EDT
JULY 24 2017..........SUNRISE   621 AM EDT   SUNSET   831 PM EDT


-  INDICATES NEGATIVE NUMBERS.
R  INDICATES RECORD WAS SET OR TIED.
MM INDICATES DATA IS MISSING.
T  INDICATES TRACE AMOUNT.




$$
