000
CDUS42 KGSP 302031
CLIGSP

CLIMATE REPORT
NATIONAL WEATHER SERVICE GREENVILLE-SPARTANBURG SC
430 PM EDT SAT MAY 30 2015


...................................

...THE GREENVILLE-SPARTANBURG SC CLIMATE SUMMARY FOR MAY 30
2015...VALID TODAY AS OF 430 PM LOCAL TIME.

CLIMATE NORMAL PERIOD 1981 TO 2010
CLIMATE RECORD PERIOD 1884 TO 2015


WEATHER ITEM   OBSERVED TIME   RECORD YEAR NORMAL DEPARTURE LAST
                VALUE   (LST)  VALUE       VALUE  FROM      YEAR
                                                  NORMAL
..................................................................
TEMPERATURE (F)
 TODAY
  MAXIMUM         84    320 PM  95    1914  84      0       86
  MINIMUM         63    542 AM  45    1893  62      1       67
  AVERAGE         74                        73      1       77

PRECIPITATION (IN)
  TODAY            0.00          1.74 2014   0.12  -0.12     1.74
  MONTH TO DATE    2.98                      3.63  -0.65     4.43
  SINCE MAR 1     11.25                     11.51  -0.26    13.57
  SINCE JAN 1     18.57                     19.30  -0.73    19.81

SNOWFALL (IN)
  TODAY            0.0           0.0    MM   0.0    0.0      0.0
  MONTH TO DATE    0.0                       0.0    0.0      0.0
  SINCE MAR 1      0.0                       0.9   -0.9       T
  SINCE JUL 1      3.7                       4.7   -1.0      7.2
  SNOW DEPTH       0

DEGREE DAYS
 HEATING
  TODAY            0                         0      0        0
  MONTH TO DATE    8                        39    -31       36
  SINCE MAR 1    403                       596   -193      649
  SINCE JUL 1   3017                      3045    -28     3208

 COOLING
  TODAY            9                         8      1       12
  MONTH TO DATE  208                       146     62      206
  SINCE MAR 1    264                       194     70      248
  SINCE JAN 1    264                       194     70      248
..................................................................


WIND (MPH)
  HIGHEST WIND SPEED    13   HIGHEST WIND DIRECTION    SE (120)
  HIGHEST GUST SPEED    18   HIGHEST GUST DIRECTION    SE (150)
  AVERAGE WIND SPEED     2.5


SKY COVER
  POSSIBLE SUNSHINE  MM
  AVERAGE SKY COVER 0.3


WEATHER CONDITIONS
 THE FOLLOWING WEATHER WAS RECORDED TODAY.
  NO SIGNIFICANT WEATHER WAS OBSERVED.


RELATIVE HUMIDITY (PERCENT)
 HIGHEST    93           200 AM
 LOWEST     47           300 PM
 AVERAGE    70

..........................................................


THE GREENVILLE-SPARTANBURG SC CLIMATE NORMALS FOR TOMORROW
                         NORMAL    RECORD    YEAR
 MAXIMUM TEMPERATURE (F)   84        98      1953
 MINIMUM TEMPERATURE (F)   62        43      1984


SUNRISE AND SUNSET
MAY 30 2015...........SUNRISE   617 AM EDT   SUNSET   836 PM EDT
MAY 31 2015...........SUNRISE   617 AM EDT   SUNSET   837 PM EDT


-  INDICATES NEGATIVE NUMBERS.
R  INDICATES RECORD WAS SET OR TIED.
MM INDICATES DATA IS MISSING.
T  INDICATES TRACE AMOUNT.




$$
