824
CDUS42 KGSP 160641
CLIGSP

CLIMATE REPORT
NATIONAL WEATHER SERVICE GREENVILLE-SPARTANBURG SC
138 AM EST TUE JAN 16 2018


...................................

...THE GREENVILLE-SPARTANBURG SC CLIMATE SUMMARY FOR JANUARY 15 2018...

CLIMATE NORMAL PERIOD 1981 TO 2010
CLIMATE RECORD PERIOD 1884 TO 2018


WEATHER ITEM   OBSERVED TIME   RECORD YEAR NORMAL DEPARTURE LAST
                VALUE   (LST)  VALUE       VALUE  FROM      YEAR
                                                  NORMAL
..................................................................
TEMPERATURE (F)
 YESTERDAY
  MAXIMUM         41    413 PM  78    1911  52    -11       76
  MINIMUM         20    731 AM   4    1893  32    -12       51
  AVERAGE         31                        42    -11       64

PRECIPITATION (IN)
  YESTERDAY        0.00          1.54 1966   0.12  -0.12     0.00
  MONTH TO DATE    1.50                      1.86  -0.36     2.60
  SINCE DEC 1      4.41                      5.97  -1.56     5.29
  SINCE JAN 1      1.50                      1.86  -0.36     2.60

SNOWFALL (IN)
  YESTERDAY        0.0           2.1  1893   0.1   -0.1      0.0
  MONTH TO DATE    T                         1.1   -1.1      3.1
  SINCE DEC 1      1.6                       1.5    0.1      3.1
  SINCE JUL 1      1.6                       1.6    0.0      3.1
  SNOW DEPTH       0

DEGREE DAYS
 HEATING
  YESTERDAY       34                        23     11        1
  MONTH TO DATE  476                       345    131      294
  SINCE DEC 1   1095                       995    100      890
  SINCE JUL 1   1589                      1548     41     1216

 COOLING
  YESTERDAY        0                         0      0        0
  MONTH TO DATE    0                         0      0        0
  SINCE DEC 1      0                         1     -1        0
  SINCE JAN 1      0                         0      0        0
..................................................................


WIND (MPH)
  HIGHEST WIND SPEED    10   HIGHEST WIND DIRECTION     S (200)
  HIGHEST GUST SPEED    17   HIGHEST GUST DIRECTION     S (200)
  AVERAGE WIND SPEED     3.3


SKY COVER
  POSSIBLE SUNSHINE  MM
  AVERAGE SKY COVER 0.0


WEATHER CONDITIONS
 THE FOLLOWING WEATHER WAS RECORDED YESTERDAY.
  NO SIGNIFICANT WEATHER WAS OBSERVED.


RELATIVE HUMIDITY (PERCENT)
 HIGHEST    68           400 AM
 LOWEST     32           400 PM
 AVERAGE    50

..........................................................


THE GREENVILLE-SPARTANBURG SC CLIMATE NORMALS FOR TODAY
                         NORMAL    RECORD    YEAR
 MAXIMUM TEMPERATURE (F)   52        77      1974
 MINIMUM TEMPERATURE (F)   32        -5      1893


SUNRISE AND SUNSET
JANUARY 16 2018.......SUNRISE   736 AM EST   SUNSET   542 PM EST
JANUARY 17 2018.......SUNRISE   736 AM EST   SUNSET   543 PM EST


-  INDICATES NEGATIVE NUMBERS.
R  INDICATES RECORD WAS SET OR TIED.
MM INDICATES DATA IS MISSING.
T  INDICATES TRACE AMOUNT.




$$
