759
CDUS42 KGSP 260632
CLIGSP

CLIMATE REPORT
NATIONAL WEATHER SERVICE GREENVILLE-SPARTANBURG SC
232 AM EDT SUN MAR 26 2017


...................................

...THE GREENVILLE-SPARTANBURG SC CLIMATE SUMMARY FOR MARCH 25 2017...

CLIMATE NORMAL PERIOD 1981 TO 2010
CLIMATE RECORD PERIOD 1884 TO 2017


WEATHER ITEM   OBSERVED TIME   RECORD YEAR NORMAL DEPARTURE LAST
                VALUE   (LST)  VALUE       VALUE  FROM      YEAR
                                                  NORMAL
..................................................................
TEMPERATURE (F)
 YESTERDAY
  MAXIMUM         72    432 PM  88    1929  67      5       75
  MINIMUM         51    645 AM  26    1940  43      8       58
                                      1906
  AVERAGE         62                        55      7       67

PRECIPITATION (IN)
  YESTERDAY        0.00          2.19 1978   0.14  -0.14     0.00
  MONTH TO DATE    5.91                      3.65   2.26     1.29
  SINCE MAR 1      5.91                      3.65   2.26     1.29
  SINCE JAN 1     11.63                     11.44   0.19     9.55

SNOWFALL (IN)
  YESTERDAY        0.0           6.6  1971   0.0    0.0      0.0
  MONTH TO DATE    0.5                       0.8   -0.3       T
  SINCE MAR 1      0.5                       0.8   -0.3       T
  SINCE JUL 1      3.6                       4.6   -1.0      2.6
  SNOW DEPTH       0

DEGREE DAYS
 HEATING
  YESTERDAY        3                        10     -7        0
  MONTH TO DATE  348                       328     20      190
  SINCE MAR 1    348                       328     20      190
  SINCE JUL 1   2074                      2777   -703     2287

 COOLING
  YESTERDAY        0                         0      0        2
  MONTH TO DATE    5                         0      5       25
  SINCE MAR 1      5                         0      5       25
  SINCE JAN 1     11                         0     11       25
..................................................................


WIND (MPH)
  HIGHEST WIND SPEED    18   HIGHEST WIND DIRECTION    SE (150)
  HIGHEST GUST SPEED    23   HIGHEST GUST DIRECTION    SE (150)
  AVERAGE WIND SPEED     6.6


SKY COVER
  POSSIBLE SUNSHINE  MM
  AVERAGE SKY COVER 0.4


WEATHER CONDITIONS
 THE FOLLOWING WEATHER WAS RECORDED YESTERDAY.
  NO SIGNIFICANT WEATHER WAS OBSERVED.


RELATIVE HUMIDITY (PERCENT)
 HIGHEST    83           600 AM
 LOWEST     41           500 PM
 AVERAGE    62

..........................................................


THE GREENVILLE-SPARTANBURG SC CLIMATE NORMALS FOR TODAY
                         NORMAL    RECORD    YEAR
 MAXIMUM TEMPERATURE (F)   68        84      1929
 MINIMUM TEMPERATURE (F)   43        20      1955


SUNRISE AND SUNSET
MARCH 26 2017.........SUNRISE   724 AM EDT   SUNSET   746 PM EDT
MARCH 27 2017.........SUNRISE   722 AM EDT   SUNSET   746 PM EDT


-  INDICATES NEGATIVE NUMBERS.
R  INDICATES RECORD WAS SET OR TIED.
MM INDICATES DATA IS MISSING.
T  INDICATES TRACE AMOUNT.




$$
