000
CDUS42 KGSP 010635
CLIGSP

CLIMATE REPORT
NATIONAL WEATHER SERVICE GREENVILLE-SPARTANBURG SC
234 AM EDT MON MAY 1 2017


...................................

...THE GREENVILLE-SPARTANBURG SC CLIMATE SUMMARY FOR APRIL 30 2017...

CLIMATE NORMAL PERIOD 1981 TO 2010
CLIMATE RECORD PERIOD 1884 TO 2017


WEATHER ITEM   OBSERVED TIME   RECORD YEAR NORMAL DEPARTURE LAST
                VALUE   (LST)  VALUE       VALUE  FROM      YEAR
                                                  NORMAL
..................................................................
TEMPERATURE (F)
 YESTERDAY
  MAXIMUM         83    426 PM  91    1987  76      7       81
                                      1962
  MINIMUM         66    246 AM  39    2008  52     14       61
                                      1980
  AVERAGE         75                        64     11       71

PRECIPITATION (IN)
  YESTERDAY        0.19          1.86 1953   0.11   0.08     0.91
  MONTH TO DATE    7.30                      3.36   3.94     2.32
  SINCE MAR 1     14.65                      7.88   6.77     4.01
  SINCE JAN 1     20.37                     15.67   4.70    12.27

SNOWFALL (IN)
  YESTERDAY        0.0           0.0    MM   0.0    0.0      0.0
  MONTH TO DATE    0.0                       T      0.0      0.0
  SINCE MAR 1      0.5                       0.9   -0.4       T
  SINCE JUL 1      3.6                       4.7   -1.1      2.6
  SNOW DEPTH       0

DEGREE DAYS
 HEATING
  YESTERDAY        0                         3     -3        0
  MONTH TO DATE   75                       173    -98      141
  SINCE MAR 1    429                       557   -128      367
  SINCE JUL 1   2155                      3006   -851     2464

 COOLING
  YESTERDAY       10                         2      8        6
  MONTH TO DATE   89                        40     49       59
  SINCE MAR 1    105                        48     57       85
  SINCE JAN 1    111                        48     63       85
..................................................................


WIND (MPH)
  HIGHEST WIND SPEED    18   HIGHEST WIND DIRECTION     S (190)
  HIGHEST GUST SPEED    24   HIGHEST GUST DIRECTION    SW (210)
  AVERAGE WIND SPEED     8.6


SKY COVER
  POSSIBLE SUNSHINE  MM
  AVERAGE SKY COVER 0.5


WEATHER CONDITIONS
 THE FOLLOWING WEATHER WAS RECORDED YESTERDAY.
  HEAVY RAIN
  RAIN
  LIGHT RAIN
  FOG


RELATIVE HUMIDITY (PERCENT)
 HIGHEST    93           300 AM
 LOWEST     47           300 PM
 AVERAGE    70

..........................................................


THE GREENVILLE-SPARTANBURG SC CLIMATE NORMALS FOR TODAY
                         NORMAL    RECORD    YEAR
 MAXIMUM TEMPERATURE (F)   77        90      2007
                                             1962
                                             1887
 MINIMUM TEMPERATURE (F)   53        36      1908


SUNRISE AND SUNSET
MAY  1 2017...........SUNRISE   638 AM EDT   SUNSET   814 PM EDT
MAY  2 2017...........SUNRISE   637 AM EDT   SUNSET   815 PM EDT


-  INDICATES NEGATIVE NUMBERS.
R  INDICATES RECORD WAS SET OR TIED.
MM INDICATES DATA IS MISSING.
T  INDICATES TRACE AMOUNT.




$$
