000
CDUS45 KTFX 271014
CLIGTF


CLIMATE REPORT
NATIONAL WEATHER SERVICE GREAT FALLS MT
311 AM MST THU NOV 27 2014


...................................

...THE GREAT FALLS MT CLIMATE SUMMARY FOR NOVEMBER 26 2014...

CLIMATE NORMAL PERIOD 1981 TO 2010
CLIMATE RECORD PERIOD 1886 TO 2014


WEATHER ITEM   OBSERVED TIME   RECORD YEAR NORMAL DEPARTURE LAST
                VALUE   (LST)  VALUE       VALUE  FROM      YEAR
                                                  NORMAL
..................................................................
TEMPERATURE (F)
 YESTERDAY
  MAXIMUM         31   1159 PM  66    1933  38     -7       56
  MINIMUM         22    810 PM -21    1985  20      2       16
  AVERAGE         27                        29     -2       36

PRECIPITATION (IN)
  YESTERDAY        0.23          0.63 1955   0.02   0.21     0.00
  MONTH TO DATE    0.87                      0.51   0.36     0.18
  SINCE OCT 1      1.34                      1.37  -0.03     1.11
  SINCE JAN 1     18.52                     14.12   4.40    10.84

SNOWFALL (IN)
  YESTERDAY        3.7           7.0  1955   0.3    3.4      0.0
  MONTH TO DATE   10.2                       6.9    3.3      2.8
  SINCE SEP 1     11.3                      12.2   -0.9      9.7
  SINCE JUL 1     11.3                      12.5   -1.2      9.7
  SNOW DEPTH       1

DEGREE DAYS
 HEATING
  YESTERDAY       38                        36      2       29
  MONTH TO DATE  951                       803    148      825
  SINCE SEP 1   1613                      1702    -89     1672
  SINCE JUL 1   1683                      1823   -140     1696

 COOLING
  YESTERDAY        0                         0      0        0
  MONTH TO DATE    0                         0      0        0
  SINCE SEP 1     26                        22      4       80
  SINCE JAN 1    350                       298     52      449
..................................................................


WIND (MPH)
  HIGHEST WIND SPEED    14   HIGHEST WIND DIRECTION    SW (210)
  HIGHEST GUST SPEED    16   HIGHEST GUST DIRECTION    SW (210)
  AVERAGE WIND SPEED     5.0


SKY COVER
  AVERAGE SKY COVER 1.0


WEATHER CONDITIONS
 THE FOLLOWING WEATHER WAS RECORDED YESTERDAY.
  SNOW
  LIGHT SNOW
  FOG
  FOG W/VISIBILITY <= 1/4 MILE


RELATIVE HUMIDITY (PERCENT)
 HIGHEST   100           300 AM
 LOWEST     78          1200 AM
 AVERAGE    89

..........................................................


THE GREAT FALLS MT CLIMATE NORMALS FOR TODAY
                         NORMAL    RECORD    YEAR
 MAXIMUM TEMPERATURE (F)   38        64      1914
 MINIMUM TEMPERATURE (F)   19       -24      1985


SUNRISE AND SUNSET
NOVEMBER 27 2014......SUNRISE   747 AM MST   SUNSET   439 PM MST
NOVEMBER 28 2014......SUNRISE   749 AM MST   SUNSET   438 PM MST


-  INDICATES NEGATIVE NUMBERS.
R  INDICATES RECORD WAS SET OR TIED.
MM INDICATES DATA IS MISSING.
T  INDICATES TRACE AMOUNT.




$$
