000
CDUS45 KTFX 252228
CLIGTF


CLIMATE REPORT
NATIONAL WEATHER SERVICE GREAT FALLS MT
325 PM MST SUN JAN 25 2015


...................................

...THE GREAT FALLS MT CLIMATE SUMMARY FOR JANUARY 25 2015...
VALID TODAY AS OF 0300 PM LOCAL TIME.

CLIMATE NORMAL PERIOD 1981 TO 2010
CLIMATE RECORD PERIOD 1886 TO 2015


WEATHER ITEM   OBSERVED TIME   RECORD YEAR NORMAL DEPARTURE LAST
                VALUE   (LST)  VALUE       VALUE  FROM      YEAR
                                                  NORMAL
..................................................................
TEMPERATURE (F)
 TODAY
  MAXIMUM         59    228 PM  62    2006  36     23       58
  MINIMUM         43    253 AM -31    1957  16     27       33
  AVERAGE         51                        26     25       46

PRECIPITATION (IN)
  TODAY            0.00          0.56 1916   0.01  -0.01     0.00
  MONTH TO DATE    0.90                      0.41   0.49     0.69
  SINCE OCT 1      3.85                      2.41   1.44     2.74
  SINCE JAN 1      0.90                      0.41   0.49     0.69

SNOWFALL (IN)
  TODAY            0.0           7.0  1916   0.3   -0.3      0.0
  MONTH TO DATE   14.0                       7.0    7.0     12.1
  SINCE DEC 1     30.2                      16.5   13.7     25.3
  SINCE JUL 1     47.6                      30.2   17.4     35.0
  SNOW DEPTH       0

DEGREE DAYS
 HEATING
  TODAY           14                        39    -25       19
  MONTH TO DATE 1026                       999     27      811
  SINCE DEC 1   2154                      2247    -93     2165
  SINCE JUL 1   4043                      4216   -173     3965

 COOLING
  TODAY            0                         0      0        0
  MONTH TO DATE    0                         0      0        0
  SINCE DEC 1      0                         0      0        0
  SINCE JAN 1      0                         0      0        0
..................................................................


WIND (MPH)
  HIGHEST WIND SPEED    33   HIGHEST WIND DIRECTION    SW (230)
  HIGHEST GUST SPEED    40   HIGHEST GUST DIRECTION    SW (240)
  AVERAGE WIND SPEED    20.2


SKY COVER
  AVERAGE SKY COVER 0.1


WEATHER CONDITIONS
 THE FOLLOWING WEATHER WAS RECORDED TODAY.
  NO SIGNIFICANT WEATHER WAS OBSERVED.


RELATIVE HUMIDITY (PERCENT)
 HIGHEST    76           300 AM
 LOWEST     36           300 PM
 AVERAGE    56

..........................................................


THE GREAT FALLS MT CLIMATE NORMALS FOR TOMORROW
                         NORMAL    RECORD    YEAR
 MAXIMUM TEMPERATURE (F)   36        56      2013
 MINIMUM TEMPERATURE (F)   16       -37      1916


SUNRISE AND SUNSET
JANUARY 25 2015.......SUNRISE   800 AM MST   SUNSET   516 PM MST
JANUARY 26 2015.......SUNRISE   759 AM MST   SUNSET   518 PM MST


-  INDICATES NEGATIVE NUMBERS.
R  INDICATES RECORD WAS SET OR TIED.
MM INDICATES DATA IS MISSING.
T  INDICATES TRACE AMOUNT.




$$
