000
CDUS45 KTFX 312232
CLIGTF


CLIMATE REPORT
NATIONAL WEATHER SERVICE GREAT FALLS MT
430 PM MDT WED AUG 31 2016


...................................

...THE GREAT FALLS MT CLIMATE SUMMARY FOR AUGUST 31 2016...
VALID TODAY AS OF 0400 PM LOCAL TIME.

CLIMATE NORMAL PERIOD 1981 TO 2010
CLIMATE RECORD PERIOD 1886 TO 2016


WEATHER ITEM   OBSERVED TIME   RECORD YEAR NORMAL DEPARTURE LAST
                VALUE   (LST)  VALUE       VALUE  FROM      YEAR
                                                  NORMAL
..................................................................
TEMPERATURE (F)
 TODAY
  MAXIMUM         97    147 PM  98    1991  77     20       77
                                      1940
  MINIMUM         51    610 AM  34    1930  47      4       51
  AVERAGE         74                        62     12       64

PRECIPITATION (IN)
  TODAY            0.00          0.90 2008   0.05  -0.05     0.00
  MONTH TO DATE    1.12                      1.57  -0.45     0.38
  SINCE OCT 1     14.40                     13.33   1.07    11.00
  SINCE JAN 1      9.30                     11.33  -2.03     8.05

SNOWFALL (IN)
  TODAY            0.0           0.0  2002   0.0    0.0      0.0
  MONTH TO DATE    T                         0.3   -0.3      0.0
  SINCE JUN 1      T                         0.6   -0.6      0.0
  SINCE JUL 1      T                         0.3   -0.3      0.0

DEGREE DAYS
 HEATING
  TODAY            0                         5     -5        1
  MONTH TO DATE   57                        72    -15       49
  SINCE JUN 1    209                       312   -103      178
  SINCE JUL 1    101                       121    -20       96

 COOLING
  TODAY            9                         2      7        0
  MONTH TO DATE   78                       113    -35      167
  SINCE JUN 1    242                       269    -27      391
  SINCE JAN 1    242                       276    -34      391
..................................................................


WIND (MPH)
  HIGHEST WIND SPEED    14   HIGHEST WIND DIRECTION     E (80)
  HIGHEST GUST SPEED    16   HIGHEST GUST DIRECTION     N (340)
  AVERAGE WIND SPEED     4.2


SKY COVER
  AVERAGE SKY COVER 0.0


WEATHER CONDITIONS
 THE FOLLOWING WEATHER WAS RECORDED TODAY.
  HAZE


RELATIVE HUMIDITY (PERCENT)
 HIGHEST    72           600 AM
 LOWEST     11           200 PM
 AVERAGE    42

..........................................................


THE GREAT FALLS MT CLIMATE NORMALS FOR TOMORROW
                         NORMAL    RECORD    YEAR
 MAXIMUM TEMPERATURE (F)   77        97      1967
 MINIMUM TEMPERATURE (F)   47        34      1930


SUNRISE AND SUNSET
AUGUST 31 2016........SUNRISE   644 AM MDT   SUNSET   807 PM MDT
SEPTEMBER  1 2016.....SUNRISE   645 AM MDT   SUNSET   805 PM MDT


-  INDICATES NEGATIVE NUMBERS.
R  INDICATES RECORD WAS SET OR TIED.
MM INDICATES DATA IS MISSING.
T  INDICATES TRACE AMOUNT.




$$
