000
CDUS45 KTFX 311017
CLIGTF


CLIMATE REPORT
NATIONAL WEATHER SERVICE GREAT FALLS MT
416 AM MDT THU JUL 31 2014


...................................

...THE GREAT FALLS MT CLIMATE SUMMARY FOR JULY 30 2014...

CLIMATE NORMAL PERIOD 1981 TO 2010
CLIMATE RECORD PERIOD 1886 TO 2014


WEATHER ITEM   OBSERVED TIME   RECORD YEAR NORMAL DEPARTURE LAST
                VALUE   (LST)  VALUE       VALUE  FROM      YEAR
                                                  NORMAL
..................................................................
TEMPERATURE (F)
 YESTERDAY
  MAXIMUM         94    318 PM 102    1934  86      8       74
  MINIMUM         62   1158 PM  43    1892  53      9       52
  AVERAGE         78                        69      9       63

PRECIPITATION (IN)
  YESTERDAY        0.00          1.27 1950   0.03  -0.03     0.00
  MONTH TO DATE    0.78                      1.46  -0.68     0.37
  SINCE OCT 1     14.12                     11.72   2.40    11.15
  SINCE JAN 1     12.07                      9.72   2.35     7.81

SNOWFALL (IN)
  YESTERDAY        0.0           0.0  2002   0.0    0.0      0.0
  MONTH TO DATE    0.0                       0.0    0.0      0.0
  SINCE JUN 1      0.0                       0.3   -0.3      0.0
  SINCE JUL 1      0.0                       0.0    0.0      0.0
  SNOW DEPTH       0

DEGREE DAYS
 HEATING
  YESTERDAY        0                         1     -1        2
  MONTH TO DATE    5                        49    -44       16
  SINCE JUN 1    228                       240    -12      188
  SINCE JUL 1      5                        49    -44       16

 COOLING
  YESTERDAY       13                         5      8        0
  MONTH TO DATE  168                       120     48      173
  SINCE JUN 1    168                       152     16      200
  SINCE JAN 1    168                       159      9      203
..................................................................


WIND (MPH)
  HIGHEST WIND SPEED    21   HIGHEST WIND DIRECTION    SW (230)
  HIGHEST GUST SPEED    28   HIGHEST GUST DIRECTION    SW (230)
  AVERAGE WIND SPEED     7.8


SKY COVER
  AVERAGE SKY COVER 0.1


WEATHER CONDITIONS
 THE FOLLOWING WEATHER WAS RECORDED YESTERDAY.
  THUNDERSTORM


RELATIVE HUMIDITY (PERCENT)
 HIGHEST    48           200 AM
 LOWEST     15          1200 PM
 AVERAGE    32

..........................................................


THE GREAT FALLS MT CLIMATE NORMALS FOR TODAY
                         NORMAL    RECORD    YEAR
 MAXIMUM TEMPERATURE (F)   86       100      1930
 MINIMUM TEMPERATURE (F)   53        42      1968


SUNRISE AND SUNSET
JULY 31 2014..........SUNRISE   602 AM MDT   SUNSET   901 PM MDT
AUGUST  1 2014........SUNRISE   603 AM MDT   SUNSET   859 PM MDT


-  INDICATES NEGATIVE NUMBERS.
R  INDICATES RECORD WAS SET OR TIED.
MM INDICATES DATA IS MISSING.
T  INDICATES TRACE AMOUNT.




$$
