000
CDUS45 KTFX 102324
CLIGTF


CLIMATE REPORT
NATIONAL WEATHER SERVICE GREAT FALLS MT
422 PM MST WED FEB 10 2016


...................................

...THE GREAT FALLS MT CLIMATE SUMMARY FOR FEBRUARY 10 2016...
VALID TODAY AS OF 0400 PM LOCAL TIME.

CLIMATE NORMAL PERIOD 1981 TO 2010
CLIMATE RECORD PERIOD 1886 TO 2016


WEATHER ITEM   OBSERVED TIME   RECORD YEAR NORMAL DEPARTURE LAST
                VALUE   (LST)  VALUE       VALUE  FROM      YEAR
                                                  NORMAL
..................................................................
TEMPERATURE (F)
 TODAY
  MAXIMUM         58    227 PM  64    1951  37     21       45
  MINIMUM         36    713 AM -30    1939  16     20       21
  AVERAGE         47                        27     20       33

PRECIPITATION (IN)
  TODAY            0.00          0.23 1922   0.01  -0.01     0.02
  MONTH TO DATE    0.03                      0.15  -0.12     0.12
  SINCE OCT 1      5.75                      2.66   3.09     4.08
  SINCE JAN 1      0.65                      0.66  -0.01     1.13

SNOWFALL (IN)
  TODAY            0.0           2.2  1922   0.3   -0.3      0.1
  MONTH TO DATE    0.1                       2.8   -2.7      0.2
  SINCE DEC 1     22.0                      20.9    1.1     33.3
  SINCE JUL 1     37.9                      34.6    3.3     50.7

DEGREE DAYS
 HEATING
  TODAY           18                        38    -20       32
  MONTH TO DATE  290                       388    -98      291
  SINCE DEC 1   2633                      2870   -237     2594
  SINCE JUL 1   4454                      4839   -385     4483

 COOLING
  TODAY            0                         0      0        0
  MONTH TO DATE    0                         0      0        0
  SINCE DEC 1      0                         0      0        0
  SINCE JAN 1      0                         0      0        0
..................................................................


WIND (MPH)
  HIGHEST WIND SPEED    23   HIGHEST WIND DIRECTION    SW (220)
  HIGHEST GUST SPEED    27   HIGHEST GUST DIRECTION    SW (220)
  AVERAGE WIND SPEED    13.6


SKY COVER
  AVERAGE SKY COVER 0.0


WEATHER CONDITIONS
 THE FOLLOWING WEATHER WAS RECORDED TODAY.
  NO SIGNIFICANT WEATHER WAS OBSERVED.


RELATIVE HUMIDITY (PERCENT)
 HIGHEST    50           700 AM
 LOWEST     32           300 PM
 AVERAGE    41

..........................................................


THE GREAT FALLS MT CLIMATE NORMALS FOR TOMORROW
                         NORMAL    RECORD    YEAR
 MAXIMUM TEMPERATURE (F)   38        62      2005
                                             1987
 MINIMUM TEMPERATURE (F)   16       -35      1899


SUNRISE AND SUNSET
FEBRUARY 10 2016......SUNRISE   739 AM MST   SUNSET   541 PM MST
FEBRUARY 11 2016......SUNRISE   738 AM MST   SUNSET   542 PM MST


-  INDICATES NEGATIVE NUMBERS.
R  INDICATES RECORD WAS SET OR TIED.
MM INDICATES DATA IS MISSING.
T  INDICATES TRACE AMOUNT.




$$
