000
CDUS45 KTFX 222228
CLIGTF


CLIMATE REPORT
NATIONAL WEATHER SERVICE GREAT FALLS MT
427 PM MDT FRI MAY 22 2015


...................................

...THE GREAT FALLS MT CLIMATE SUMMARY FOR MAY 22 2015...
VALID TODAY AS OF 0400 PM LOCAL TIME.

CLIMATE NORMAL PERIOD 1981 TO 2010
CLIMATE RECORD PERIOD 1886 TO 2015


WEATHER ITEM   OBSERVED TIME   RECORD YEAR NORMAL DEPARTURE LAST
                VALUE   (LST)  VALUE       VALUE  FROM      YEAR
                                                  NORMAL
..................................................................
TEMPERATURE (F)
 TODAY
  MAXIMUM         71    259 PM  97    1919  66      5       80
  MINIMUM         41    501 AM  29    1992  41      0       43
  AVERAGE         56                        53      3       62

PRECIPITATION (IN)
  TODAY            0.00          1.27 1968   0.10  -0.10     0.00
  MONTH TO DATE    1.80                      1.51   0.29     1.30
  SINCE OCT 1      7.13                      6.82   0.31     8.84
  SINCE JAN 1      4.18                      4.82  -0.64     6.79

SNOWFALL (IN)
  TODAY            0.0           1.4  2002   0.1   -0.1      0.0
  MONTH TO DATE    T                         2.3   -2.3      3.7
  SINCE MAR 1      1.6                      22.8  -21.2     18.9
  SINCE JUL 1     57.9                      62.8   -4.9     76.4
  SNOW DEPTH       0

DEGREE DAYS
 HEATING
  TODAY            9                        12     -3        3
  MONTH TO DATE  361                       323     38      355
  SINCE MAR 1   1634                      1935   -301     2085
  SINCE JUL 1   6772                      7440   -668     7739

 COOLING
  TODAY            0                         0      0        0
  MONTH TO DATE    0                         0      0        0
  SINCE MAR 1      0                         1     -1        0
  SINCE JAN 1      0                         1     -1        0
..................................................................


WIND (MPH)
  HIGHEST WIND SPEED    13   HIGHEST WIND DIRECTION     N (20)
  HIGHEST GUST SPEED    18   HIGHEST GUST DIRECTION    NE (30)
  AVERAGE WIND SPEED     3.4


SKY COVER
  AVERAGE SKY COVER 0.1


WEATHER CONDITIONS
 THE FOLLOWING WEATHER WAS RECORDED TODAY.
  NO SIGNIFICANT WEATHER WAS OBSERVED.


RELATIVE HUMIDITY (PERCENT)
 HIGHEST    83           300 AM
 LOWEST     31           200 PM
 AVERAGE    57

..........................................................


THE GREAT FALLS MT CLIMATE NORMALS FOR TOMORROW
                         NORMAL    RECORD    YEAR
 MAXIMUM TEMPERATURE (F)   67        88      1988
                                             1929
                                             1919
 MINIMUM TEMPERATURE (F)   41        30      1949


SUNRISE AND SUNSET
MAY 22 2015...........SUNRISE   541 AM MDT   SUNSET   904 PM MDT
MAY 23 2015...........SUNRISE   540 AM MDT   SUNSET   905 PM MDT


-  INDICATES NEGATIVE NUMBERS.
R  INDICATES RECORD WAS SET OR TIED.
MM INDICATES DATA IS MISSING.
T  INDICATES TRACE AMOUNT.




$$
