000
CDUS45 KTFX 211006
CLIGTF


CLIMATE REPORT
NATIONAL WEATHER SERVICE GREAT FALLS MT
405 AM MDT MON APR 21 2014


...................................

...THE GREAT FALLS MT CLIMATE SUMMARY FOR APRIL 20 2014...

CLIMATE NORMAL PERIOD 1981 TO 2010
CLIMATE RECORD PERIOD 1886 TO 2014


WEATHER ITEM   OBSERVED TIME   RECORD YEAR NORMAL DEPARTURE LAST
                VALUE   (LST)  VALUE       VALUE  FROM      YEAR
                                                  NORMAL
..................................................................
TEMPERATURE (F)
 YESTERDAY
  MAXIMUM         60    329 PM  89    1980  57      3       62
  MINIMUM         36    938 PM  -1    2008  31      5       27
  AVERAGE         48                        44      4       45

PRECIPITATION (IN)
  YESTERDAY        0.00          1.69 1973   0.05  -0.05     0.12
  MONTH TO DATE    0.56                      0.90  -0.34     0.67
  SINCE OCT 1      6.34                      4.79   1.55     5.29
  SINCE JAN 1      4.29                      2.79   1.50     1.95

SNOWFALL (IN)
  YESTERDAY        0.0          16.5  1973   0.3   -0.3      1.6
  MONTH TO DATE    2.4                       6.2   -3.8      9.8
  SINCE MAR 1     15.2                      18.1   -2.9     13.8
  SINCE JUL 1     72.7                      58.1   14.6     69.6
  SNOW DEPTH       0

DEGREE DAYS
 HEATING
  YESTERDAY       17                        21     -4       20
  MONTH TO DATE  452                       467    -15      533
  SINCE MAR 1   1536                      1420    116     1425
  SINCE JUL 1   7190                      6925    265     6238

 COOLING
  YESTERDAY        0                         0      0        0
  MONTH TO DATE    0                         0      0        0
  SINCE MAR 1      0                         0      0        0
  SINCE JAN 1      0                         0      0        0
..................................................................


WIND (MPH)
  HIGHEST WIND SPEED    32   HIGHEST WIND DIRECTION     W (250)
  HIGHEST GUST SPEED    41   HIGHEST GUST DIRECTION     W (260)
  AVERAGE WIND SPEED    16.2


SKY COVER
  AVERAGE SKY COVER 0.1


WEATHER CONDITIONS
 THE FOLLOWING WEATHER WAS RECORDED YESTERDAY.
  NO SIGNIFICANT WEATHER WAS OBSERVED.


RELATIVE HUMIDITY (PERCENT)
 HIGHEST    59          1200 AM
 LOWEST     15           400 PM
 AVERAGE    37

..........................................................


THE GREAT FALLS MT CLIMATE NORMALS FOR TODAY
                         NORMAL    RECORD    YEAR
 MAXIMUM TEMPERATURE (F)   57        80      1942
 MINIMUM TEMPERATURE (F)   32        -8      2008


SUNRISE AND SUNSET
APRIL 21 2014.........SUNRISE   626 AM MDT   SUNSET   823 PM MDT
APRIL 22 2014.........SUNRISE   624 AM MDT   SUNSET   825 PM MDT


-  INDICATES NEGATIVE NUMBERS.
R  INDICATES RECORD WAS SET OR TIED.
MM INDICATES DATA IS MISSING.
T  INDICATES TRACE AMOUNT.




$$
