000
CDUS45 KTFX 251101
CLIGTF


CLIMATE REPORT
NATIONAL WEATHER SERVICE GREAT FALLS MT
459 AM MDT SUN SEP 25 2016


...................................

...THE GREAT FALLS MT CLIMATE SUMMARY FOR SEPTEMBER 24 2016...

CLIMATE NORMAL PERIOD 1981 TO 2010
CLIMATE RECORD PERIOD 1886 TO 2016


WEATHER ITEM   OBSERVED TIME   RECORD YEAR NORMAL DEPARTURE LAST
                VALUE   (LST)  VALUE       VALUE  FROM      YEAR
                                                  NORMAL
..................................................................
TEMPERATURE (F)
 YESTERDAY
  MAXIMUM         64    316 PM  93    2009  67     -3       83
  MINIMUM         40   1159 PM  10    1926  39      1       42
  AVERAGE         52                        53     -1       63

PRECIPITATION (IN)
  YESTERDAY        0.00          1.18 1918   0.04  -0.04     0.00
  MONTH TO DATE    2.22                      1.17   1.05     2.54
  SINCE OCT 1     16.62                     14.50   2.12    13.54
  SINCE JAN 1     11.52                     12.50  -0.98    10.59

SNOWFALL (IN)
  YESTERDAY        0.0           4.8  1901   0.1   -0.1      0.0
  MONTH TO DATE    0.0                       0.8   -0.8      0.0
  SINCE SEP 1      0.0                       0.8   -0.8      0.0
  SINCE JUL 1      T                         1.1   -1.1      0.0
  SNOW DEPTH       0

DEGREE DAYS
 HEATING
  YESTERDAY       13                        12      1        2
  MONTH TO DATE  247                       205     42      177
  SINCE SEP 1    247                       205     42      177
  SINCE JUL 1    348                       326     22      273

 COOLING
  YESTERDAY        0                         0      0        0
  MONTH TO DATE   10                        20    -10       11
  SINCE SEP 1     10                        20    -10       11
  SINCE JAN 1    252                       296    -44      402
..................................................................


WIND (MPH)
  HIGHEST WIND SPEED    26   HIGHEST WIND DIRECTION    NW (310)
  HIGHEST GUST SPEED    34   HIGHEST GUST DIRECTION    NW (320)
  AVERAGE WIND SPEED    12.5


SKY COVER
  AVERAGE SKY COVER 0.4


WEATHER CONDITIONS
 THE FOLLOWING WEATHER WAS RECORDED YESTERDAY.
  NO SIGNIFICANT WEATHER WAS OBSERVED.


RELATIVE HUMIDITY (PERCENT)
 HIGHEST    83           100 AM
 LOWEST     36          1200 PM
 AVERAGE    60

..........................................................


THE GREAT FALLS MT CLIMATE NORMALS FOR TODAY
                         NORMAL    RECORD    YEAR
 MAXIMUM TEMPERATURE (F)   66        93      2001
 MINIMUM TEMPERATURE (F)   39        17      1934


SUNRISE AND SUNSET
SEPTEMBER 25 2016.....SUNRISE   717 AM MDT   SUNSET   716 PM MDT
SEPTEMBER 26 2016.....SUNRISE   718 AM MDT   SUNSET   714 PM MDT


-  INDICATES NEGATIVE NUMBERS.
R  INDICATES RECORD WAS SET OR TIED.
MM INDICATES DATA IS MISSING.
T  INDICATES TRACE AMOUNT.




$$
