000
CDGM40 PGUM 020629
CLIGUM


CLIMATE REPORT
NATIONAL WEATHER SERVICE TIYAN, GUAM
429 PM CHST THU OCT 2 2014


...................................

...THE GUAM INTERNATIONAL AIRPORT GU CLIMATE SUMMARY FOR OCTOBER 2 2014...
VALID TODAY AS OF 0400 PM LOCAL TIME.

CLIMATE NORMAL PERIOD 1981 TO 2010
CLIMATE RECORD PERIOD 1945 TO 2014


WEATHER ITEM   OBSERVED TIME   RECORD YEAR NORMAL DEPARTURE LAST
                VALUE   (LST)  VALUE       VALUE  FROM      YEAR
                                                  NORMAL
..................................................................
TEMPERATURE (F)
 TODAY
  MAXIMUM         88   1125 AM  91    2001  87      1       88
                                      1987
                                      1986
  MINIMUM         77    354 AM  70    1950  76      1       75
  AVERAGE         83                        82      1       82

PRECIPITATION (IN)
  TODAY            0.58          4.68 1950   0.40   0.18     0.20
  MONTH TO DATE    3.62                      0.82   2.80     0.28
  SINCE SEP 1     18.34                     14.99   3.35    32.53
  SINCE JAN 1     93.93                     71.51  22.42    71.75

SNOWFALL (IN)
  TODAY            0.0
  MONTH TO DATE    0.0
  SINCE SEP 1      0.0
  SINCE JUL 1      0.0
  SNOW DEPTH       0

DEGREE DAYS
 HEATING
  TODAY            0
  MONTH TO DATE    0
  SINCE SEP 1      0
  SINCE JUL 1      0

 COOLING
  TODAY           18                        17      1       17
  MONTH TO DATE   35                        34      1       34
  SINCE SEP 1    495                       527    -32      544
  SINCE JAN 1   4795                      4514    281     5057
..................................................................


WIND (MPH)
  RESULTANT WIND SPEED   8   RESULTANT WIND DIRECTION   S (180)
  HIGHEST WIND SPEED    21   HIGHEST WIND DIRECTION     S (170)
  HIGHEST GUST SPEED    26   HIGHEST GUST DIRECTION     S (180)
  AVERAGE WIND SPEED     8.2


SKY COVER
  POSSIBLE SUNSHINE  MM
  AVERAGE SKY COVER 0.5


WEATHER CONDITIONS
 THE FOLLOWING WEATHER WAS RECORDED TODAY.
  HEAVY RAIN
  RAIN
  LIGHT RAIN


RELATIVE HUMIDITY (PERCENT)
 HIGHEST    94           400 AM
 LOWEST     75          1100 AM
 AVERAGE    85

..........................................................


THE GUAM INTERNATIONAL AIRPORT GU CLIMATE NORMALS FOR TOMORROW
                         NORMAL    RECORD    YEAR
 MAXIMUM TEMPERATURE (F)   87        92      1984
                                             1951
 MINIMUM TEMPERATURE (F)   76        71      1986


SUNRISE AND SUNSET
OCTOBER  2 2014.......SUNRISE   610 AM CHST  SUNSET   610 PM CHST
OCTOBER  3 2014.......SUNRISE   610 AM CHST  SUNSET   610 PM CHST


-  INDICATES NEGATIVE NUMBERS.
R  INDICATES RECORD WAS SET OR TIED.
MM INDICATES DATA IS MISSING.
T  INDICATES TRACE AMOUNT.




$$
