999
CDGM40 PGUM 140644
CLIGUM


CLIMATE REPORT
NATIONAL WEATHER SERVICE TIYAN, GUAM
439 PM CHST SUN FEB 14 2016


...................................

...THE GUAM INTERNATIONAL AIRPORT GU CLIMATE SUMMARY FOR FEBRUARY 14 2016...
VALID TODAY AS OF 0400 PM LOCAL TIME.

CLIMATE NORMAL PERIOD 1981 TO 2010
CLIMATE RECORD PERIOD 1945 TO 2016


WEATHER ITEM   OBSERVED TIME   RECORD YEAR NORMAL DEPARTURE LAST
                VALUE   (LST)  VALUE       VALUE  FROM      YEAR
                                                  NORMAL
..................................................................
TEMPERATURE (F)
 TODAY
  MAXIMUM         86    219 PM  93    1946  85      1       87
  MINIMUM         76    802 AM  70    1969  75      1       73
  AVERAGE         81                        80      1       80

PRECIPITATION (IN)
  TODAY            T             3.60 1999   0.16  -0.16     0.00
  MONTH TO DATE    0.64                      2.23  -1.59     0.06
  SINCE DEC 1      7.03                     13.17  -6.14    12.49
  SINCE JAN 1      3.26                      7.19  -3.93     8.62

SNOWFALL (IN)
  TODAY            0.0
  MONTH TO DATE    0.0
  SINCE DEC 1      0.0
  SINCE JUL 1      0.0
  SNOW DEPTH       0

DEGREE DAYS
 HEATING
  TODAY            0
  MONTH TO DATE    0
  SINCE DEC 1      0
  SINCE JUL 1      0

 COOLING
  TODAY           16                        15      1       15
  MONTH TO DATE  228                       210     18      217
  SINCE DEC 1   1293                      1183    110     1312
  SINCE JAN 1    735                       681     54      734
..................................................................


WIND (MPH)
  RESULTANT WIND SPEED  15   RESULTANT WIND DIRECTION   E (70)
  HIGHEST WIND SPEED    24   HIGHEST WIND DIRECTION    NE (60)
  HIGHEST GUST SPEED    29   HIGHEST GUST DIRECTION     E (70)
  AVERAGE WIND SPEED    15.2


SKY COVER
  POSSIBLE SUNSHINE  MM
  AVERAGE SKY COVER 0.4


WEATHER CONDITIONS
 THE FOLLOWING WEATHER WAS RECORDED TODAY.
  NO SIGNIFICANT WEATHER WAS OBSERVED.


RELATIVE HUMIDITY (PERCENT)
 HIGHEST    76           500 AM
 LOWEST     51          1200 PM
 AVERAGE    64

..........................................................


THE GUAM INTERNATIONAL AIRPORT GU CLIMATE NORMALS FOR TOMORROW
                         NORMAL    RECORD    YEAR
 MAXIMUM TEMPERATURE (F)   85        89      1988
                                             1985
 MINIMUM TEMPERATURE (F)   75        68      1966


SUNRISE AND SUNSET
FEBRUARY 14 2016......SUNRISE   644 AM CHST  SUNSET   626 PM CHST
FEBRUARY 15 2016......SUNRISE   644 AM CHST  SUNSET   626 PM CHST


-  INDICATES NEGATIVE NUMBERS.
R  INDICATES RECORD WAS SET OR TIED.
MM INDICATES DATA IS MISSING.
T  INDICATES TRACE AMOUNT.




$$
