000
CDUS44 KAMA 221506
CLIGUY


CLIMATE REPORT
NATIONAL WEATHER SERVICE AMARILLO TX
906 AM CST MON DEC 22 2014


...................................

...THE GUYMON CLIMATE SUMMARY FOR DECEMBER 22 2014...
VALID AS OF 0900 AM LOCAL TIME.

CLIMATE NORMAL PERIOD 1981 TO 2010
CLIMATE RECORD PERIOD 1998 TO 2014


WEATHER ITEM   OBSERVED TIME   RECORD YEAR NORMAL DEPARTURE LAST
                VALUE   (LST)  VALUE       VALUE  FROM      YEAR
                                                  NORMAL
..................................................................
TEMPERATURE (F)
 TODAY
  MINIMUM         40    102 AM  -5    1998  21     19       17

PRECIPITATION (IN)
  TODAY            0.00         MM      MM   0.02  -0.02     0.00
  MONTH TO DATE    0.76                      0.47   0.29     0.31
  SINCE DEC 1      0.76                      0.47   0.29     0.31
  SINCE JAN 1     13.07                     19.13  -6.06    15.31

SNOWFALL (IN)
  TODAY            0.0          MM      MM  MM     MM        0.0
  MONTH TO DATE    0.0                      MM     MM        3.5
  SINCE DEC 1      0.0                      MM     MM        3.5
  SINCE JUL 1      3.0                      MM     MM        7.2
  SNOW DEPTH       0

..................................................................


WIND (MPH)
  RESULTANT WIND SPEED  15   RESULTANT WIND DIRECTION  NW (320)
  HIGHEST WIND SPEED    28   HIGHEST WIND DIRECTION    NW (320)
  HIGHEST GUST SPEED    35   HIGHEST GUST DIRECTION    NW (320)
  AVERAGE WIND SPEED    15.3


SKY COVER
  AVERAGE SKY COVER 0.5


WEATHER CONDITIONS
 THE FOLLOWING WEATHER WAS RECORDED TODAY.
  NO SIGNIFICANT WEATHER WAS OBSERVED.


RELATIVE HUMIDITY (PERCENT)
 HIGHEST    71           300 AM
 LOWEST     56           400 AM
 AVERAGE    64

..........................................................


THE GUYMON CLIMATE NORMALS FOR TOMORROW
                         NORMAL    RECORD    YEAR
 MAXIMUM TEMPERATURE (F)   47        71      2005
 MINIMUM TEMPERATURE (F)   21        -4      2004


SUNRISE AND SUNSET
DECEMBER 22 2014......SUNRISE   755 AM CST   SUNSET   534 PM CST
DECEMBER 23 2014......SUNRISE   756 AM CST   SUNSET   535 PM CST


-  INDICATES NEGATIVE NUMBERS.
R  INDICATES RECORD WAS SET OR TIED.
MM INDICATES DATA IS MISSING.
T  INDICATES TRACE AMOUNT.




$$
