000
CDUS44 KAMA 272141
CLIGUY


CLIMATE REPORT
NATIONAL WEATHER SERVICE AMARILLO TX
441 PM CDT THU APR 27 2017


...................................

...THE GUYMON CLIMATE SUMMARY FOR APRIL 27 2017...
VALID TODAY AS OF 0400 PM LOCAL TIME.

CLIMATE NORMAL PERIOD 1981 TO 2010
CLIMATE RECORD PERIOD 1998 TO 2017


WEATHER ITEM   OBSERVED TIME   RECORD YEAR NORMAL DEPARTURE LAST
                VALUE   (LST)  VALUE       VALUE  FROM      YEAR
                                                  NORMAL
..................................................................
TEMPERATURE (F)
 TODAY
  MAXIMUM         74    339 PM  MM      MM  74      0       68
  MINIMUM         39    612 AM  MM      MM  44     -5       44
  AVERAGE         57                        59     -2       56

PRECIPITATION (IN)
  TODAY            0.00         MM      MM   0.05  -0.05     0.00
  MONTH TO DATE    1.96                      1.35   0.61     3.73
  SINCE MAR 1      3.91                      2.78   1.13     3.99
  SINCE JAN 1      5.93                      3.65   2.28     4.42

SNOWFALL (IN)
  TODAY            0.0          MM      MM  MM     MM        0.0
  MONTH TO DATE    2.0                      MM     MM        0.0
  SINCE MAR 1      2.0                      MM     MM        0.0
  SINCE JUL 1      2.8                      MM     MM        0.0
  SNOW DEPTH       0

DEGREE DAYS
 HEATING
  TODAY            8                         7      1        9
  MONTH TO DATE  214                       287    -73      192
  SINCE MAR 1    628                       868   -240      636
  SINCE JUL 1   3531                      4335   -804     3603

 COOLING
  TODAY            0                         1     -1        0
  MONTH TO DATE   42                         7     35       11
  SINCE MAR 1     57                         9     48       17
  SINCE JAN 1     65                         9     56       20
..................................................................


WIND (MPH)
  RESULTANT WIND SPEED   8   RESULTANT WIND DIRECTION   S (180)
  HIGHEST WIND SPEED    25   HIGHEST WIND DIRECTION    SW (210)
  HIGHEST GUST SPEED    31   HIGHEST GUST DIRECTION    SW (210)
  AVERAGE WIND SPEED     9.5


SKY COVER
  AVERAGE SKY COVER 0.3


WEATHER CONDITIONS
 THE FOLLOWING WEATHER WAS RECORDED TODAY.
  NO SIGNIFICANT WEATHER WAS OBSERVED.


RELATIVE HUMIDITY (PERCENT)
 HIGHEST    79           600 AM
 LOWEST     27           300 PM
 AVERAGE    53

..........................................................


THE GUYMON CLIMATE NORMALS FOR TOMORROW
                         NORMAL    RECORD    YEAR
 MAXIMUM TEMPERATURE (F)   74        MM        MM
 MINIMUM TEMPERATURE (F)   44        MM        MM


SUNRISE AND SUNSET
APRIL 27 2017.........SUNRISE   657 AM CDT   SUNSET   831 PM CDT
APRIL 28 2017.........SUNRISE   655 AM CDT   SUNSET   832 PM CDT


-  INDICATES NEGATIVE NUMBERS.
R  INDICATES RECORD WAS SET OR TIED.
MM INDICATES DATA IS MISSING.
T  INDICATES TRACE AMOUNT.




$$
