000
CDUS44 KAMA 230625
CLIGUY


CLIMATE REPORT
NATIONAL WEATHER SERVICE AMARILLO TX
125 AM CDT SAT MAY 23 2015


...................................

...THE GUYMON CLIMATE SUMMARY FOR MAY 22 2015...

CLIMATE NORMAL PERIOD 1981 TO 2010
CLIMATE RECORD PERIOD 1998 TO 2015


WEATHER ITEM   OBSERVED TIME   RECORD YEAR NORMAL DEPARTURE LAST
                VALUE   (LST)  VALUE       VALUE  FROM      YEAR
                                                  NORMAL
..................................................................
TEMPERATURE (F)
 YESTERDAY
  MAXIMUM         69    509 PM  MM      MM  81    -12       91
  MINIMUM         50    629 AM  MM      MM  53     -3       59
  AVERAGE         60                        67     -7       75

PRECIPITATION (IN)
  YESTERDAY        0.42         MM      MM   0.09   0.33     0.96
  MONTH TO DATE    5.09                      1.48   3.61     0.97
  SINCE MAR 1      7.56                      4.42   3.14     1.73
  SINCE JAN 1      9.51                      5.29   4.22     2.07

SNOWFALL (IN)
  YESTERDAY        0.0          MM      MM  MM     MM        0.0
  MONTH TO DATE    0.0                      MM     MM        0.0
  SINCE MAR 1      2.0                      MM     MM        3.5
  SINCE JUL 1     23.3                      MM     MM       16.2
  SNOW DEPTH       0

DEGREE DAYS
 HEATING
  YESTERDAY        5                         2      3        0
  MONTH TO DATE  106                        83     23       77
  SINCE MAR 1    772                       969   -197      966
  SINCE JUL 1   3989                      4436   -447     4532

 COOLING
  YESTERDAY        0                         4     -4       10
  MONTH TO DATE   28                        52    -24      100
  SINCE MAR 1     45                        67    -22      128
  SINCE JAN 1     45                        67    -22      128
..................................................................


WIND (MPH)
  RESULTANT WIND SPEED  12   RESULTANT WIND DIRECTION   S (160)
  HIGHEST WIND SPEED    21   HIGHEST WIND DIRECTION     S (160)
  HIGHEST GUST SPEED    28   HIGHEST GUST DIRECTION    SE (150)
  AVERAGE WIND SPEED    13.2


SKY COVER
  AVERAGE SKY COVER 0.8


WEATHER CONDITIONS
 THE FOLLOWING WEATHER WAS RECORDED YESTERDAY.
  HEAVY RAIN
  RAIN
  LIGHT RAIN
  FOG


RELATIVE HUMIDITY (PERCENT)
 HIGHEST   100          1200 AM
 LOWEST     63           400 PM
 AVERAGE    82

..........................................................


THE GUYMON CLIMATE NORMALS FOR TODAY
                         NORMAL    RECORD    YEAR
 MAXIMUM TEMPERATURE (F)   81        MM        MM
 MINIMUM TEMPERATURE (F)   53        MM        MM


SUNRISE AND SUNSET
MAY 23 2015...........SUNRISE   633 AM CDT   SUNSET   853 PM CDT
MAY 24 2015...........SUNRISE   633 AM CDT   SUNSET   853 PM CDT


-  INDICATES NEGATIVE NUMBERS.
R  INDICATES RECORD WAS SET OR TIED.
MM INDICATES DATA IS MISSING.
T  INDICATES TRACE AMOUNT.




$$
