000
CDUS42 KFFC 290819
CLIGVL


CLIMATE REPORT
NATIONAL WEATHER SERVICE PEACHTREE CITY GA
418 AM EDT FRI MAY 29 2015


...................................

...THE GAINESVILLE   CLIMATE SUMMARY FOR MAY 28 2015...

CLIMATE NORMAL PERIOD 1981 TO 2010
CLIMATE RECORD PERIOD 9999 TO 9999


WEATHER ITEM   OBSERVED TIME   RECORD YEAR NORMAL DEPARTURE LAST
                VALUE   (LST)  VALUE       VALUE  FROM      YEAR
                                                  NORMAL
..................................................................
TEMPERATURE (F)
 YESTERDAY
  MAXIMUM         82   1137 AM  MM      MM  81      1       86
  MINIMUM         65    615 AM  MM      MM  62      3       66
  AVERAGE         74                        71      3       76

PRECIPITATION (IN)
  YESTERDAY        0.07         MM      MM   0.14  -0.07     0.04
  MONTH TO DATE    2.11                      3.61  -1.50     3.38
  SINCE MAR 1      9.09                     12.59  -3.50    12.39
  SINCE JAN 1     17.27                     22.49  -5.22    18.38

DEGREE DAYS
 COOLING
  YESTERDAY        9                         7      2       11
  MONTH TO DATE  181                       114     67      165
  SINCE MAR 1    227                       153     74      199
  SINCE JAN 1    227                       153     74      199
..................................................................


WIND (MPH)
  RESULTANT WIND SPEED   1   RESULTANT WIND DIRECTION  NW (330)
  HIGHEST WIND SPEED    22   HIGHEST WIND DIRECTION     E (80)
  HIGHEST GUST SPEED    30   HIGHEST GUST DIRECTION    NE (60)
  AVERAGE WIND SPEED     3.7


SKY COVER
  AVERAGE SKY COVER 0.5


WEATHER CONDITIONS
 THE FOLLOWING WEATHER WAS RECORDED YESTERDAY.
  THUNDERSTORM
  RAIN
  LIGHT RAIN
  FOG


RELATIVE HUMIDITY (PERCENT)
 HIGHEST    93           600 AM
 LOWEST     58          1100 AM
 AVERAGE    76

..........................................................


THE GAINESVILLE   CLIMATE NORMALS FOR TODAY
                         NORMAL    RECORD    YEAR
 MAXIMUM TEMPERATURE (F)   81        MM        MM
 MINIMUM TEMPERATURE (F)   62        MM        MM


SUNRISE AND SUNSET
MAY 29 2015...........SUNRISE   626 AM EDT   SUNSET   840 PM EDT
MAY 30 2015...........SUNRISE   625 AM EDT   SUNSET   841 PM EDT


-  INDICATES NEGATIVE NUMBERS.
R  INDICATES RECORD WAS SET OR TIED.
MM INDICATES DATA IS MISSING.
T  INDICATES TRACE AMOUNT.




$$
