000
CDUS42 KFFC 240037
CLIGVL


CLIMATE REPORT
NATIONAL WEATHER SERVICE PEACHTREE CITY GA
836 PM EDT SUN APR 23 2017


...................................

...THE GAINESVILLE   CLIMATE SUMMARY FOR APRIL 23 2017...
VALID AS OF 0800 PM LOCAL TIME.

CLIMATE NORMAL PERIOD 1981 TO 2010
CLIMATE RECORD PERIOD 9999 TO 9999


WEATHER ITEM   OBSERVED TIME   RECORD YEAR NORMAL DEPARTURE LAST
                VALUE   (LST)  VALUE       VALUE  FROM      YEAR
                                                  NORMAL
..................................................................
TEMPERATURE (F)
 TODAY
  MAXIMUM         60    948 AM  MM      MM  73    -13       78
  MINIMUM         51    707 PM  MM      MM  52     -1       54
  AVERAGE         56                        62     -6       66

PRECIPITATION (IN)
  TODAY            1.46         MM      MM   0.13   1.33     0.00
  MONTH TO DATE    5.30                      2.70   2.60     1.97
  SINCE MAR 1      9.14                      8.12   1.02     3.83

SNOWFALL (IN)
  TODAY            0.0          MM      MM  MM     MM       MM
  MONTH TO DATE    0.0                      MM     MM        0.0
  SINCE MAR 1      0.0                      MM     MM        0.0
  SINCE JUL 1      0.0                      MM     MM         T
  SNOW DEPTH       0

DEGREE DAYS
 HEATING
  TODAY            9                         4      5        0
  MONTH TO DATE   62                       150    -88      126
  SINCE MAR 1    386                       538   -152      359
  SINCE JUL 1   2116                      3002   -886     2411

 COOLING
  TODAY            0                         1     -1        1
  MONTH TO DATE   60                        21     39       10
  SINCE MAR 1     79                        26     53       31
  SINCE JAN 1     79                        26     53       31
..................................................................


WIND (MPH)
  RESULTANT WIND SPEED  10   RESULTANT WIND DIRECTION   E (90)
  HIGHEST WIND SPEED    22   HIGHEST WIND DIRECTION     E (80)
  HIGHEST GUST SPEED    27   HIGHEST GUST DIRECTION     E (90)
  AVERAGE WIND SPEED    10.9


SKY COVER
  AVERAGE SKY COVER 1.0


WEATHER CONDITIONS
 THE FOLLOWING WEATHER WAS RECORDED TODAY.
  THUNDERSTORM
  HEAVY RAIN
  RAIN
  LIGHT RAIN
  FOG


RELATIVE HUMIDITY (PERCENT)
 HIGHEST   100          1200 AM
 LOWEST    100          1200 AM
 AVERAGE   100

..........................................................


THE GAINESVILLE   CLIMATE NORMALS FOR TOMORROW
                         NORMAL    RECORD    YEAR
 MAXIMUM TEMPERATURE (F)   73        MM        MM
 MINIMUM TEMPERATURE (F)   52        MM        MM


SUNRISE AND SUNSET
APRIL 23 2017.........SUNRISE   654 AM EDT   SUNSET   813 PM EDT
APRIL 24 2017.........SUNRISE   653 AM EDT   SUNSET   814 PM EDT


-  INDICATES NEGATIVE NUMBERS.
R  INDICATES RECORD WAS SET OR TIED.
MM INDICATES DATA IS MISSING.
T  INDICATES TRACE AMOUNT.




$$
