000
CDUS42 KFFC 220819
CLIGVL


CLIMATE REPORT
NATIONAL WEATHER SERVICE PEACHTREE CITY GA
418 AM EDT SAT JUL 22 2017


...................................

...THE GAINESVILLE   CLIMATE SUMMARY FOR JULY 21 2017...

CLIMATE NORMAL PERIOD 1981 TO 2010
CLIMATE RECORD PERIOD 9999 TO 9999


WEATHER ITEM   OBSERVED TIME   RECORD YEAR NORMAL DEPARTURE LAST
                VALUE   (LST)  VALUE       VALUE  FROM      YEAR
                                                  NORMAL
..................................................................
TEMPERATURE (F)
 YESTERDAY
  MAXIMUM         93    423 PM  MM      MM  88      5       90
  MINIMUM         72    445 AM  MM      MM  70      2       72
  AVERAGE         83                        79      4       81

PRECIPITATION (IN)
  YESTERDAY        0.00         MM      MM   0.13  -0.13      T
  MONTH TO DATE    2.36                      3.06  -0.70     1.42
  SINCE JUN 1      9.06                      7.45   1.61     4.86
  SINCE JAN 1     34.95                     30.37   4.58    22.11

DEGREE DAYS
 COOLING
  YESTERDAY       18                        14      4       16
  MONTH TO DATE  298                       290      8      351
  SINCE JUN 1    599                       611    -12      782
  SINCE JAN 1    876                       786     90     1013
..................................................................


WIND (MPH)
  RESULTANT WIND SPEED   2   RESULTANT WIND DIRECTION  NE (60)
  HIGHEST WIND SPEED     8   HIGHEST WIND DIRECTION     N (350)
  HIGHEST GUST SPEED    12   HIGHEST GUST DIRECTION    SE (150)
  AVERAGE WIND SPEED     3.5


SKY COVER
  AVERAGE SKY COVER 0.2


WEATHER CONDITIONS
 THE FOLLOWING WEATHER WAS RECORDED YESTERDAY.
  NO SIGNIFICANT WEATHER WAS OBSERVED.


RELATIVE HUMIDITY (PERCENT)
 HIGHEST    93           500 AM
 LOWEST     44           300 PM
 AVERAGE    69

..........................................................


THE GAINESVILLE   CLIMATE NORMALS FOR TODAY
                         NORMAL    RECORD    YEAR
 MAXIMUM TEMPERATURE (F)   88        MM        MM
 MINIMUM TEMPERATURE (F)   70        MM        MM


SUNRISE AND SUNSET
JULY 22 2017..........SUNRISE   639 AM EDT   SUNSET   844 PM EDT
JULY 23 2017..........SUNRISE   640 AM EDT   SUNSET   843 PM EDT


-  INDICATES NEGATIVE NUMBERS.
R  INDICATES RECORD WAS SET OR TIED.
MM INDICATES DATA IS MISSING.
T  INDICATES TRACE AMOUNT.




$$
