000
CDUS44 KJAN 080816
CLIGWO


CLIMATE REPORT
NATIONAL WEATHER SERVICE JACKSON MS
214 AM CST MON FEB 8 2016


...................................

...THE GREENWOOD CLIMATE SUMMARY FOR FEBRUARY 7 2016...

CLIMATE NORMAL PERIOD 1981 TO 2010
CLIMATE RECORD PERIOD 1948 TO 2016


WEATHER ITEM   OBSERVED TIME   RECORD YEAR NORMAL DEPARTURE LAST
                VALUE   (LST)  VALUE       VALUE  FROM      YEAR
                                                  NORMAL
..................................................................
TEMPERATURE (F)
 YESTERDAY
  MAXIMUM         59    305 PM  76    1994  56      3       67
  MINIMUM         25    654 AM  13    1988  35    -10       29
  AVERAGE         42                        46     -4       48

PRECIPITATION (IN)
  YESTERDAY        0.00          1.04 1948   0.16  -0.16     0.00
  MONTH TO DATE    0.43                      1.11  -0.68     0.22
  SINCE DEC 1      8.71                     11.28  -2.57    10.18
  SINCE JAN 1      3.61                      5.63  -2.02     4.66

SNOWFALL (IN)
  YESTERDAY        0.0

DEGREE DAYS
 HEATING
  YESTERDAY       23                        20      3       17
  MONTH TO DATE  116                       141    -25      168
  SINCE DEC 1   1111                      1412   -301     1381
  SINCE JUL 1   1339                      1880   -541     1969

 COOLING
  YESTERDAY        0                         0      0        0
  MONTH TO DATE    4                         0      4        0
  SINCE DEC 1     70                         7     63        1
  SINCE JAN 1      5                         2      3        0
..................................................................


WIND (MPH)
  HIGHEST WIND SPEED    14   HIGHEST WIND DIRECTION    SW (230)
  HIGHEST GUST SPEED    18   HIGHEST GUST DIRECTION    SW (210)
  AVERAGE WIND SPEED     5.4


SKY COVER
  POSSIBLE SUNSHINE  MM
  AVERAGE SKY COVER 0.0


WEATHER CONDITIONS
 THE FOLLOWING WEATHER WAS RECORDED YESTERDAY.
  NO SIGNIFICANT WEATHER WAS OBSERVED.


RELATIVE HUMIDITY (PERCENT)
 HIGHEST    88           700 AM
 LOWEST     30           100 PM
 AVERAGE    59

..........................................................


THE GREENWOOD CLIMATE NORMALS FOR TODAY
                         NORMAL    RECORD    YEAR
 MAXIMUM TEMPERATURE (F)   57        80      1957
 MINIMUM TEMPERATURE (F)   35        18      1971


SUNRISE AND SUNSET
FEBRUARY  8 2016......SUNRISE   651 AM CST   SUNSET   538 PM CST
FEBRUARY  9 2016......SUNRISE   650 AM CST   SUNSET   539 PM CST


-  INDICATES NEGATIVE NUMBERS.
R  INDICATES RECORD WAS SET OR TIED.
MM INDICATES DATA IS MISSING.
T  INDICATES TRACE AMOUNT.




$$
