000
CDUS44 KJAN 170735
CLIGWO


CLIMATE REPORT
NATIONAL WEATHER SERVICE JACKSON MS
226 AM CDT TUE OCT 17 2017


...................................

...THE GREENWOOD CLIMATE SUMMARY FOR OCTOBER 16 2017...

CLIMATE NORMAL PERIOD 1981 TO 2010
CLIMATE RECORD PERIOD 1948 TO 2017


WEATHER ITEM   OBSERVED TIME   RECORD YEAR NORMAL DEPARTURE LAST
                VALUE   (LST)  VALUE       VALUE  FROM      YEAR
                                                  NORMAL
..................................................................
TEMPERATURE (F)
 YESTERDAY
  MAXIMUM         71    213 PM  90    1972  77     -6       88
  MINIMUM         43   1118 PM  36    1991  52     -9       60
  AVERAGE         57                        64     -7       74

PRECIPITATION (IN)
  YESTERDAY        0.00          4.29 2006   0.12  -0.12     0.00
  MONTH TO DATE    0.10                      1.98  -1.88     0.08
  SINCE SEP 1      2.41                      5.64  -3.23     1.96
  SINCE JAN 1     38.27                     39.71  -1.44    38.46

SNOWFALL (IN)
  YESTERDAY        0.0

DEGREE DAYS
 HEATING
  YESTERDAY        8                         4      4        0
  MONTH TO DATE    8                        39    -31        5
  SINCE SEP 1     10                        51    -41        5
  SINCE JUL 1     10                        51    -41        5

 COOLING
  YESTERDAY        0                         3     -3        9
  MONTH TO DATE  146                        65     81       94
  SINCE SEP 1    452                       370     82      521
  SINCE JAN 1   2287                      2112    175     2468
..................................................................


WIND (MPH)
  HIGHEST WIND SPEED    20   HIGHEST WIND DIRECTION    NE (50)
  HIGHEST GUST SPEED    26   HIGHEST GUST DIRECTION    NE (30)
  AVERAGE WIND SPEED     7.5


SKY COVER
  POSSIBLE SUNSHINE  MM
  AVERAGE SKY COVER 0.0


WEATHER CONDITIONS
 THE FOLLOWING WEATHER WAS RECORDED YESTERDAY.
  NO SIGNIFICANT WEATHER WAS OBSERVED.


RELATIVE HUMIDITY (PERCENT)
 HIGHEST   100           600 AM
 LOWEST     37           100 PM
 AVERAGE    69

..........................................................


THE GREENWOOD CLIMATE NORMALS FOR TODAY
                         NORMAL    RECORD    YEAR
 MAXIMUM TEMPERATURE (F)   77        90      1972
 MINIMUM TEMPERATURE (F)   51        30      1952


SUNRISE AND SUNSET
OCTOBER 17 2017.......SUNRISE   707 AM CDT   SUNSET   624 PM CDT
OCTOBER 18 2017.......SUNRISE   708 AM CDT   SUNSET   623 PM CDT


-  INDICATES NEGATIVE NUMBERS.
R  INDICATES RECORD WAS SET OR TIED.
MM INDICATES DATA IS MISSING.
T  INDICATES TRACE AMOUNT.




$$
