000
CDUS44 KJAN 312115
CLIGWO


CLIMATE REPORT
NATIONAL WEATHER SERVICE JACKSON MS
413 PM CDT TUE MAY 31 2016


...................................

...THE GREENWOOD CLIMATE SUMMARY FOR MAY 31 2016...
VALID TODAY AS OF 0400 PM LOCAL TIME.

CLIMATE NORMAL PERIOD 1981 TO 2010
CLIMATE RECORD PERIOD 1948 TO 2016


WEATHER ITEM   OBSERVED TIME   RECORD YEAR NORMAL DEPARTURE LAST
                VALUE   (LST)  VALUE       VALUE  FROM      YEAR
                                                  NORMAL
..................................................................
TEMPERATURE (F)
 TODAY
  MAXIMUM         90    108 PM 100    1951  87      3       80
  MINIMUM         69    617 AM  47    1984  65      4       64
  AVERAGE         80                        76      4       72

PRECIPITATION (IN)
  TODAY            T             1.55 1970   0.15  -0.15     1.01
  MONTH TO DATE    1.35                      4.95  -3.60     7.00
  SINCE MAR 1     18.20                     14.39   3.81    18.54
  SINCE JAN 1     25.65                     23.33   2.32    27.93

DEGREE DAYS
 HEATING
  TODAY            0                         0      0        0
  MONTH TO DATE   16                        15      1       14
  SINCE MAR 1    268                       457   -189      348
  SINCE JUL 1   1929                      2688   -759     2869

 COOLING
  TODAY           15                        11      4        7
  MONTH TO DATE  198                       228    -30      253
  SINCE MAR 1    321                       325     -4      364
  SINCE JAN 1    329                       330     -1      364
..................................................................


WIND (MPH)
  HIGHEST WIND SPEED    12   HIGHEST WIND DIRECTION    SE (130)
  HIGHEST GUST SPEED    15   HIGHEST GUST DIRECTION    SE (130)
  AVERAGE WIND SPEED     3.5


SKY COVER
  POSSIBLE SUNSHINE  MM
  AVERAGE SKY COVER 0.4


WEATHER CONDITIONS
 THE FOLLOWING WEATHER WAS RECORDED TODAY.
  THUNDERSTORM
  LIGHT RAIN


RELATIVE HUMIDITY (PERCENT)
 HIGHEST    90           600 AM
 LOWEST     46           200 PM
 AVERAGE    68

..........................................................


THE GREENWOOD CLIMATE NORMALS FOR TOMORROW
                         NORMAL    RECORD    YEAR
 MAXIMUM TEMPERATURE (F)   87       100      1985
 MINIMUM TEMPERATURE (F)   65        50      1966


SUNRISE AND SUNSET
MAY 31 2016...........SUNRISE   552 AM CDT   SUNSET   805 PM CDT
JUNE  1 2016..........SUNRISE   551 AM CDT   SUNSET   806 PM CDT


-  INDICATES NEGATIVE NUMBERS.
R  INDICATES RECORD WAS SET OR TIED.
MM INDICATES DATA IS MISSING.
T  INDICATES TRACE AMOUNT.




$$
