000
CDUS44 KJAN 270657
CLIGWO


CLIMATE REPORT
NATIONAL WEATHER SERVICE JACKSON MS
156 AM CDT SAT AUG 27 2016


...................................

...THE GREENWOOD CLIMATE SUMMARY FOR AUGUST 26 2016...

CLIMATE NORMAL PERIOD 1981 TO 2010
CLIMATE RECORD PERIOD 1948 TO 2016


WEATHER ITEM   OBSERVED TIME   RECORD YEAR NORMAL DEPARTURE LAST
                VALUE   (LST)  VALUE       VALUE  FROM      YEAR
                                                  NORMAL
..................................................................
TEMPERATURE (F)
 YESTERDAY
  MAXIMUM         93   1141 AM 100    2000  92      1       86
  MINIMUM         74   1145 PM  54    2015  69      5       54
  AVERAGE         84                        80      4       70

PRECIPITATION (IN)
  YESTERDAY        0.01          2.27 1992   0.09  -0.08     0.00
  MONTH TO DATE    4.02                      2.33   1.69     1.76
  SINCE JUN 1     10.71                     10.24   0.47     6.13
  SINCE JAN 1     36.50                     33.57   2.93    34.06

SNOWFALL (IN)
  YESTERDAY        0.0

DEGREE DAYS
 HEATING
  YESTERDAY        0                         0      0        0
  MONTH TO DATE    0                         0      0        0
  SINCE JUN 1      0                         0      0        0
  SINCE JUL 1      0                         0      0        0

 COOLING
  YESTERDAY       19                        15      4        5
  MONTH TO DATE  479                       414     65      419
  SINCE JUN 1   1519                      1332    187     1421
  SINCE JAN 1   1848                      1662    186     1785
..................................................................


WIND (MPH)
  HIGHEST WIND SPEED    24   HIGHEST WIND DIRECTION     S (190)
  HIGHEST GUST SPEED    29   HIGHEST GUST DIRECTION     S (190)
  AVERAGE WIND SPEED     3.6


SKY COVER
  POSSIBLE SUNSHINE  MM
  AVERAGE SKY COVER 0.2


WEATHER CONDITIONS
 THE FOLLOWING WEATHER WAS RECORDED YESTERDAY.
  THUNDERSTORM
  LIGHT RAIN


RELATIVE HUMIDITY (PERCENT)
 HIGHEST    94           900 PM
 LOWEST     49          1200 PM
 AVERAGE    72

..........................................................


THE GREENWOOD CLIMATE NORMALS FOR TODAY
                         NORMAL    RECORD    YEAR
 MAXIMUM TEMPERATURE (F)   92       101      1990
 MINIMUM TEMPERATURE (F)   69        54      2015


SUNRISE AND SUNSET
AUGUST 27 2016........SUNRISE   631 AM CDT   SUNSET   731 PM CDT
AUGUST 28 2016........SUNRISE   632 AM CDT   SUNSET   730 PM CDT


-  INDICATES NEGATIVE NUMBERS.
R  INDICATES RECORD WAS SET OR TIED.
MM INDICATES DATA IS MISSING.
T  INDICATES TRACE AMOUNT.




$$
