000
CDUS44 KJAN 100657
CLIGWO


CLIMATE REPORT
NATIONAL WEATHER SERVICE JACKSON MS
1251 AM CST SAT DEC 10 2016


...................................

...THE GREENWOOD CLIMATE SUMMARY FOR DECEMBER 9 2016...

CLIMATE NORMAL PERIOD 1981 TO 2010
CLIMATE RECORD PERIOD 1948 TO 2016


WEATHER ITEM   OBSERVED TIME   RECORD YEAR NORMAL DEPARTURE LAST
                VALUE   (LST)  VALUE       VALUE  FROM      YEAR
                                                  NORMAL
..................................................................
TEMPERATURE (F)
 YESTERDAY
  MAXIMUM         42    222 PM  82    2007  58    -16       68
  MINIMUM         22    702 AM  16    2006  36    -14       45
  AVERAGE         32                        47    -15       57

PRECIPITATION (IN)
  YESTERDAY        0.00          2.76 2008   0.20  -0.20     0.00
  MONTH TO DATE    2.42                      1.80   0.62     0.36
  SINCE DEC 1      2.42                      1.80   0.62     0.36
  SINCE JAN 1     45.23                     47.92  -2.69    45.79

SNOWFALL (IN)
  YESTERDAY        0.0

DEGREE DAYS
 HEATING
  YESTERDAY       33                        18     15        8
  MONTH TO DATE  186                       154     32      127
  SINCE DEC 1    186                       154     32      127
  SINCE JUL 1    478                       622   -144      355

 COOLING
  YESTERDAY        0                         0      0        0
  MONTH TO DATE    0                         0      0        0
  SINCE DEC 1      0                         0      0        0
  SINCE JAN 1   2559                      2159    400     2420
..................................................................


WIND (MPH)
  HIGHEST WIND SPEED    14   HIGHEST WIND DIRECTION     N (350)
  HIGHEST GUST SPEED    17   HIGHEST GUST DIRECTION     N (350)
  AVERAGE WIND SPEED     4.5


SKY COVER
  POSSIBLE SUNSHINE  MM
  AVERAGE SKY COVER 0.0


WEATHER CONDITIONS
 THE FOLLOWING WEATHER WAS RECORDED YESTERDAY.
  NO SIGNIFICANT WEATHER WAS OBSERVED.


RELATIVE HUMIDITY (PERCENT)
 HIGHEST    81           200 AM
 LOWEST     37           100 PM
 AVERAGE    59

..........................................................


THE GREENWOOD CLIMATE NORMALS FOR TODAY
                         NORMAL    RECORD    YEAR
 MAXIMUM TEMPERATURE (F)   57        79      2007
 MINIMUM TEMPERATURE (F)   36        17      1995


SUNRISE AND SUNSET
DECEMBER 10 2016......SUNRISE   654 AM CST   SUNSET   453 PM CST
DECEMBER 11 2016......SUNRISE   655 AM CST   SUNSET   453 PM CST


-  INDICATES NEGATIVE NUMBERS.
R  INDICATES RECORD WAS SET OR TIED.
MM INDICATES DATA IS MISSING.
T  INDICATES TRACE AMOUNT.




$$
