000
CDUS44 KJAN 230815
CLIGWO


CLIMATE REPORT
NATIONAL WEATHER SERVICE JACKSON MS
209 AM CST FRI FEB 23 2018


...................................

...THE GREENWOOD CLIMATE SUMMARY FOR FEBRUARY 22 2018...

CLIMATE NORMAL PERIOD 1981 TO 2010
CLIMATE RECORD PERIOD 1948 TO 2018


WEATHER ITEM   OBSERVED TIME   RECORD YEAR NORMAL DEPARTURE LAST
                VALUE   (LST)  VALUE       VALUE  FROM      YEAR
                                                  NORMAL
..................................................................
TEMPERATURE (F)
 YESTERDAY
  MAXIMUM         69   1159 PM  76    2007  60      9       74
  MINIMUM         52   1039 AM  16    1963  39     13       52
  AVERAGE         61                        50     11       63

PRECIPITATION (IN)
  YESTERDAY        2.89R         2.89 2018   0.16   2.73      T
  MONTH TO DATE   10.70                      3.48   7.22     2.64
  SINCE DEC 1     18.79                     13.65   5.14    11.56
  SINCE JAN 1     13.51                      8.00   5.51     6.87

SNOWFALL (IN)
  YESTERDAY        0.0

DEGREE DAYS
 HEATING
  YESTERDAY        4                        16    -12        2
  MONTH TO DATE  267                       404   -137      205
  SINCE DEC 1   1618                      1675    -57     1145
  SINCE JUL 1   2032                      2143   -111     1437

 COOLING
  YESTERDAY        0                         0      0        0
  MONTH TO DATE   26                         0     26       14
  SINCE DEC 1     31                         7     24       37
  SINCE JAN 1     26                         2     24       24
..................................................................


WIND (MPH)
  HIGHEST WIND SPEED    16   HIGHEST WIND DIRECTION     S (180)
  HIGHEST GUST SPEED    22   HIGHEST GUST DIRECTION    NW (310)
  AVERAGE WIND SPEED     4.9


SKY COVER
  POSSIBLE SUNSHINE  MM
  AVERAGE SKY COVER 0.8


WEATHER CONDITIONS
 THE FOLLOWING WEATHER WAS RECORDED YESTERDAY.
  THUNDERSTORM
  HEAVY RAIN
  RAIN
  LIGHT RAIN
  FOG


RELATIVE HUMIDITY (PERCENT)
 HIGHEST   100          1200 AM
 LOWEST     87          1100 PM
 AVERAGE    94

..........................................................


THE GREENWOOD CLIMATE NORMALS FOR TODAY
                         NORMAL    RECORD    YEAR
 MAXIMUM TEMPERATURE (F)   61        84      2012
 MINIMUM TEMPERATURE (F)   39        21      1989


SUNRISE AND SUNSET
FEBRUARY 23 2018......SUNRISE   636 AM CST   SUNSET   552 PM CST
FEBRUARY 24 2018......SUNRISE   634 AM CST   SUNSET   553 PM CST


-  INDICATES NEGATIVE NUMBERS.
R  INDICATES RECORD WAS SET OR TIED.
MM INDICATES DATA IS MISSING.
T  INDICATES TRACE AMOUNT.




$$
