000
CDUS44 KJAN 280632
CLIGWO


CLIMATE REPORT
NATIONAL WEATHER SERVICE JACKSON MS
129 AM CDT TUE MAR 28 2017


...................................

...THE GREENWOOD CLIMATE SUMMARY FOR MARCH 27 2017...

CLIMATE NORMAL PERIOD 1981 TO 2010
CLIMATE RECORD PERIOD 1948 TO 2017


WEATHER ITEM   OBSERVED TIME   RECORD YEAR NORMAL DEPARTURE LAST
                VALUE   (LST)  VALUE       VALUE  FROM      YEAR
                                                  NORMAL
..................................................................
TEMPERATURE (F)
 YESTERDAY
  MAXIMUM         82    337 PM  84    1991  70     12       70
  MINIMUM         65    542 AM  24    1955  46     19       59
  AVERAGE         74                        58     16       65

PRECIPITATION (IN)
  YESTERDAY        0.02          2.35 1980   0.15  -0.13     0.38
  MONTH TO DATE    3.54                      3.71  -0.17     7.19
  SINCE MAR 1      3.54                      3.71  -0.17     7.19
  SINCE JAN 1     11.82                     12.65  -0.83    14.64

SNOWFALL (IN)
  YESTERDAY        0.0

DEGREE DAYS
 HEATING
  YESTERDAY        0                         8     -8        0
  MONTH TO DATE  226                       288    -62      178
  SINCE MAR 1    226                       288    -62      178
  SINCE JUL 1   1709                      2519   -810     1839

 COOLING
  YESTERDAY        9                         1      8        0
  MONTH TO DATE   43                        21     22       28
  SINCE MAR 1     43                        21     22       28
  SINCE JAN 1     77                        26     51       36
..................................................................


WIND (MPH)
  HIGHEST WIND SPEED    26   HIGHEST WIND DIRECTION    SW (210)
  HIGHEST GUST SPEED    32   HIGHEST GUST DIRECTION    SW (210)
  AVERAGE WIND SPEED    12.2


SKY COVER
  POSSIBLE SUNSHINE  MM
  AVERAGE SKY COVER 0.2


WEATHER CONDITIONS
 THE FOLLOWING WEATHER WAS RECORDED YESTERDAY.
  LIGHT RAIN


RELATIVE HUMIDITY (PERCENT)
 HIGHEST    93           500 AM
 LOWEST     54           400 PM
 AVERAGE    74

..........................................................


THE GREENWOOD CLIMATE NORMALS FOR TODAY
                         NORMAL    RECORD    YEAR
 MAXIMUM TEMPERATURE (F)   71        84      1989
 MINIMUM TEMPERATURE (F)   47        32      2013


SUNRISE AND SUNSET
MARCH 28 2017.........SUNRISE   653 AM CDT   SUNSET   718 PM CDT
MARCH 29 2017.........SUNRISE   652 AM CDT   SUNSET   719 PM CDT


-  INDICATES NEGATIVE NUMBERS.
R  INDICATES RECORD WAS SET OR TIED.
MM INDICATES DATA IS MISSING.
T  INDICATES TRACE AMOUNT.




$$
