000
CDUS41 KGYX 270807
CLIGYX


CLIMATE REPORT
NATIONAL WEATHER SERVICE GRAY ME
407 AM EDT WED JUL 27 2016


...................................

...THE GRAY ME CLIMATE SUMMARY FOR JULY 26 2016...

CLIMATE NORMAL PERIOD 1981 TO 2010
CLIMATE RECORD PERIOD 1995 TO 2016


WEATHER ITEM   OBSERVED TIME   RECORD YEAR NORMAL DEPARTURE LAST
                VALUE   (LST)  VALUE       VALUE  FROM      YEAR
                                                  NORMAL
..................................................................
TEMPERATURE (F)
 YESTERDAY
  MAXIMUM         88        MM  MM      MM  80      8       65
  MINIMUM         64        MM  MM      MM  60      4       56
  AVERAGE         76                        70      6       61

PRECIPITATION (IN)
  YESTERDAY        0.00         MM      MM   0.13  -0.13     0.09
  MONTH TO DATE    4.47                      3.67   0.80     2.26
  SINCE JUN 1      8.23                      7.97   0.26     8.33
  SINCE JAN 1     25.86                     27.26  -1.40    21.38

SNOWFALL (IN)
  YESTERDAY        0.0          MM      MM   0.0    0.0      0.0
  MONTH TO DATE    0.0                       0.0    0.0      0.0
  SINCE JUN 1      0.0                       0.0    0.0      0.0
  SINCE JUL 1      0.0                       0.0    0.0      0.0
  SNOW DEPTH       0

DEGREE DAYS
 HEATING
  YESTERDAY        0                         0      0        4
  MONTH TO DATE   18                         7     11       13
  SINCE JUN 1     88                       101    -13      170
  SINCE JUL 1     18                         7     11       13

 COOLING
  YESTERDAY       11                         5      6        0
  MONTH TO DATE  180                       123     57       87
  SINCE JUN 1    232                       188     44      122
  SINCE JAN 1    254                       199     55      162
..................................................................







THE GRAY ME CLIMATE NORMALS FOR TODAY
                         NORMAL
 MAXIMUM TEMPERATURE (F)   80
 MINIMUM TEMPERATURE (F)   60


SUNRISE AND SUNSET
JULY 27 2016..........SUNRISE   525 AM EDT   SUNSET   810 PM EDT
JULY 28 2016..........SUNRISE   526 AM EDT   SUNSET   809 PM EDT


-  INDICATES NEGATIVE NUMBERS.
R  INDICATES RECORD WAS SET OR TIED.
MM INDICATES DATA IS MISSING.
T  INDICATES TRACE AMOUNT.




$$
