000
CDUS41 KGYX 240808
CLIGYX


CLIMATE REPORT
NATIONAL WEATHER SERVICE GRAY ME
407 AM EDT WED AUG 24 2016


...................................

...THE GRAY ME CLIMATE SUMMARY FOR AUGUST 23 2016...

CLIMATE NORMAL PERIOD 1981 TO 2010
CLIMATE RECORD PERIOD 1995 TO 2016


WEATHER ITEM   OBSERVED TIME   RECORD YEAR NORMAL DEPARTURE LAST
                VALUE   (LST)  VALUE       VALUE  FROM      YEAR
                                                  NORMAL
..................................................................
TEMPERATURE (F)
 YESTERDAY
  MAXIMUM         79        MM  MM      MM  78      1       68
  MINIMUM         55        MM  MM      MM  58     -3       61
  AVERAGE         67                        68     -1       65

PRECIPITATION (IN)
  YESTERDAY        0.00         MM      MM   0.11  -0.11     1.43
  MONTH TO DATE    3.15                      2.62   0.53     3.78
  SINCE JUN 1     11.38                     11.22   0.16    12.18
  SINCE JAN 1     29.01                     30.51  -1.50    25.23

SNOWFALL (IN)
  YESTERDAY        0.0          MM      MM   0.0    0.0      0.0
  MONTH TO DATE    0.0                       0.0    0.0      0.0
  SINCE JUN 1      0.0                       0.0    0.0      0.0
  SINCE JUL 1      0.0                       0.0    0.0      0.0
  SNOW DEPTH       0

DEGREE DAYS
 HEATING
  YESTERDAY        0                         1     -1        0
  MONTH TO DATE    1                        11    -10        3
  SINCE JUN 1     89                       119    -30      173
  SINCE JUL 1     19                        25     -6       16

 COOLING
  YESTERDAY        2                         4     -2        0
  MONTH TO DATE  174                       108     66      129
  SINCE JUN 1    453                       323    130      295
  SINCE JAN 1    475                       334    141      335
..................................................................







THE GRAY ME CLIMATE NORMALS FOR TODAY
                         NORMAL
 MAXIMUM TEMPERATURE (F)   78
 MINIMUM TEMPERATURE (F)   58


SUNRISE AND SUNSET
AUGUST 24 2016........SUNRISE   556 AM EDT   SUNSET   730 PM EDT
AUGUST 25 2016........SUNRISE   557 AM EDT   SUNSET   728 PM EDT


-  INDICATES NEGATIVE NUMBERS.
R  INDICATES RECORD WAS SET OR TIED.
MM INDICATES DATA IS MISSING.
T  INDICATES TRACE AMOUNT.




$$
