000
CDUS41 KGYX 170806
CLIGYX


CLIMATE REPORT
NATIONAL WEATHER SERVICE GRAY ME
406 AM EDT TUE OCT 17 2017


...................................

...THE GRAY ME CLIMATE SUMMARY FOR OCTOBER 16 2017...

CLIMATE NORMAL PERIOD 1981 TO 2010
CLIMATE RECORD PERIOD 1995 TO 2017


WEATHER ITEM   OBSERVED TIME   RECORD YEAR NORMAL DEPARTURE LAST
                VALUE   (LST)  VALUE       VALUE  FROM      YEAR
                                                  NORMAL
..................................................................
TEMPERATURE (F)
 YESTERDAY
  MAXIMUM         67        MM  MM      MM  58      9       67
  MINIMUM         38        MM  MM      MM  40     -2       36
  AVERAGE         53                        49      4       52

PRECIPITATION (IN)
  YESTERDAY        0.00         MM      MM   0.18  -0.18     0.02
  MONTH TO DATE    0.13                      2.66  -2.53     0.81
  SINCE SEP 1      2.70                      6.85  -4.15     1.87
  SINCE JAN 1     30.63                     38.33  -7.70    31.04

SNOWFALL (IN)
  YESTERDAY        0.0          MM      MM   0.0    0.0      0.0
  MONTH TO DATE    0.0                       0.0    0.0      0.0
  SINCE SEP 1      0.0                       0.0    0.0      0.0
  SINCE JUL 1      0.0                       0.0    0.0      0.0
  SNOW DEPTH       0

DEGREE DAYS
 HEATING
  YESTERDAY       12                        16     -4       13
  MONTH TO DATE  101                       216   -115      178
  SINCE SEP 1    167                       384   -217      273
  SINCE JUL 1    198                       420   -222      292

 COOLING
  YESTERDAY        0                         0      0        0
  MONTH TO DATE   11                         0     11        0
  SINCE SEP 1     93                        28     65       80
  SINCE JAN 1    531                       387    144      607
..................................................................







THE GRAY ME CLIMATE NORMALS FOR TODAY
                         NORMAL
 MAXIMUM TEMPERATURE (F)   58
 MINIMUM TEMPERATURE (F)   40


SUNRISE AND SUNSET
OCTOBER 17 2017.......SUNRISE   658 AM EDT   SUNSET   554 PM EDT
OCTOBER 18 2017.......SUNRISE   659 AM EDT   SUNSET   552 PM EDT


-  INDICATES NEGATIVE NUMBERS.
R  INDICATES RECORD WAS SET OR TIED.
MM INDICATES DATA IS MISSING.
T  INDICATES TRACE AMOUNT.




$$
