000
CDUS41 KGYX 290924
CLIGYX


CLIMATE REPORT
NATIONAL WEATHER SERVICE GRAY ME
424 AM EST THU JAN 29 2015


...................................

...THE GRAY ME CLIMATE SUMMARY FOR JANUARY 28 2015...

CLIMATE NORMAL PERIOD 1981 TO 2010
CLIMATE RECORD PERIOD 1995 TO 2015


WEATHER ITEM   OBSERVED TIME   RECORD YEAR NORMAL DEPARTURE LAST
                VALUE   (LST)  VALUE       VALUE  FROM      YEAR
                                                  NORMAL
..................................................................
TEMPERATURE (F)
 YESTERDAY
  MAXIMUM         23        MM  MM      MM  30     -7       18
  MINIMUM         11        MM  MM      MM  12     -1        4
  AVERAGE         17                        21     -4       11

PRECIPITATION (IN)
  YESTERDAY        0.15         MM      MM   0.11   0.04     0.00
  MONTH TO DATE    3.28                      3.21   0.07     3.50
  SINCE DEC 1      9.48                      7.27   2.21     7.18
  SINCE JAN 1      3.28                      3.21   0.07     3.50

SNOWFALL (IN)
  YESTERDAY        2.7          MM      MM   0.7    2.0      0.0
  MONTH TO DATE   38.9                      19.3   19.6     12.9
  SINCE DEC 1     45.4                      37.6    7.8     39.8
  SINCE JUL 1     60.4                      40.7   19.7     40.9
  SNOW DEPTH      24

DEGREE DAYS
 HEATING
  YESTERDAY       48                        44      4       54
  MONTH TO DATE 1324                      1234     90     1255
  SINCE DEC 1   2414                      2403     11     2585
  SINCE JUL 1   3864                      3900    -36     4056

 COOLING
  YESTERDAY        0                         0      0        0
  MONTH TO DATE    0                         0      0        0
  SINCE DEC 1      0                         0      0        0
  SINCE JAN 1      0                         0      0        0
..................................................................







THE GRAY ME CLIMATE NORMALS FOR TODAY
                         NORMAL
 MAXIMUM TEMPERATURE (F)   30
 MINIMUM TEMPERATURE (F)   12


SUNRISE AND SUNSET
JANUARY 29 2015.......SUNRISE   702 AM EST   SUNSET   447 PM EST
JANUARY 30 2015.......SUNRISE   701 AM EST   SUNSET   448 PM EST


-  INDICATES NEGATIVE NUMBERS.
R  INDICATES RECORD WAS SET OR TIED.
MM INDICATES DATA IS MISSING.
T  INDICATES TRACE AMOUNT.




$$
