000
CDUS41 KGYX 220910
CLIGYX


CLIMATE REPORT
NATIONAL WEATHER SERVICE GRAY ME
410 AM EST WED FEB 22 2017


...................................

...THE GRAY ME CLIMATE SUMMARY FOR FEBRUARY 21 2017...

CLIMATE NORMAL PERIOD 1981 TO 2010
CLIMATE RECORD PERIOD 1995 TO 2017


WEATHER ITEM   OBSERVED TIME   RECORD YEAR NORMAL DEPARTURE LAST
                VALUE   (LST)  VALUE       VALUE  FROM      YEAR
                                                  NORMAL
..................................................................
TEMPERATURE (F)
 YESTERDAY
  MAXIMUM         39        MM  MM      MM  35      4       49
  MINIMUM         20        MM  MM      MM  18      2       31
  AVERAGE         30                        26      4       40

PRECIPITATION (IN)
  YESTERDAY        0.00         MM      MM   0.12  -0.12     0.00
  MONTH TO DATE    3.28                      2.39   0.89     3.17
  SINCE DEC 1     11.08                      9.98   1.10    11.46
  SINCE JAN 1      6.26                      5.92   0.34     6.90

SNOWFALL (IN)
  YESTERDAY        0.0          MM      MM   0.7   -0.7      0.0
  MONTH TO DATE   44.6                      12.0   32.6     15.3
  SINCE DEC 1     88.5                      51.5   37.0     36.4
  SINCE JUL 1     89.8                      54.6   35.2     36.6
  SNOW DEPTH      20

DEGREE DAYS
 HEATING
  YESTERDAY       35                        39     -4       25
  MONTH TO DATE  865                       867     -2      824
  SINCE DEC 1   3242                      3400   -158     2951
  SINCE JUL 1   4521                      4897   -376     4250

 COOLING
  YESTERDAY        0                         0      0        0
  MONTH TO DATE    0                         0      0        0
  SINCE DEC 1      0                         0      0        0
  SINCE JAN 1      0                         0      0        0
..................................................................







THE GRAY ME CLIMATE NORMALS FOR TODAY
                         NORMAL
 MAXIMUM TEMPERATURE (F)   36
 MINIMUM TEMPERATURE (F)   18


SUNRISE AND SUNSET
FEBRUARY 22 2017......SUNRISE   629 AM EST   SUNSET   521 PM EST
FEBRUARY 23 2017......SUNRISE   627 AM EST   SUNSET   522 PM EST


-  INDICATES NEGATIVE NUMBERS.
R  INDICATES RECORD WAS SET OR TIED.
MM INDICATES DATA IS MISSING.
T  INDICATES TRACE AMOUNT.




$$
