000
CDUS41 KGYX 300800
CLIGYX


CLIMATE REPORT
NATIONAL WEATHER SERVICE GRAY ME
400 AM EDT TUE SEP 30 2014


...................................

...THE GRAY ME CLIMATE SUMMARY FOR SEPTEMBER 29 2014...

CLIMATE NORMAL PERIOD 1981 TO 2010
CLIMATE RECORD PERIOD 1995 TO 2014


WEATHER ITEM   OBSERVED NORMAL DEPARTURE LAST
                VALUE   VALUE  FROM      YEAR
                               NORMAL
...............................................
TEMPERATURE (F)
 YESTERDAY
  MAXIMUM         70     64      6       64
  MINIMUM         53     45      8       44
  AVERAGE         62     55      7       54

PRECIPITATION (IN)
  YESTERDAY        T      0.17  -0.17     0.00
  MONTH TO DATE    1.05   4.03  -2.98     7.40
  SINCE SEP 1      1.05   4.03  -2.98     7.40
  SINCE JAN 1     36.46  35.51   0.95    34.69

SNOWFALL (IN)
  YESTERDAY        0.0    0.0    0.0      0.0
  MONTH TO DATE    0.0    0.0    0.0      0.0
  SINCE SEP 1      0.0    0.0    0.0      0.0
  SINCE JUL 1      0.0    0.0    0.0      0.0
  SNOW DEPTH       0

DEGREE DAYS
 HEATING
  YESTERDAY        3     10     -7       11
  MONTH TO DATE  172    158     14      175
  SINCE SEP 1    172    158     14      175
  SINCE JUL 1    186    194     -8      187

 COOLING
  YESTERDAY        0      0      0        0
  MONTH TO DATE   55     25     30       36
  SINCE SEP 1     55     25     30       36
  SINCE JAN 1    367    384    -17      484
...............................................





WEATHER CONDITIONS
 THE FOLLOWING WEATHER WAS RECORDED YESTERDAY.
  NO SIGNIFICANT WEATHER WAS OBSERVED.


..........................................................


THE GRAY ME CLIMATE NORMALS FOR TODAY
                         NORMAL
 MAXIMUM TEMPERATURE (F)   64
 MINIMUM TEMPERATURE (F)   45


SUNRISE AND SUNSET
SEPTEMBER 30 2014.....SUNRISE   637 AM EDT   SUNSET   624 PM EDT
OCTOBER  1 2014.......SUNRISE   639 AM EDT   SUNSET   622 PM EDT


-  INDICATES NEGATIVE NUMBERS.
R  INDICATES RECORD WAS SET OR TIED.
MM INDICATES DATA IS MISSING.
T  INDICATES TRACE AMOUNT.




$$
