000
CDUS41 KGYX 110917
CLIGYX


CLIMATE REPORT
NATIONAL WEATHER SERVICE GRAY ME
416 AM EST MON DEC 11 2017


...................................

...THE GRAY ME CLIMATE SUMMARY FOR DECEMBER 10 2017...

CLIMATE NORMAL PERIOD 1981 TO 2010
CLIMATE RECORD PERIOD 1995 TO 2017


WEATHER ITEM   OBSERVED TIME   RECORD YEAR NORMAL DEPARTURE LAST
                VALUE   (LST)  VALUE       VALUE  FROM      YEAR
                                                  NORMAL
..................................................................
TEMPERATURE (F)
 YESTERDAY
  MAXIMUM         35        MM  MM      MM  36     -1       21
  MINIMUM         25        MM  MM      MM  22      3       13
  AVERAGE         30                        29      1       17

PRECIPITATION (IN)
  YESTERDAY        0.02         MM      MM   0.14  -0.12     0.00
  MONTH TO DATE    1.19                      1.44  -0.25     1.33
  SINCE DEC 1      1.19                      1.44  -0.25     1.33
  SINCE JAN 1     39.73                     47.60  -7.87    43.70

SNOWFALL (IN)
  YESTERDAY        0.4          MM      MM   0.5   -0.1      0.0
  MONTH TO DATE    5.4                       4.5    0.9      4.1
  SINCE DEC 1      5.4                       4.5    0.9      4.1
  SINCE JUL 1      6.6                       7.6   -1.0      5.4
  SNOW DEPTH       5

DEGREE DAYS
 HEATING
  YESTERDAY       35                        36     -1       48
  MONTH TO DATE  305                       343    -38      341
  SINCE DEC 1    305                       343    -38      341
  SINCE JUL 1   1498                      1840   -342     1620

 COOLING
  YESTERDAY        0                         0      0        0
  MONTH TO DATE    0                         0      0        0
  SINCE DEC 1      0                         0      0        0
  SINCE JAN 1    531                       389    142      607
..................................................................







THE GRAY ME CLIMATE NORMALS FOR TODAY
                         NORMAL
 MAXIMUM TEMPERATURE (F)   36
 MINIMUM TEMPERATURE (F)   22


SUNRISE AND SUNSET
DECEMBER 11 2017......SUNRISE   705 AM EST   SUNSET   403 PM EST
DECEMBER 12 2017......SUNRISE   706 AM EST   SUNSET   403 PM EST


-  INDICATES NEGATIVE NUMBERS.
R  INDICATES RECORD WAS SET OR TIED.
MM INDICATES DATA IS MISSING.
T  INDICATES TRACE AMOUNT.




$$
