000
CDUS41 KGYX 080901
CLIGYX


CLIMATE REPORT
NATIONAL WEATHER SERVICE GRAY ME
401 AM EST MON FEB 8 2016


...................................

...THE GRAY ME CLIMATE SUMMARY FOR FEBRUARY 7 2016...

CLIMATE NORMAL PERIOD 1981 TO 2010
CLIMATE RECORD PERIOD 1995 TO 2016


WEATHER ITEM   OBSERVED TIME   RECORD YEAR NORMAL DEPARTURE LAST
                VALUE   (LST)  VALUE       VALUE  FROM      YEAR
                                                  NORMAL
..................................................................
TEMPERATURE (F)
 YESTERDAY
  MAXIMUM         42        MM  MM      MM  31     11       26
  MINIMUM         21        MM  MM      MM  14      7        9
  AVERAGE         32                        23      9       18

PRECIPITATION (IN)
  YESTERDAY        0.00         MM      MM   0.11  -0.11      T
  MONTH TO DATE    1.44                      0.74   0.70     0.92
  SINCE DEC 1      9.73                      8.33   1.40    11.05
  SINCE JAN 1      5.17                      4.27   0.90     4.85

SNOWFALL (IN)
  YESTERDAY        0.0          MM      MM   0.6   -0.6       T
  MONTH TO DATE    6.6                       3.9    2.7     11.8
  SINCE DEC 1     27.7                      43.4  -15.7     64.1
  SINCE JUL 1     27.9                      46.5  -18.6     79.1
  SNOW DEPTH       6

DEGREE DAYS
 HEATING
  YESTERDAY       33                        42     -9       47
  MONTH TO DATE  205                       301    -96      376
  SINCE DEC 1   2332                      2834   -502     2925
  SINCE JUL 1   3631                      4331   -700     4375

 COOLING
  YESTERDAY        0                         0      0        0
  MONTH TO DATE    0                         0      0        0
  SINCE DEC 1      0                         0      0        0
  SINCE JAN 1      0                         0      0        0
..................................................................







THE GRAY ME CLIMATE NORMALS FOR TODAY
                         NORMAL
 MAXIMUM TEMPERATURE (F)   32
 MINIMUM TEMPERATURE (F)   14


SUNRISE AND SUNSET
FEBRUARY  8 2016......SUNRISE   650 AM EST   SUNSET   501 PM EST
FEBRUARY  9 2016......SUNRISE   649 AM EST   SUNSET   502 PM EST


-  INDICATES NEGATIVE NUMBERS.
R  INDICATES RECORD WAS SET OR TIED.
MM INDICATES DATA IS MISSING.
T  INDICATES TRACE AMOUNT.




$$
