000
CDUS41 KGYX 290827
CLIGYX


CLIMATE REPORT
NATIONAL WEATHER SERVICE GRAY ME
426 AM EDT WED MAR 29 2017


...................................

...THE GRAY ME CLIMATE SUMMARY FOR MARCH 28 2017...

CLIMATE NORMAL PERIOD 1981 TO 2010
CLIMATE RECORD PERIOD 1995 TO 2017


WEATHER ITEM   OBSERVED TIME   RECORD YEAR NORMAL DEPARTURE LAST
                VALUE   (LST)  VALUE       VALUE  FROM      YEAR
                                                  NORMAL
..................................................................
TEMPERATURE (F)
 YESTERDAY
  MAXIMUM         36        MM  MM      MM  46    -10       38
  MINIMUM         30        MM  MM      MM  28      2       32
  AVERAGE         33                        37     -4       35

PRECIPITATION (IN)
  YESTERDAY        0.02         MM      MM   0.14  -0.12     1.02
  MONTH TO DATE    2.51                      3.77  -1.26     4.46
  SINCE MAR 1      2.51                      3.77  -1.26     4.46
  SINCE JAN 1      9.19                     10.61  -1.42    12.72

SNOWFALL (IN)
  YESTERDAY        0.0          MM      MM   0.4   -0.4      0.0
  MONTH TO DATE   19.3                      18.6    0.7      9.3
  SINCE MAR 1     19.3                      18.6    0.7      9.3
  SINCE JUL 1    109.1                      77.7   31.4     46.6
  SNOW DEPTH      13

DEGREE DAYS
 HEATING
  YESTERDAY       32                        28      4       30
  MONTH TO DATE 1079                       910    169      834
  SINCE MAR 1   1079                       910    169      834
  SINCE JUL 1   5773                      6068   -295     5354

 COOLING
  YESTERDAY        0                         0      0        0
  MONTH TO DATE    0                         0      0        0
  SINCE MAR 1      0                         0      0        0
  SINCE JAN 1      0                         0      0        0
..................................................................







THE GRAY ME CLIMATE NORMALS FOR TODAY
                         NORMAL
 MAXIMUM TEMPERATURE (F)   46
 MINIMUM TEMPERATURE (F)   28


SUNRISE AND SUNSET
MARCH 29 2017.........SUNRISE   627 AM EDT   SUNSET   705 PM EDT
MARCH 30 2017.........SUNRISE   626 AM EDT   SUNSET   706 PM EDT


-  INDICATES NEGATIVE NUMBERS.
R  INDICATES RECORD WAS SET OR TIED.
MM INDICATES DATA IS MISSING.
T  INDICATES TRACE AMOUNT.




$$
