000
CDUS41 KGYX 220803
CLIGYX


CLIMATE REPORT
NATIONAL WEATHER SERVICE GRAY ME
403 AM EDT MON MAY 22 2017


...................................

...THE GRAY ME CLIMATE SUMMARY FOR MAY 21 2017...

CLIMATE NORMAL PERIOD 1981 TO 2010
CLIMATE RECORD PERIOD 1995 TO 2017


WEATHER ITEM   OBSERVED TIME   RECORD YEAR NORMAL DEPARTURE LAST
                VALUE   (LST)  VALUE       VALUE  FROM      YEAR
                                                  NORMAL
..................................................................
TEMPERATURE (F)
 YESTERDAY
  MAXIMUM         71        MM  MM      MM  67      4       79
  MINIMUM         44        MM  MM      MM  46     -2       54
  AVERAGE         58                        56      2       67

PRECIPITATION (IN)
  YESTERDAY        0.00         MM      MM   0.13  -0.13     0.00
  MONTH TO DATE    2.65                      2.58   0.07     1.76
  SINCE MAR 1     10.47                     11.13  -0.66     9.11
  SINCE JAN 1     17.15                     17.97  -0.82    17.37

SNOWFALL (IN)
  YESTERDAY        0.0          MM      MM   0.0    0.0      0.0
  MONTH TO DATE    0.0                       0.2   -0.2      0.0
  SINCE MAR 1     34.1                      24.9    9.2     14.5
  SINCE JUL 1    123.9                      84.0   39.9     51.8
  SNOW DEPTH       0

DEGREE DAYS
 HEATING
  YESTERDAY        7                         9     -2        0
  MONTH TO DATE  269                       246     23      263
  SINCE MAR 1   1975                      1863    112     1826
  SINCE JUL 1   6669                      7021   -352     6346

 COOLING
  YESTERDAY        0                         0      0        2
  MONTH TO DATE   19                         0     19        2
  SINCE MAR 1     21                         1     20        2
  SINCE JAN 1     21                         1     20        2
..................................................................







THE GRAY ME CLIMATE NORMALS FOR TODAY
                         NORMAL
 MAXIMUM TEMPERATURE (F)   67
 MINIMUM TEMPERATURE (F)   46


SUNRISE AND SUNSET
MAY 22 2017...........SUNRISE   508 AM EDT   SUNSET   808 PM EDT
MAY 23 2017...........SUNRISE   507 AM EDT   SUNSET   809 PM EDT


-  INDICATES NEGATIVE NUMBERS.
R  INDICATES RECORD WAS SET OR TIED.
MM INDICATES DATA IS MISSING.
T  INDICATES TRACE AMOUNT.




$$
