000
CDUS41 KGYX 180908
CLIGYX


CLIMATE REPORT
NATIONAL WEATHER SERVICE GRAY ME
408 AM EST THU DEC 18 2014


...................................

...THE GRAY ME CLIMATE SUMMARY FOR DECEMBER 17 2014...

CLIMATE NORMAL PERIOD 1981 TO 2010
CLIMATE RECORD PERIOD 1995 TO 2014


WEATHER ITEM   OBSERVED TIME   RECORD YEAR NORMAL DEPARTURE LAST
                VALUE   (LST)  VALUE       VALUE  FROM      YEAR
                                                  NORMAL
..................................................................
TEMPERATURE (F)
 YESTERDAY
  MAXIMUM         37        MM  MM      MM  34      3       11
  MINIMUM         32        MM  MM      MM  19     13       -5
  AVERAGE         35                        27      8        3

PRECIPITATION (IN)
  YESTERDAY        0.77         MM      MM   0.13   0.64     0.24
  MONTH TO DATE    4.47                      2.37   2.10     2.06
  SINCE DEC 1      4.47                      2.37   2.10     2.06
  SINCE JAN 1     51.10                     48.53   2.57    42.64

SNOWFALL (IN)
  YESTERDAY        0.0          MM      MM   0.7   -0.7      4.6
  MONTH TO DATE    5.7                       8.7   -3.0     19.5
  SINCE DEC 1      5.7                       8.7   -3.0     19.5
  SINCE JUL 1     20.7                      11.8    8.9     20.6
  SNOW DEPTH       2

DEGREE DAYS
 HEATING
  YESTERDAY       30                        38     -8       62
  MONTH TO DATE  609                       604      5      730
  SINCE DEC 1    609                       604      5      730
  SINCE JUL 1   2059                      2101    -42     2201

 COOLING
  YESTERDAY        0                         0      0        0
  MONTH TO DATE    0                         0      0        0
  SINCE DEC 1      0                         0      0        0
  SINCE JAN 1    369                       389    -20      486
..................................................................







THE GRAY ME CLIMATE NORMALS FOR TODAY
                         NORMAL
 MAXIMUM TEMPERATURE (F)   34
 MINIMUM TEMPERATURE (F)   19


SUNRISE AND SUNSET
DECEMBER 18 2014......SUNRISE   710 AM EST   SUNSET   405 PM EST
DECEMBER 19 2014......SUNRISE   711 AM EST   SUNSET   405 PM EST


-  INDICATES NEGATIVE NUMBERS.
R  INDICATES RECORD WAS SET OR TIED.
MM INDICATES DATA IS MISSING.
T  INDICATES TRACE AMOUNT.




$$
