000
CDUS41 KGYX 180801
CLIGYX


CLIMATE REPORT
NATIONAL WEATHER SERVICE GRAY ME
401 AM EDT FRI APR 18 2014


...................................

...THE GRAY ME CLIMATE SUMMARY FOR APRIL 17 2014...

CLIMATE NORMAL PERIOD 1981 TO 2010
CLIMATE RECORD PERIOD 1995 TO 2014


WEATHER ITEM   OBSERVED NORMAL DEPARTURE LAST
                VALUE   VALUE  FROM      YEAR
                               NORMAL
...............................................
TEMPERATURE (F)
 YESTERDAY
  MAXIMUM         43     54    -11       60
  MINIMUM         22     36    -14       41
  AVERAGE         33     45    -12       51

PRECIPITATION (IN)
  YESTERDAY        0.00   0.14  -0.14     0.00
  MONTH TO DATE    2.40   2.53  -0.13     1.49
  SINCE MAR 1      6.28   6.70  -0.42     3.59
  SINCE JAN 1     13.27  13.54  -0.27     8.89

SNOWFALL (IN)
  YESTERDAY        0.0    0.2   -0.2      0.0
  MONTH TO DATE    1.1    3.8   -2.7      0.6
  SINCE MAR 1      8.8   23.7  -14.9     13.1
  SINCE JUL 1     82.9   82.8    0.1     92.9
  SNOW DEPTH       0

DEGREE DAYS
 HEATING
  YESTERDAY       32     20     12       14
  MONTH TO DATE  394    398     -4      406
  SINCE MAR 1   1620   1391    229     1361
  SINCE JUL 1   7030   6549    481     6282

 COOLING
  YESTERDAY        0      0      0        0
  MONTH TO DATE    0      0      0        0
  SINCE MAR 1      0      0      0        0
  SINCE JAN 1      0      0      0        0
...............................................





WEATHER CONDITIONS
 THE FOLLOWING WEATHER WAS RECORDED YESTERDAY.
  NO SIGNIFICANT WEATHER WAS OBSERVED.


..........................................................


THE GRAY ME CLIMATE NORMALS FOR TODAY
                         NORMAL
 MAXIMUM TEMPERATURE (F)   55
 MINIMUM TEMPERATURE (F)   36


SUNRISE AND SUNSET
APRIL 18 2014.........SUNRISE   553 AM EDT   SUNSET   728 PM EDT
APRIL 19 2014.........SUNRISE   551 AM EDT   SUNSET   730 PM EDT


-  INDICATES NEGATIVE NUMBERS.
R  INDICATES RECORD WAS SET OR TIED.
MM INDICATES DATA IS MISSING.
T  INDICATES TRACE AMOUNT.




$$
