000
CDUS44 KJAN 210806
CLIHBG


CLIMATE REPORT
NATIONAL WEATHER SERVICE JACKSON MS
304 AM CDT TUE OCT 21 2014


...................................

...THE HATTIESBURG CLIMATE SUMMARY FOR OCTOBER 20 2014...

CLIMATE NORMAL PERIOD 1981 TO 2010
CLIMATE RECORD PERIOD 1948 TO 2014


WEATHER ITEM   OBSERVED TIME   RECORD YEAR NORMAL DEPARTURE LAST
                VALUE   (LST)  VALUE       VALUE  FROM      YEAR
                                                  NORMAL
..................................................................
TEMPERATURE (F)
 YESTERDAY
  MAXIMUM         77    319 PM  90    1963  79     -2       74
  MINIMUM         45    630 AM  32    1948  53     -8       50
  AVERAGE         61                        66     -5       62

PRECIPITATION (IN)
  YESTERDAY        0.00          0.63 1984   0.12  -0.12     0.00
  MONTH TO DATE    1.50                      2.47  -0.97     0.71
  SINCE SEP 1      7.15                      6.55   0.60     5.75
  SINCE JAN 1     44.43                     48.71  -4.28    57.92

SNOWFALL (IN)
  YESTERDAY        0.0

DEGREE DAYS
 HEATING
  YESTERDAY        4                         3      1        3
  MONTH TO DATE   19                        30    -11        6
  SINCE SEP 1     19                        32    -13        6
  SINCE JUL 1     19                        32    -13        6

 COOLING
  YESTERDAY        0                         3     -3        0
  MONTH TO DATE  140                       104     36      158
  SINCE SEP 1    565                       460    105      588
  SINCE JAN 1   2444                      2331    113     2367
..................................................................


WIND (MPH)
  HIGHEST WIND SPEED     9   HIGHEST WIND DIRECTION     N (350)
  HIGHEST GUST SPEED    17   HIGHEST GUST DIRECTION    NW (320)
  AVERAGE WIND SPEED     1.2


SKY COVER
  POSSIBLE SUNSHINE  MM
  AVERAGE SKY COVER 0.0


WEATHER CONDITIONS
 THE FOLLOWING WEATHER WAS RECORDED YESTERDAY.
  NO SIGNIFICANT WEATHER WAS OBSERVED.


RELATIVE HUMIDITY (PERCENT)
 HIGHEST    93           100 AM
 LOWEST     33           300 PM
 AVERAGE    63

..........................................................


THE HATTIESBURG CLIMATE NORMALS FOR TODAY
                         NORMAL    RECORD    YEAR
 MAXIMUM TEMPERATURE (F)   78        88      2005
                                             1979
 MINIMUM TEMPERATURE (F)   53        34      1989
                                             1952


SUNRISE AND SUNSET
OCTOBER 21 2014.......SUNRISE   704 AM CDT   SUNSET   619 PM CDT
OCTOBER 22 2014.......SUNRISE   705 AM CDT   SUNSET   618 PM CDT


-  INDICATES NEGATIVE NUMBERS.
R  INDICATES RECORD WAS SET OR TIED.
MM INDICATES DATA IS MISSING.
T  INDICATES TRACE AMOUNT.




$$
