484
CDUS44 KJAN 070649
CLIHBG


CLIMATE REPORT
NATIONAL WEATHER SERVICE JACKSON MS
1247 AM CST SUN FEB 7 2016


...................................

...THE HATTIESBURG CLIMATE SUMMARY FOR FEBRUARY 6 2016...

CLIMATE NORMAL PERIOD 1981 TO 2010
CLIMATE RECORD PERIOD 1948 TO 2016


WEATHER ITEM   OBSERVED TIME   RECORD YEAR NORMAL DEPARTURE LAST
                VALUE   (LST)  VALUE       VALUE  FROM      YEAR
                                                  NORMAL
..................................................................
TEMPERATURE (F)
 YESTERDAY
  MAXIMUM         58    315 PM  79    1950  61     -3       61
  MINIMUM         27    601 AM  18    1996  38    -11       26
  AVERAGE         43                        50     -7       44

PRECIPITATION (IN)
  YESTERDAY        0.00          3.00 1955   0.16  -0.16     0.00
  MONTH TO DATE    0.92                      1.02  -0.10     0.59
  SINCE DEC 1     15.45                     11.67   3.78    12.14
  SINCE JAN 1      5.44                      6.76  -1.32     5.94

SNOWFALL (IN)
  YESTERDAY        0.0

DEGREE DAYS
 HEATING
  YESTERDAY       22                        16      6       21
  MONTH TO DATE   71                        96    -25      113
  SINCE DEC 1    809                      1067   -258      987
  SINCE JUL 1    987                      1395   -408     1403

 COOLING
  YESTERDAY        0                         0      0        0
  MONTH TO DATE   12                         0     12        0
  SINCE DEC 1     83                        19     64       13
  SINCE JAN 1     12                         6      6        6
..................................................................


WIND (MPH)
  HIGHEST WIND SPEED    14   HIGHEST WIND DIRECTION     N (20)
  HIGHEST GUST SPEED    17   HIGHEST GUST DIRECTION     N (20)
  AVERAGE WIND SPEED     1.4


SKY COVER
  POSSIBLE SUNSHINE  MM
  AVERAGE SKY COVER 0.0


WEATHER CONDITIONS
 THE FOLLOWING WEATHER WAS RECORDED YESTERDAY.
  NO SIGNIFICANT WEATHER WAS OBSERVED.


RELATIVE HUMIDITY (PERCENT)
 HIGHEST    92           300 AM
 LOWEST     22           500 PM
 AVERAGE    57

..........................................................


THE HATTIESBURG CLIMATE NORMALS FOR TODAY
                         NORMAL    RECORD    YEAR
 MAXIMUM TEMPERATURE (F)   61        82      1948
 MINIMUM TEMPERATURE (F)   38        19      1967


SUNRISE AND SUNSET
FEBRUARY  7 2016......SUNRISE   645 AM CST   SUNSET   537 PM CST
FEBRUARY  8 2016......SUNRISE   645 AM CST   SUNSET   538 PM CST


-  INDICATES NEGATIVE NUMBERS.
R  INDICATES RECORD WAS SET OR TIED.
MM INDICATES DATA IS MISSING.
T  INDICATES TRACE AMOUNT.




$$
