000
CDUS44 KJAN 180639
CLIHBG


CLIMATE REPORT
NATIONAL WEATHER SERVICE JACKSON MS
1234 AM CST WED JAN 18 2017


...................................

...THE HATTIESBURG CLIMATE SUMMARY FOR JANUARY 17 2017...

CLIMATE NORMAL PERIOD 1981 TO 2010
CLIMATE RECORD PERIOD 1948 TO 2017


WEATHER ITEM   OBSERVED TIME   RECORD YEAR NORMAL DEPARTURE LAST
                VALUE   (LST)  VALUE       VALUE  FROM      YEAR
                                                  NORMAL
..................................................................
TEMPERATURE (F)
 YESTERDAY
  MAXIMUM         81R   313 PM  80    1952  60     21       54
  MINIMUM         59    642 AM  14    1977  37     22       33
  AVERAGE         70                        48     22       44

PRECIPITATION (IN)
  YESTERDAY        0.01          2.24 2012   0.18  -0.17      T
  MONTH TO DATE    4.91                      3.01   1.90     0.84
  SINCE DEC 1     11.97                      7.92   4.05    10.85
  SINCE JAN 1      4.91                      3.01   1.90     0.84

SNOWFALL (IN)
  YESTERDAY        0.0

DEGREE DAYS
 HEATING
  YESTERDAY        0                        17    -17       21
  MONTH TO DATE  166                       282   -116      301
  SINCE DEC 1    504                       739   -235      531
  SINCE JUL 1    700                      1067   -367      709

 COOLING
  YESTERDAY        5                         0      5        0
  MONTH TO DATE   15                         0     15        0
  SINCE DEC 1     54                        13     41       71
  SINCE JAN 1     15                         0     15        0
..................................................................


WIND (MPH)
  HIGHEST WIND SPEED    16   HIGHEST WIND DIRECTION     S (190)
  HIGHEST GUST SPEED    22   HIGHEST GUST DIRECTION     S (200)
  AVERAGE WIND SPEED     5.4


SKY COVER
  POSSIBLE SUNSHINE  MM
  AVERAGE SKY COVER 0.5


WEATHER CONDITIONS
 THE FOLLOWING WEATHER WAS RECORDED YESTERDAY.
  LIGHT RAIN
  FOG


RELATIVE HUMIDITY (PERCENT)
 HIGHEST   100           400 AM
 LOWEST     54           200 PM
 AVERAGE    77

..........................................................


THE HATTIESBURG CLIMATE NORMALS FOR TODAY
                         NORMAL    RECORD    YEAR
 MAXIMUM TEMPERATURE (F)   60        82      2009
                                             1950
 MINIMUM TEMPERATURE (F)   37        15      1977


SUNRISE AND SUNSET
JANUARY 18 2017.......SUNRISE   656 AM CST   SUNSET   520 PM CST
JANUARY 19 2017.......SUNRISE   655 AM CST   SUNSET   521 PM CST


-  INDICATES NEGATIVE NUMBERS.
R  INDICATES RECORD WAS SET OR TIED.
MM INDICATES DATA IS MISSING.
T  INDICATES TRACE AMOUNT.




$$
