000
CDUS44 KJAN 290738
CLIHBG


CLIMATE REPORT
NATIONAL WEATHER SERVICE JACKSON MS
234 AM CDT WED MAR 29 2017


...................................

...THE HATTIESBURG CLIMATE SUMMARY FOR MARCH 28 2017...

CLIMATE NORMAL PERIOD 1981 TO 2010
CLIMATE RECORD PERIOD 1948 TO 2017


WEATHER ITEM   OBSERVED TIME   RECORD YEAR NORMAL DEPARTURE LAST
                VALUE   (LST)  VALUE       VALUE  FROM      YEAR
                                                  NORMAL
..................................................................
TEMPERATURE (F)
 YESTERDAY
  MAXIMUM         85    418 PM  86    2007  74     11       79
  MINIMUM         66    628 AM  32    2013  49     17       53
  AVERAGE         76                        61     15       66

PRECIPITATION (IN)
  YESTERDAY        0.00          2.65 2014   0.17  -0.17     0.00
  MONTH TO DATE    2.43                      4.94  -2.51    11.08
  SINCE MAR 1      2.43                      4.94  -2.51    11.08
  SINCE JAN 1     14.03                     16.07  -2.04    20.45

SNOWFALL (IN)
  YESTERDAY        0.0

DEGREE DAYS
 HEATING
  YESTERDAY        0                         5     -5        0
  MONTH TO DATE  143                       202    -59      112
  SINCE MAR 1    143                       202    -59      112
  SINCE JUL 1   1110                      1880   -770     1350

 COOLING
  YESTERDAY       11                         1     10        1
  MONTH TO DATE   75                        28     47       54
  SINCE MAR 1     75                        28     47       54
  SINCE JAN 1    144                        43    101       79
..................................................................


WIND (MPH)
  HIGHEST WIND SPEED    17   HIGHEST WIND DIRECTION    SE (150)
  HIGHEST GUST SPEED    20   HIGHEST GUST DIRECTION    SE (150)
  AVERAGE WIND SPEED     5.1


SKY COVER
  POSSIBLE SUNSHINE  MM
  AVERAGE SKY COVER 0.4


WEATHER CONDITIONS
 THE FOLLOWING WEATHER WAS RECORDED YESTERDAY.
  FOG


RELATIVE HUMIDITY (PERCENT)
 HIGHEST    93           400 AM
 LOWEST     44           200 PM
 AVERAGE    69

..........................................................


THE HATTIESBURG CLIMATE NORMALS FOR TODAY
                         NORMAL    RECORD    YEAR
 MAXIMUM TEMPERATURE (F)   74        87      2007
 MINIMUM TEMPERATURE (F)   49        27      1955


SUNRISE AND SUNSET
MARCH 29 2017.........SUNRISE   649 AM CDT   SUNSET   715 PM CDT
MARCH 30 2017.........SUNRISE   648 AM CDT   SUNSET   715 PM CDT


-  INDICATES NEGATIVE NUMBERS.
R  INDICATES RECORD WAS SET OR TIED.
MM INDICATES DATA IS MISSING.
T  INDICATES TRACE AMOUNT.




$$
