000
CDUS44 KJAN 170651
CLIHBG


CLIMATE REPORT
NATIONAL WEATHER SERVICE JACKSON MS
147 AM CDT THU AUG 17 2017


...................................

...THE HATTIESBURG CLIMATE SUMMARY FOR AUGUST 16 2017...

CLIMATE NORMAL PERIOD 1981 TO 2010
CLIMATE RECORD PERIOD 1948 TO 2017


WEATHER ITEM   OBSERVED TIME   RECORD YEAR NORMAL DEPARTURE LAST
                VALUE   (LST)  VALUE       VALUE  FROM      YEAR
                                                  NORMAL
..................................................................
TEMPERATURE (F)
 YESTERDAY
  MAXIMUM         91    109 PM 103    1951  92     -1       89
  MINIMUM         71   1022 PM  57    2004  71      0       73
  AVERAGE         81                        82     -1       81

PRECIPITATION (IN)
  YESTERDAY        0.23          3.09 1985   0.15   0.08     0.12
  MONTH TO DATE    6.43                      2.40   4.03     3.55
  SINCE JUN 1     23.20                     13.29   9.91    17.80
  SINCE JAN 1     53.63                     39.83  13.80    48.96

SNOWFALL (IN)
  YESTERDAY        0.0

DEGREE DAYS
 HEATING
  YESTERDAY        0                         0      0        0
  MONTH TO DATE    0                         0      0        0
  SINCE JUN 1      0                         0      0        0
  SINCE JUL 1      0                         0      0        0

 COOLING
  YESTERDAY       16                        17     -1       16
  MONTH TO DATE  262                       272    -10      293
  SINCE JUN 1   1184                      1217    -33     1372
  SINCE JAN 1   1705                      1632     73     1836
..................................................................


WIND (MPH)
  HIGHEST WIND SPEED    18   HIGHEST WIND DIRECTION     W (250)
  HIGHEST GUST SPEED    23   HIGHEST GUST DIRECTION    SW (220)
  AVERAGE WIND SPEED     3.6


SKY COVER
  POSSIBLE SUNSHINE  MM
  AVERAGE SKY COVER 0.3


WEATHER CONDITIONS
 THE FOLLOWING WEATHER WAS RECORDED YESTERDAY.
  THUNDERSTORM
  HEAVY RAIN
  RAIN
  LIGHT RAIN
  FOG


RELATIVE HUMIDITY (PERCENT)
 HIGHEST   100          1200 AM
 LOWEST     66           100 PM
 AVERAGE    83

..........................................................


THE HATTIESBURG CLIMATE NORMALS FOR TODAY
                         NORMAL    RECORD    YEAR
 MAXIMUM TEMPERATURE (F)   92       100      2000
 MINIMUM TEMPERATURE (F)   71        57      2004


SUNRISE AND SUNSET
AUGUST 17 2017........SUNRISE   624 AM CDT   SUNSET   737 PM CDT
AUGUST 18 2017........SUNRISE   625 AM CDT   SUNSET   736 PM CDT


-  INDICATES NEGATIVE NUMBERS.
R  INDICATES RECORD WAS SET OR TIED.
MM INDICATES DATA IS MISSING.
T  INDICATES TRACE AMOUNT.




$$
