000
CDUS41 KLWX 232136
CLIHGR


CLIMATE REPORT
NATIONAL WEATHER SERVICE BALTIMORE MD/WASHINGTON DC
536 PM EDT TUE SEP 23 2014


...................................

...THE HAGERSTOWN MD CLIMATE SUMMARY FOR SEPTEMBER 23 2014...
VALID TODAY AS OF 0500 PM LOCAL TIME.

CLIMATE NORMAL PERIOD 1981 TO 2010
CLIMATE RECORD PERIOD 9999 TO 9999


WEATHER ITEM   OBSERVED TIME   RECORD YEAR NORMAL DEPARTURE LAST
                VALUE   (LST)  VALUE       VALUE  FROM      YEAR
                                                  NORMAL
..................................................................
TEMPERATURE (F)
 TODAY
  MAXIMUM         71    246 PM  MM      MM  73     -2       64
  MINIMUM         43    631 AM  MM      MM  53    -10       49
  AVERAGE         57                        63     -6       57

PRECIPITATION (IN)
  TODAY            0.00         MM      MM   0.14  -0.14     0.00
  MONTH TO DATE    1.29                      2.69  -1.40     3.21
  SINCE SEP 1      1.29                      2.69  -1.40     3.21
  SINCE JAN 1     28.20                     29.32  -1.12    22.36

DEGREE DAYS
 HEATING
  TODAY            8                         4      4        8
  MONTH TO DATE   44                        34     10       47
  SINCE SEP 1     44                        34     10       47
  SINCE JUL 1     46                        39      7       50

 COOLING
  TODAY            0                         2     -2        0
  MONTH TO DATE  112                        84     28      104
  SINCE SEP 1    112                        84     28      104
  SINCE JAN 1    925                       952    -27     1089
..................................................................


WIND (MPH)
  HIGHEST WIND SPEED     8   HIGHEST WIND DIRECTION     N (340)
  HIGHEST GUST SPEED    13   HIGHEST GUST DIRECTION    NW (330)
  AVERAGE WIND SPEED     1.8


SKY COVER
  POSSIBLE SUNSHINE  MM
  AVERAGE SKY COVER 0.0


WEATHER CONDITIONS
 THE FOLLOWING WEATHER WAS RECORDED TODAY.
  NO SIGNIFICANT WEATHER WAS OBSERVED.


RELATIVE HUMIDITY (PERCENT)
 HIGHEST    83           600 AM
 LOWEST     37           300 PM
 AVERAGE    60

..........................................................


THE HAGERSTOWN MD CLIMATE NORMALS FOR TOMORROW
                         NORMAL    RECORD    YEAR
 MAXIMUM TEMPERATURE (F)   72        MM        MM
 MINIMUM TEMPERATURE (F)   53        MM        MM


SUNRISE AND SUNSET
SEPTEMBER 23 2014.....SUNRISE   659 AM EDT   SUNSET   706 PM EDT
SEPTEMBER 24 2014.....SUNRISE   700 AM EDT   SUNSET   705 PM EDT


-  INDICATES NEGATIVE NUMBERS.
R  INDICATES RECORD WAS SET OR TIED.
MM INDICATES DATA IS MISSING.
T  INDICATES TRACE AMOUNT.




$$
