339
CDUS41 KLWX 260527
CLIHGR


CLIMATE REPORT
NATIONAL WEATHER SERVICE BALTIMORE MD/WASHINGTON DC
127 AM EDT SUN MAR 26 2017


...................................

...THE HAGERSTOWN MD CLIMATE SUMMARY FOR MARCH 25 2017...

CLIMATE NORMAL PERIOD 1981 TO 2010
CLIMATE RECORD PERIOD 9999 TO 9999


WEATHER ITEM   OBSERVED TIME   RECORD YEAR NORMAL DEPARTURE LAST
                VALUE   (LST)  VALUE       VALUE  FROM      YEAR
                                                  NORMAL
..................................................................
TEMPERATURE (F)
 YESTERDAY
  MAXIMUM         76    433 PM  MM      MM  54     22       69
  MINIMUM         55    240 AM  MM      MM  35     20       41
  AVERAGE         66                        45     21       55

PRECIPITATION (IN)
  YESTERDAY        0.00         MM      MM   0.12  -0.12     0.05
  MONTH TO DATE    1.62                      2.55  -0.93     1.21
  SINCE MAR 1      1.62                      2.55  -0.93     1.21
  SINCE JAN 1      5.72                      7.78  -2.06     6.58

DEGREE DAYS
 HEATING
  YESTERDAY        0                        20    -20       10
  MONTH TO DATE  621                       614      7      367
  SINCE MAR 1    621                       614      7      367
  SINCE JUL 1   3628                      4517   -889     3604

 COOLING
  YESTERDAY        1                         0      1        0
  MONTH TO DATE    1                         0      1        4
  SINCE MAR 1      1                         0      1        4
  SINCE JAN 1      2                         0      2        4
..................................................................


WIND (MPH)
  HIGHEST WIND SPEED    17   HIGHEST WIND DIRECTION    NE (60)
  HIGHEST GUST SPEED    23   HIGHEST GUST DIRECTION     N (360)
  AVERAGE WIND SPEED     7.6


SKY COVER
  POSSIBLE SUNSHINE  MM
  AVERAGE SKY COVER 0.4


WEATHER CONDITIONS
 THE FOLLOWING WEATHER WAS RECORDED YESTERDAY.
  NO SIGNIFICANT WEATHER WAS OBSERVED.


RELATIVE HUMIDITY (PERCENT)
 HIGHEST    72           600 AM
 LOWEST     43          1200 PM
 AVERAGE    58

..........................................................


THE HAGERSTOWN MD CLIMATE NORMALS FOR TODAY
                         NORMAL    RECORD    YEAR
 MAXIMUM TEMPERATURE (F)   55        MM        MM
 MINIMUM TEMPERATURE (F)   36        MM        MM


SUNRISE AND SUNSET
MARCH 26 2017.........SUNRISE   704 AM EDT   SUNSET   729 PM EDT
MARCH 27 2017.........SUNRISE   703 AM EDT   SUNSET   730 PM EDT


-  INDICATES NEGATIVE NUMBERS.
R  INDICATES RECORD WAS SET OR TIED.
MM INDICATES DATA IS MISSING.
T  INDICATES TRACE AMOUNT.




$$
