000
CDUS41 KLWX 100531
CLIHGR


CLIMATE REPORT
NATIONAL WEATHER SERVICE BALTIMORE MD/WASHINGTON DC
1230 AM EST WED FEB 10 2016


...................................

...THE HAGERSTOWN MD CLIMATE SUMMARY FOR FEBRUARY 9 2016...

CLIMATE NORMAL PERIOD 1981 TO 2010
CLIMATE RECORD PERIOD 9999 TO 9999


WEATHER ITEM   OBSERVED TIME   RECORD YEAR NORMAL DEPARTURE LAST
                VALUE   (LST)  VALUE       VALUE  FROM      YEAR
                                                  NORMAL
..................................................................
TEMPERATURE (F)
 YESTERDAY
  MAXIMUM         37    159 AM  MM      MM  40     -3       38
  MINIMUM         27   1159 PM  MM      MM  25      2       31
  AVERAGE         32                        33     -1       35

PRECIPITATION (IN)
  YESTERDAY        0.24         MM      MM   0.10   0.14     0.02
  MONTH TO DATE    1.12                      0.82   0.30     0.11
  SINCE DEC 1      5.76                      6.39  -0.63     5.01
  SINCE JAN 1      2.88                      3.50  -0.62     2.01

DEGREE DAYS
 HEATING
  YESTERDAY       33                        32      1       30
  MONTH TO DATE  248                       296    -48      303
  SINCE DEC 1   1886                      2315   -429     2226
  SINCE JUL 1   2618                      3320   -702     3179

 COOLING
  YESTERDAY        0                         0      0        0
  MONTH TO DATE    0                         0      0        0
  SINCE DEC 1      0                         0      0        0
  SINCE JAN 1      0                         0      0        0
..................................................................


WIND (MPH)
  HIGHEST WIND SPEED    15   HIGHEST WIND DIRECTION     W (260)
  HIGHEST GUST SPEED    20   HIGHEST GUST DIRECTION     W (260)
  AVERAGE WIND SPEED     5.1


SKY COVER
  POSSIBLE SUNSHINE  MM
  AVERAGE SKY COVER 1.0


WEATHER CONDITIONS
 THE FOLLOWING WEATHER WAS RECORDED YESTERDAY.
  SNOW
  LIGHT SNOW
  FOG
  FOG W/VISIBILITY <= 1/4 MILE


RELATIVE HUMIDITY (PERCENT)
 HIGHEST    96           700 AM
 LOWEST     69          1000 PM
 AVERAGE    83

..........................................................


THE HAGERSTOWN MD CLIMATE NORMALS FOR TODAY
                         NORMAL    RECORD    YEAR
 MAXIMUM TEMPERATURE (F)   40        MM        MM
 MINIMUM TEMPERATURE (F)   25        MM        MM


SUNRISE AND SUNSET
FEBRUARY 10 2016......SUNRISE   710 AM EST   SUNSET   541 PM EST
FEBRUARY 11 2016......SUNRISE   709 AM EST   SUNSET   542 PM EST


-  INDICATES NEGATIVE NUMBERS.
R  INDICATES RECORD WAS SET OR TIED.
MM INDICATES DATA IS MISSING.
T  INDICATES TRACE AMOUNT.




$$
