000
CDUS41 KLWX 270525
CLIHGR


CLIMATE REPORT
NATIONAL WEATHER SERVICE BALTIMORE MD/WASHINGTON DC
125 AM EDT FRI MAR 27 2015


...................................

...THE HAGERSTOWN MD CLIMATE SUMMARY FOR MARCH 26 2015...

CLIMATE NORMAL PERIOD 1981 TO 2010
CLIMATE RECORD PERIOD 9999 TO 9999


WEATHER ITEM   OBSERVED TIME   RECORD YEAR NORMAL DEPARTURE LAST
                VALUE   (LST)  VALUE       VALUE  FROM      YEAR
                                                  NORMAL
..................................................................
TEMPERATURE (F)
 YESTERDAY
  MAXIMUM         74    415 PM  MM      MM  55     19       34
  MINIMUM         33    555 AM  MM      MM  36     -3       23
  AVERAGE         54                        45      9       29

PRECIPITATION (IN)
  YESTERDAY        0.17         MM      MM   0.14   0.03     0.00
  MONTH TO DATE    2.21                      2.69  -0.48     0.71
  SINCE MAR 1      2.21                      2.69  -0.48     0.71
  SINCE JAN 1      4.49                      7.92  -3.43     4.49

DEGREE DAYS
 HEATING
  YESTERDAY       11                        20     -9       36
  MONTH TO DATE  661                       634     27      761
  SINCE MAR 1    661                       634     27      761
  SINCE JUL 1   4667                      4537    130     4776

 COOLING
  YESTERDAY        0                         0      0        0
  MONTH TO DATE    0                         0      0        0
  SINCE MAR 1      0                         0      0        0
  SINCE JAN 1      0                         0      0        0
..................................................................


WIND (MPH)
  HIGHEST WIND SPEED    23   HIGHEST WIND DIRECTION    NW (320)
  HIGHEST GUST SPEED    32   HIGHEST GUST DIRECTION    NW (330)
  AVERAGE WIND SPEED     9.3


SKY COVER
  POSSIBLE SUNSHINE  MM
  AVERAGE SKY COVER 0.5


WEATHER CONDITIONS
 THE FOLLOWING WEATHER WAS RECORDED YESTERDAY.
  RAIN
  LIGHT RAIN
  FOG
  HAZE


RELATIVE HUMIDITY (PERCENT)
 HIGHEST    89           500 AM
 LOWEST     49           400 PM
 AVERAGE    69

..........................................................


THE HAGERSTOWN MD CLIMATE NORMALS FOR TODAY
                         NORMAL    RECORD    YEAR
 MAXIMUM TEMPERATURE (F)   55        MM        MM
 MINIMUM TEMPERATURE (F)   36        MM        MM


SUNRISE AND SUNSET
MARCH 27 2015.........SUNRISE   703 AM EDT   SUNSET   730 PM EDT
MARCH 28 2015.........SUNRISE   702 AM EDT   SUNSET   731 PM EDT


-  INDICATES NEGATIVE NUMBERS.
R  INDICATES RECORD WAS SET OR TIED.
MM INDICATES DATA IS MISSING.
T  INDICATES TRACE AMOUNT.




$$
