000
CDUS41 KLWX 270525
CLIHGR


CLIMATE REPORT
NATIONAL WEATHER SERVICE BALTIMORE MD/WASHINGTON DC
124 AM EDT TUE SEP 27 2016


...................................

...THE HAGERSTOWN MD CLIMATE SUMMARY FOR SEPTEMBER 26 2016...

CLIMATE NORMAL PERIOD 1981 TO 2010
CLIMATE RECORD PERIOD 9999 TO 9999


WEATHER ITEM   OBSERVED TIME   RECORD YEAR NORMAL DEPARTURE LAST
                VALUE   (LST)  VALUE       VALUE  FROM      YEAR
                                                  NORMAL
..................................................................
TEMPERATURE (F)
 YESTERDAY
  MAXIMUM         67    550 PM  MM      MM  72     -5       70
  MINIMUM         58    150 AM  MM      MM  52      6       57
  AVERAGE         63                        62      1       64

PRECIPITATION (IN)
  YESTERDAY        0.06         MM      MM   0.14  -0.08     0.00
  MONTH TO DATE    1.12                      3.11  -1.99     1.78
  SINCE SEP 1      1.12                      3.11  -1.99     1.78
  SINCE JAN 1     22.22                     29.74  -7.52    20.42

DEGREE DAYS
 HEATING
  YESTERDAY        2                         4     -2        1
  MONTH TO DATE    4                        46    -42        7
  SINCE SEP 1      4                        46    -42        7
  SINCE JUL 1      4                        51    -47        7

 COOLING
  YESTERDAY        0                         1     -1        0
  MONTH TO DATE  252                        87    165      178
  SINCE SEP 1    252                        87    165      178
  SINCE JAN 1   1511                       955    556     1321
..................................................................


WIND (MPH)
  HIGHEST WIND SPEED    18   HIGHEST WIND DIRECTION    SE (150)
  HIGHEST GUST SPEED    24   HIGHEST GUST DIRECTION    SE (140)
  AVERAGE WIND SPEED     6.5


SKY COVER
  POSSIBLE SUNSHINE  MM
  AVERAGE SKY COVER 0.9


WEATHER CONDITIONS
 THE FOLLOWING WEATHER WAS RECORDED YESTERDAY.
  LIGHT RAIN
  FOG


RELATIVE HUMIDITY (PERCENT)
 HIGHEST    93          1100 PM
 LOWEST     72           400 AM
 AVERAGE    83

..........................................................


THE HAGERSTOWN MD CLIMATE NORMALS FOR TODAY
                         NORMAL    RECORD    YEAR
 MAXIMUM TEMPERATURE (F)   71        MM        MM
 MINIMUM TEMPERATURE (F)   52        MM        MM


SUNRISE AND SUNSET
SEPTEMBER 27 2016.....SUNRISE   704 AM EDT   SUNSET   659 PM EDT
SEPTEMBER 28 2016.....SUNRISE   705 AM EDT   SUNSET   657 PM EDT


-  INDICATES NEGATIVE NUMBERS.
R  INDICATES RECORD WAS SET OR TIED.
MM INDICATES DATA IS MISSING.
T  INDICATES TRACE AMOUNT.




$$
