812
CDUS41 KLWX 100522
CLIHGR


CLIMATE REPORT
NATIONAL WEATHER SERVICE BALTIMORE MD/WASHINGTON DC
1222 AM EST SAT DEC 10 2016


...................................

...THE HAGERSTOWN MD CLIMATE SUMMARY FOR DECEMBER 9 2016...

CLIMATE NORMAL PERIOD 1981 TO 2010
CLIMATE RECORD PERIOD 9999 TO 9999


WEATHER ITEM   OBSERVED TIME   RECORD YEAR NORMAL DEPARTURE LAST
                VALUE   (LST)  VALUE       VALUE  FROM      YEAR
                                                  NORMAL
..................................................................
TEMPERATURE (F)
 YESTERDAY
  MAXIMUM         37    110 PM  MM      MM  43     -6       45
  MINIMUM         26   1119 PM  MM      MM  29     -3       27
  AVERAGE         32                        36     -4       36

PRECIPITATION (IN)
  YESTERDAY        0.00         MM      MM   0.10  -0.10     0.05
  MONTH TO DATE    0.81                      0.97  -0.16     0.82
  SINCE DEC 1      0.81                      0.97  -0.16     0.82
  SINCE JAN 1     26.31                     37.37 -11.06    25.83

DEGREE DAYS
 HEATING
  YESTERDAY       33                        29      4       29
  MONTH TO DATE  216                       250    -34      218
  SINCE DEC 1    216                       250    -34      218
  SINCE JUL 1    924                      1255   -331      950

 COOLING
  YESTERDAY        0                         0      0        0
  MONTH TO DATE    0                         0      0        0
  SINCE DEC 1      0                         0      0        0
  SINCE JAN 1   1551                       969    582     1347
..................................................................


WIND (MPH)
  HIGHEST WIND SPEED    25   HIGHEST WIND DIRECTION     W (290)
  HIGHEST GUST SPEED    31   HIGHEST GUST DIRECTION     W (290)
  AVERAGE WIND SPEED    14.1


SKY COVER
  POSSIBLE SUNSHINE  MM
  AVERAGE SKY COVER 0.5


WEATHER CONDITIONS
 THE FOLLOWING WEATHER WAS RECORDED YESTERDAY.
  NO SIGNIFICANT WEATHER WAS OBSERVED.


RELATIVE HUMIDITY (PERCENT)
 HIGHEST    58           800 AM
 LOWEST     43           400 PM
 AVERAGE    51

..........................................................


THE HAGERSTOWN MD CLIMATE NORMALS FOR TODAY
                         NORMAL    RECORD    YEAR
 MAXIMUM TEMPERATURE (F)   43        MM        MM
 MINIMUM TEMPERATURE (F)   28        MM        MM


SUNRISE AND SUNSET
DECEMBER 10 2016......SUNRISE   721 AM EST   SUNSET   447 PM EST
DECEMBER 11 2016......SUNRISE   722 AM EST   SUNSET   447 PM EST


-  INDICATES NEGATIVE NUMBERS.
R  INDICATES RECORD WAS SET OR TIED.
MM INDICATES DATA IS MISSING.
T  INDICATES TRACE AMOUNT.




$$
