000
CDUS46 KPQR 091324
CLIHIO


CLIMATE REPORT
NATIONAL WEATHER SERVICE PORTLAND OREGON
524 AM PST FRI DEC 9 2016


...................................

...THE HILLSBORO OR CLIMATE SUMMARY FOR DECEMBER 8 2016...

CLIMATE NORMAL PERIOD 1981 TO 2010
CLIMATE RECORD PERIOD 1929 TO 2016


WEATHER ITEM   OBSERVED TIME   RECORD YEAR NORMAL DEPARTURE LAST
                VALUE   (LST)  VALUE       VALUE  FROM      YEAR
                                                  NORMAL
..................................................................
TEMPERATURE (F)
 YESTERDAY
  MAXIMUM         34   1007 AM  60    1933  46    -12       59
  MINIMUM         29    231 PM  -2    1972  33     -4       54
  AVERAGE         32                        39     -7       57

PRECIPITATION (IN)
  YESTERDAY        0.02          1.38 2015   0.22  -0.20
  MONTH TO DATE    0.96                      1.61  -0.65
  SINCE OCT 1     15.87                     11.26   4.61
  SINCE JAN 1     38.19                     34.77   3.42

SNOWFALL (IN)
  YESTERDAY       MM
  MONTH TO DATE    0.0
  SINCE DEC 1      0.0
  SINCE JUL 1      0.0
  SNOW DEPTH       0

DEGREE DAYS
 HEATING
  YESTERDAY       33                        26      7
  MONTH TO DATE  219                       201     18
  SINCE JUL 1   1190                      1502   -312

 COOLING
  YESTERDAY        0                         0      0
  MONTH TO DATE    0                         0      0
  SINCE JAN 1    336                       198    138
..................................................................


WIND (MPH)
  HIGHEST WIND SPEED    28   HIGHEST WIND DIRECTION     E (90)
  HIGHEST GUST SPEED    36   HIGHEST GUST DIRECTION     E (80)
  AVERAGE WIND SPEED    14.7


SKY COVER
  POSSIBLE SUNSHINE  MM
  AVERAGE SKY COVER 0.6


WEATHER CONDITIONS
 THE FOLLOWING WEATHER WAS RECORDED YESTERDAY.
  LT FREEZING RAIN
  SNOW
  LIGHT SNOW
  FOG


RELATIVE HUMIDITY (PERCENT)
 HIGHEST    92           200 PM
 LOWEST     51          1200 AM
 AVERAGE    72

..........................................................


THE HILLSBORO OR CLIMATE NORMALS FOR TODAY
                         NORMAL    RECORD    YEAR
 MAXIMUM TEMPERATURE (F)   45        63      1933
 MINIMUM TEMPERATURE (F)   33         3      1972


SUNRISE AND SUNSET
DECEMBER  9 2016......SUNRISE   741 AM PST   SUNSET   428 PM PST
DECEMBER 10 2016......SUNRISE   742 AM PST   SUNSET   428 PM PST


-  INDICATES NEGATIVE NUMBERS.
R  INDICATES RECORD WAS SET OR TIED.
MM INDICATES DATA IS MISSING.
T  INDICATES TRACE AMOUNT.




$$
