000
CDUS46 KPQR 271142
CLIHIO


CLIMATE REPORT
NATIONAL WEATHER SERVICE PORTLAND OREGON
441 AM PDT WED JUL 27 2016


...................................

...THE HILLSBORO OR CLIMATE SUMMARY FOR JULY 26 2016...

CLIMATE NORMAL PERIOD 1981 TO 2010
CLIMATE RECORD PERIOD 1929 TO 2016


WEATHER ITEM   OBSERVED TIME   RECORD YEAR NORMAL DEPARTURE LAST
                VALUE   (LST)  VALUE       VALUE  FROM      YEAR
                                                  NORMAL
..................................................................
TEMPERATURE (F)
 YESTERDAY
  MAXIMUM         85    423 PM 103    1939  82      3       72
  MINIMUM         54    440 AM  37    1930  52      2       53
  AVERAGE         70                        67      3       63

PRECIPITATION (IN)
  YESTERDAY        0.00          0.38 1947   0.01  -0.01
  MONTH TO DATE    0.33                      0.48  -0.15
  SINCE OCT 1     43.16                     37.76   5.40
  SINCE JAN 1     21.14                     21.37  -0.23

SNOWFALL (IN)
  YESTERDAY        0.0
  MONTH TO DATE    0.0
  SINCE JUN 1      0.0
  SINCE JUL 1      0.0
  SNOW DEPTH       0

DEGREE DAYS
 HEATING
  YESTERDAY        0                         1     -1
  MONTH TO DATE   21                        49    -28
  SINCE JUL 1     21                        49    -28

 COOLING
  YESTERDAY        5                         3      2
  MONTH TO DATE   45                        60    -15
  SINCE JAN 1    135                        86     49
..................................................................


WIND (MPH)
  HIGHEST WIND SPEED    20   HIGHEST WIND DIRECTION    NW (320)
  HIGHEST GUST SPEED    23   HIGHEST GUST DIRECTION    NW (320)
  AVERAGE WIND SPEED     6.5


SKY COVER
  POSSIBLE SUNSHINE  MM
  AVERAGE SKY COVER 0.1


WEATHER CONDITIONS
 THE FOLLOWING WEATHER WAS RECORDED YESTERDAY.
  NO SIGNIFICANT WEATHER WAS OBSERVED.


RELATIVE HUMIDITY (PERCENT)
 HIGHEST    86           200 AM
 LOWEST     37           400 PM
 AVERAGE    62

..........................................................


THE HILLSBORO OR CLIMATE NORMALS FOR TODAY
                         NORMAL    RECORD    YEAR
 MAXIMUM TEMPERATURE (F)   82       105      1998
 MINIMUM TEMPERATURE (F)   52        37      1930


SUNRISE AND SUNSET
JULY 27 2016..........SUNRISE   551 AM PDT   SUNSET   845 PM PDT
JULY 28 2016..........SUNRISE   552 AM PDT   SUNSET   844 PM PDT


-  INDICATES NEGATIVE NUMBERS.
R  INDICATES RECORD WAS SET OR TIED.
MM INDICATES DATA IS MISSING.
T  INDICATES TRACE AMOUNT.




$$
