000
CDUS46 KPQR 311153
CLIHIO


CLIMATE REPORT
NATIONAL WEATHER SERVICE PORTLAND OREGON
453 AM PDT SUN AUG 31 2014


...................................

...THE HILLSBORO OR CLIMATE SUMMARY FOR AUGUST 30 2014...

CLIMATE NORMAL PERIOD 1981 TO 2010
CLIMATE RECORD PERIOD 1929 TO 2014


WEATHER ITEM   OBSERVED TIME   RECORD YEAR NORMAL DEPARTURE LAST
                VALUE   (LST)  VALUE       VALUE  FROM      YEAR
                                                  NORMAL
..................................................................
TEMPERATURE (F)
 YESTERDAY
  MAXIMUM         74    341 PM  98    1987  80     -6       80
  MINIMUM         55   1135 PM  30    1930  49      6       58
  AVERAGE         65                        64      1       69

PRECIPITATION (IN)
  YESTERDAY        0.04          1.29 1983   0.02   0.02
  MONTH TO DATE    0.14                      0.60  -0.46
  SINCE OCT 1     24.92                     38.43 -13.51
  SINCE JAN 1     20.24                     22.04  -1.80

SNOWFALL (IN)
  YESTERDAY        0.0
  MONTH TO DATE    0.0
  SINCE JUN 1      0.0
  SINCE JUL 1      0.0
  SNOW DEPTH       0

DEGREE DAYS
 HEATING
  YESTERDAY        0                         2     -2
  MONTH TO DATE    3                        48    -45
  SINCE JUL 1      9                       104    -95

 COOLING
  YESTERDAY        0                         2     -2
  MONTH TO DATE  172                        78     94
  SINCE JAN 1    350                       179    171
..................................................................


WIND (MPH)
  HIGHEST WIND SPEED    20   HIGHEST WIND DIRECTION    NW (300)
  HIGHEST GUST SPEED    23   HIGHEST GUST DIRECTION    NW (300)
  AVERAGE WIND SPEED     7.1


SKY COVER
  POSSIBLE SUNSHINE  MM
  AVERAGE SKY COVER 0.7


WEATHER CONDITIONS
 THE FOLLOWING WEATHER WAS RECORDED YESTERDAY.
  LIGHT RAIN
  HAZE


RELATIVE HUMIDITY (PERCENT)
 HIGHEST    90           300 AM
 LOWEST     47           500 PM
 AVERAGE    69

..........................................................


THE HILLSBORO OR CLIMATE NORMALS FOR TODAY
                         NORMAL    RECORD    YEAR
 MAXIMUM TEMPERATURE (F)   79       101      1987
 MINIMUM TEMPERATURE (F)   49        34      1930


SUNRISE AND SUNSET
AUGUST 31 2014........SUNRISE   632 AM PDT   SUNSET   751 PM PDT
SEPTEMBER  1 2014.....SUNRISE   633 AM PDT   SUNSET   749 PM PDT


-  INDICATES NEGATIVE NUMBERS.
R  INDICATES RECORD WAS SET OR TIED.
MM INDICATES DATA IS MISSING.
T  INDICATES TRACE AMOUNT.




$$
