000
CDUS46 KPQR 031141
CLIHIO


CLIMATE REPORT
NATIONAL WEATHER SERVICE PORTLAND OREGON
441 AM PDT THU SEP 3 2015


...................................

...THE HILLSBORO OR CLIMATE SUMMARY FOR SEPTEMBER 2 2015...

CLIMATE NORMAL PERIOD 1981 TO 2010
CLIMATE RECORD PERIOD 1929 TO 2015


WEATHER ITEM   OBSERVED TIME   RECORD YEAR NORMAL DEPARTURE LAST
                VALUE   (LST)  VALUE       VALUE  FROM      YEAR
                                                  NORMAL
..................................................................
TEMPERATURE (F)
 YESTERDAY
  MAXIMUM         72    320 PM 103    1988  79     -7       76
  MINIMUM         50   1148 PM  38    1960  49      1       52
  AVERAGE         61                        64     -3       64

PRECIPITATION (IN)
  YESTERDAY        0.01          0.54 1979   0.04  -0.03
  MONTH TO DATE    0.05                      0.07  -0.02
  SINCE OCT 1     30.40                     38.53  -8.13
  SINCE JAN 1     15.57                     22.14  -6.57

SNOWFALL (IN)
  YESTERDAY        0.0
  MONTH TO DATE    0.0
  SINCE SEP 1      0.0
  SINCE JUL 1      0.0
  SNOW DEPTH       0

DEGREE DAYS
 HEATING
  YESTERDAY        4                         3      1
  MONTH TO DATE    4                         6     -2
  SINCE JUL 1     17                       113    -96

 COOLING
  YESTERDAY        0                         2     -2
  MONTH TO DATE    0                         4     -4
  SINCE JAN 1    478                       182    296
..................................................................


WIND (MPH)
  HIGHEST WIND SPEED    15   HIGHEST WIND DIRECTION     W (280)
  HIGHEST GUST SPEED    19   HIGHEST GUST DIRECTION     W (280)
  AVERAGE WIND SPEED     4.1


SKY COVER
  POSSIBLE SUNSHINE  MM
  AVERAGE SKY COVER 0.7


WEATHER CONDITIONS
 THE FOLLOWING WEATHER WAS RECORDED YESTERDAY.
  FOG


RELATIVE HUMIDITY (PERCENT)
 HIGHEST    93          1200 AM
 LOWEST     33           300 PM
 AVERAGE    63

..........................................................


THE HILLSBORO OR CLIMATE NORMALS FOR TODAY
                         NORMAL    RECORD    YEAR
 MAXIMUM TEMPERATURE (F)   79        96      2003
 MINIMUM TEMPERATURE (F)   49        39      1984


SUNRISE AND SUNSET
SEPTEMBER  3 2015.....SUNRISE   635 AM PDT   SUNSET   746 PM PDT
SEPTEMBER  4 2015.....SUNRISE   637 AM PDT   SUNSET   744 PM PDT


-  INDICATES NEGATIVE NUMBERS.
R  INDICATES RECORD WAS SET OR TIED.
MM INDICATES DATA IS MISSING.
T  INDICATES TRACE AMOUNT.




$$
