000
CDUS46 KPQR 271143
CLIHIO


CLIMATE REPORT
NATIONAL WEATHER SERVICE PORTLAND OREGON
442 AM PDT TUE SEP 27 2016


...................................

...THE HILLSBORO OR CLIMATE SUMMARY FOR SEPTEMBER 26 2016...

CLIMATE NORMAL PERIOD 1981 TO 2010
CLIMATE RECORD PERIOD 1929 TO 2016


WEATHER ITEM   OBSERVED TIME   RECORD YEAR NORMAL DEPARTURE LAST
                VALUE   (LST)  VALUE       VALUE  FROM      YEAR
                                                  NORMAL
..................................................................
TEMPERATURE (F)
 YESTERDAY
  MAXIMUM         90    328 PM  93    1949  71     19       69
  MINIMUM         51    559 AM  33    1961  44      7       49
  AVERAGE         71                        58     13       59

PRECIPITATION (IN)
  YESTERDAY        0.00          0.70 1948   0.08  -0.08
  MONTH TO DATE    0.93                      1.11  -0.18
  SINCE OCT 1     44.34                     39.57   4.77
  SINCE JAN 1     22.32                     23.18  -0.86

SNOWFALL (IN)
  YESTERDAY        0.0
  MONTH TO DATE    0.0
  SINCE SEP 1      0.0
  SINCE JUL 1      0.0
  SNOW DEPTH       0

DEGREE DAYS
 HEATING
  YESTERDAY        0                         8     -8
  MONTH TO DATE  121                       121      0
  SINCE JUL 1    165                       228    -63

 COOLING
  YESTERDAY        6                         0      6
  MONTH TO DATE   10                        16     -6
  SINCE JAN 1    336                       194    142
..................................................................


WIND (MPH)
  HIGHEST WIND SPEED    18   HIGHEST WIND DIRECTION    NW (330)
  HIGHEST GUST SPEED    24   HIGHEST GUST DIRECTION     N (340)
  AVERAGE WIND SPEED     3.9


SKY COVER
  POSSIBLE SUNSHINE  MM
  AVERAGE SKY COVER 0.0


WEATHER CONDITIONS
 THE FOLLOWING WEATHER WAS RECORDED YESTERDAY.
  FOG


RELATIVE HUMIDITY (PERCENT)
 HIGHEST   100           700 AM
 LOWEST     28           300 PM
 AVERAGE    64

..........................................................


THE HILLSBORO OR CLIMATE NORMALS FOR TODAY
                         NORMAL    RECORD    YEAR
 MAXIMUM TEMPERATURE (F)   71        95      2003
 MINIMUM TEMPERATURE (F)   44        31      1972


SUNRISE AND SUNSET
SEPTEMBER 27 2016.....SUNRISE   706 AM PDT   SUNSET   658 PM PDT
SEPTEMBER 28 2016.....SUNRISE   707 AM PDT   SUNSET   657 PM PDT


-  INDICATES NEGATIVE NUMBERS.
R  INDICATES RECORD WAS SET OR TIED.
MM INDICATES DATA IS MISSING.
T  INDICATES TRACE AMOUNT.




$$
