000
CDUS46 KPQR 211142
CLIHIO


CLIMATE REPORT
NATIONAL WEATHER SERVICE PORTLAND OREGON
441 AM PDT THU AUG 21 2014


...................................

...THE HILLSBORO OR CLIMATE SUMMARY FOR AUGUST 20 2014...

CLIMATE NORMAL PERIOD 1981 TO 2010
CLIMATE RECORD PERIOD 1929 TO 2014


WEATHER ITEM   OBSERVED TIME   RECORD YEAR NORMAL DEPARTURE LAST
                VALUE   (LST)  VALUE       VALUE  FROM      YEAR
                                                  NORMAL
..................................................................
TEMPERATURE (F)
 YESTERDAY
  MAXIMUM         79    348 PM 101    1951  81     -2       83
  MINIMUM         55   1159 PM  40    2010  50      5       46
  AVERAGE         67                        66      1       65

PRECIPITATION (IN)
  YESTERDAY        0.00          1.13 1978   0.03  -0.03
  MONTH TO DATE    0.10                      0.37  -0.27
  SINCE OCT 1     24.88                     38.20 -13.32
  SINCE JAN 1     20.20                     21.81  -1.61

SNOWFALL (IN)
  YESTERDAY        0.0
  MONTH TO DATE    0.0
  SINCE JUN 1      0.0
  SINCE JUL 1      0.0
  SNOW DEPTH       0

DEGREE DAYS
 HEATING
  YESTERDAY        0                         2     -2
  MONTH TO DATE    0                        28    -28
  SINCE JUL 1      6                        84    -78

 COOLING
  YESTERDAY        2                         2      0
  MONTH TO DATE  131                        58     73
  SINCE JAN 1    309                       159    150
..................................................................


WIND (MPH)
  HIGHEST WIND SPEED    16   HIGHEST WIND DIRECTION     N (340)
  HIGHEST GUST SPEED    23   HIGHEST GUST DIRECTION     N (340)
  AVERAGE WIND SPEED     6.2


SKY COVER
  POSSIBLE SUNSHINE  MM
  AVERAGE SKY COVER 0.5


WEATHER CONDITIONS
 THE FOLLOWING WEATHER WAS RECORDED YESTERDAY.
  HAZE


RELATIVE HUMIDITY (PERCENT)
 HIGHEST    93           100 AM
 LOWEST     33           400 PM
 AVERAGE    63

..........................................................


THE HILLSBORO OR CLIMATE NORMALS FOR TODAY
                         NORMAL    RECORD    YEAR
 MAXIMUM TEMPERATURE (F)   81        99      1951
 MINIMUM TEMPERATURE (F)   50        39      1947


SUNRISE AND SUNSET
AUGUST 21 2014........SUNRISE   620 AM PDT   SUNSET   809 PM PDT
AUGUST 22 2014........SUNRISE   621 AM PDT   SUNSET   807 PM PDT


-  INDICATES NEGATIVE NUMBERS.
R  INDICATES RECORD WAS SET OR TIED.
MM INDICATES DATA IS MISSING.
T  INDICATES TRACE AMOUNT.




$$
