000
CDUS46 KHNX 190028
CLIHJO


CLIMATE REPORT
NATIONAL WEATHER SERVICE SAN JOAQUIN VALLEY, CA
527 PM PDT FRI APR 18 2014


...................................

...THE HANFORD CA CLIMATE SUMMARY FOR APRIL 18 2014...
VALID AS OF 0500 PM LOCAL TIME.

CLIMATE NORMAL PERIOD 1981 TO 2010
CLIMATE RECORD PERIOD 1998 TO 2014


WEATHER ITEM   OBSERVED TIME   RECORD YEAR NORMAL DEPARTURE LAST
                VALUE   (LST)  VALUE       VALUE  FROM      YEAR
                                                  NORMAL
..................................................................
TEMPERATURE (F)
 TODAY
  MAXIMUM         83    307 PM  90    1999  76      7       77
  MINIMUM         59    604 AM  35    2013  47     12       35
  AVERAGE         71                        61     10       56

PRECIPITATION (IN)
  TODAY            0.00          0.02 2000   0.02  -0.02     0.00
  MONTH TO DATE    T                         0.46  -0.46     0.08
  SINCE JUL 1      2.62                      9.20  -6.58     3.42
  SINCE JAN 1      2.23                      5.86  -3.63     1.42

SNOWFALL (IN)
  TODAY            0.0
  MONTH TO DATE    0.0
  SINCE MAR 1      0.0
  SINCE JUL 1      0.0
  SNOW DEPTH       0

DEGREE DAYS
 HEATING
  TODAY            0                                         9
  MONTH TO DATE   61                                        68
  SINCE MAR 1    236                                       253
  SINCE JUL 1   2013                                      2314

 COOLING
  TODAY            6                                         0
  MONTH TO DATE   56                                         2
  SINCE MAR 1     56                                         8
  SINCE JAN 1     56                                         8
..................................................................


WIND (MPH)
  HIGHEST WIND SPEED    20   HIGHEST WIND DIRECTION    NW (320)
  HIGHEST GUST SPEED    24   HIGHEST GUST DIRECTION    NW (320)
  AVERAGE WIND SPEED    10.1




RELATIVE HUMIDITY (PERCENT)
 HIGHEST    60
 LOWEST     28
 AVERAGE    44

..........................................................


THE HANFORD CA CLIMATE NORMALS FOR TOMORROW
                         NORMAL    RECORD    YEAR
 MAXIMUM TEMPERATURE (F)   76        93      2009
 MINIMUM TEMPERATURE (F)   47        34      2004


SUNRISE AND SUNSET
APRIL 18 2014.........SUNRISE   621 AM PDT   SUNSET   735 PM PDT
APRIL 19 2014.........SUNRISE   620 AM PDT   SUNSET   736 PM PDT


-  INDICATES NEGATIVE NUMBERS.
R  INDICATES RECORD WAS SET OR TIED.
MM INDICATES DATA IS MISSING.
T  INDICATES TRACE AMOUNT.




$$
