000
CDUS46 KHNX 220824
CLIHJO


CLIMATE REPORT
NATIONAL WEATHER SERVICE SAN JOAQUIN VALLEY, CA
1223 AM PST THU FEB 22 2018


...................................

...THE HANFORD CA CLIMATE SUMMARY FOR FEBRUARY 21 2018...

CLIMATE NORMAL PERIOD 1981 TO 2010
CLIMATE RECORD PERIOD 1998 TO 2018


WEATHER ITEM   OBSERVED TIME   RECORD YEAR NORMAL DEPARTURE
                VALUE   (LST)  VALUE       VALUE  FROM
                                                  NORMAL
...............................................................
TEMPERATURE (F)
 YESTERDAY
  MAXIMUM         59    403 PM  71    2014  63     -4
                                      2002
  MINIMUM         31    658 AM  30    2013  40     -9
                                      2006
  AVERAGE         45                        52     -7

PRECIPITATION (IN)
  YESTERDAY        0.00          0.39 1998   0.07  -0.07
  MONTH TO DATE    T                         1.26  -1.26
  SINCE OCT 1      1.78                      6.43  -4.65
  SINCE JAN 1      1.37                      3.30  -1.93

SNOWFALL (IN)
  YESTERDAY        0.0
  MONTH TO DATE    0.0
  SINCE DEC 1      0.0
  SINCE JUL 1      0.0
  SNOW DEPTH       0

DEGREE DAYS
 HEATING
  YESTERDAY       20
  MONTH TO DATE  241
  SINCE DEC 1   1227
  SINCE JUL 1   1532

 COOLING
  YESTERDAY        0
  MONTH TO DATE    0
  SINCE DEC 1      0
  SINCE JAN 1      0
...............................................................


WIND (MPH)
  HIGHEST WIND SPEED     9   HIGHEST WIND DIRECTION    NW (320)
  HIGHEST GUST SPEED    14   HIGHEST GUST DIRECTION    NW (320)
  AVERAGE WIND SPEED     2.9




RELATIVE HUMIDITY (PERCENT)
 HIGHEST    89
 LOWEST     19
 AVERAGE    54

..........................................................


THE HANFORD CA CLIMATE NORMALS FOR TODAY
                         NORMAL    RECORD    YEAR
 MAXIMUM TEMPERATURE (F)   64        77      2002
 MINIMUM TEMPERATURE (F)   40        29      2006


SUNRISE AND SUNSET
FEBRUARY 22 2018......SUNRISE   638 AM PST   SUNSET   547 PM PST
FEBRUARY 23 2018......SUNRISE   637 AM PST   SUNSET   548 PM PST


-  INDICATES NEGATIVE NUMBERS.
R  INDICATES RECORD WAS SET OR TIED.
MM INDICATES DATA IS MISSING.
T  INDICATES TRACE AMOUNT.




$$
