000
CDUS46 KHNX 240823
CLIHJO


CLIMATE REPORT
NATIONAL WEATHER SERVICE SAN JOAQUIN VALLEY, CA
122 AM PDT SAT SEP 24 2016


...................................

...THE HANFORD CA CLIMATE SUMMARY FOR SEPTEMBER 23 2016...

CLIMATE NORMAL PERIOD 1981 TO 2010
CLIMATE RECORD PERIOD 1998 TO 2016


WEATHER ITEM   OBSERVED TIME   RECORD YEAR NORMAL DEPARTURE
                VALUE   (LST)  VALUE       VALUE  FROM
                                                  NORMAL
...............................................................
TEMPERATURE (F)
 YESTERDAY
  MAXIMUM         80    246 PM 100    2003  89     -9
  MINIMUM         47    611 AM  46    2006  55     -8
  AVERAGE         64                        72     -8

PRECIPITATION (IN)
  YESTERDAY        0.00          0.00   MM   0.01  -0.01
  MONTH TO DATE    0.00                      0.12  -0.12
  SINCE OCT 1      8.26                     10.05  -1.79
  SINCE JAN 1      5.66                      6.92  -1.26

SNOWFALL (IN)
  YESTERDAY        0.0
  MONTH TO DATE    0.0
  SINCE SEP 1      0.0
  SINCE JUL 1      0.0
  SNOW DEPTH       0

DEGREE DAYS
 HEATING
  YESTERDAY        1
  MONTH TO DATE    4
  SINCE SEP 1      4
  SINCE JUL 1      4

 COOLING
  YESTERDAY        0
  MONTH TO DATE  193
  SINCE SEP 1    193
  SINCE JAN 1   1852
...............................................................


WIND (MPH)
  HIGHEST WIND SPEED    16   HIGHEST WIND DIRECTION    NW (330)
  HIGHEST GUST SPEED    23   HIGHEST GUST DIRECTION     N (340)
  AVERAGE WIND SPEED     3.7




RELATIVE HUMIDITY (PERCENT)
 HIGHEST    82
 LOWEST     23
 AVERAGE    53

..........................................................


THE HANFORD CA CLIMATE NORMALS FOR TODAY
                         NORMAL    RECORD    YEAR
 MAXIMUM TEMPERATURE (F)   88        98      2011
 MINIMUM TEMPERATURE (F)   54        47      2006


SUNRISE AND SUNSET
SEPTEMBER 24 2016.....SUNRISE   648 AM PDT   SUNSET   652 PM PDT
SEPTEMBER 25 2016.....SUNRISE   649 AM PDT   SUNSET   650 PM PDT


-  INDICATES NEGATIVE NUMBERS.
R  INDICATES RECORD WAS SET OR TIED.
MM INDICATES DATA IS MISSING.
T  INDICATES TRACE AMOUNT.




$$
