270
CDUS46 KHNX 210024
CLIHJO


CLIMATE REPORT
NATIONAL WEATHER SERVICE SAN JOAQUIN VALLEY, CA
423 PM PST MON NOV 20 2017


...................................

...THE HANFORD CA CLIMATE SUMMARY FOR NOVEMBER 20 2017...
VALID AS OF 0400 PM LOCAL TIME.

CLIMATE NORMAL PERIOD 1981 TO 2010
CLIMATE RECORD PERIOD 1998 TO 2017


WEATHER ITEM   OBSERVED TIME   RECORD YEAR NORMAL DEPARTURE LAST
                VALUE   (LST)  VALUE       VALUE  FROM      YEAR
                                                  NORMAL
..................................................................
TEMPERATURE (F)
 TODAY
  MAXIMUM         70    359 PM  76    2005  63      7       72
  MINIMUM         45    636 AM  29    2000  38      7       42
  AVERAGE         58                        50      8       57

PRECIPITATION (IN)
  TODAY            0.00          0.36 2010   0.03  -0.03     0.01
  MONTH TO DATE    0.11                      0.78  -0.67     0.02
  SINCE OCT 1      0.17                      1.28  -1.11     0.66
  SINCE JAN 1      8.51                      8.25   0.26     6.32

SNOWFALL (IN)
  TODAY            0.0
  MONTH TO DATE    0.0
  SINCE SEP 1      0.0
  SINCE JUL 1      0.0
  SNOW DEPTH       0

DEGREE DAYS
 HEATING
  TODAY            7                                         8
  MONTH TO DATE  145                                       109
  SINCE SEP 1    227                                       146
  SINCE JUL 1    227                                       146

 COOLING
  TODAY            0                                         0
  MONTH TO DATE    4                                         4
  SINCE SEP 1    365                                       307
  SINCE JAN 1   2182                                      1966
..................................................................


WIND (MPH)
  HIGHEST WIND SPEED     9   HIGHEST WIND DIRECTION    SW (210)
  HIGHEST GUST SPEED    13   HIGHEST GUST DIRECTION    SW (230)
  AVERAGE WIND SPEED     2.7




RELATIVE HUMIDITY (PERCENT)
 HIGHEST   100
 LOWEST     40
 AVERAGE    70

..........................................................


THE HANFORD CA CLIMATE NORMALS FOR TOMORROW
                         NORMAL    RECORD    YEAR
 MAXIMUM TEMPERATURE (F)   62        77      2002
 MINIMUM TEMPERATURE (F)   38        33      2005


SUNRISE AND SUNSET
NOVEMBER 20 2017......SUNRISE   641 AM PST   SUNSET   447 PM PST
NOVEMBER 21 2017......SUNRISE   642 AM PST   SUNSET   447 PM PST


-  INDICATES NEGATIVE NUMBERS.
R  INDICATES RECORD WAS SET OR TIED.
MM INDICATES DATA IS MISSING.
T  INDICATES TRACE AMOUNT.




$$
