000
CDUS46 KHNX 311056
CLIHJO


CLIMATE REPORT
NATIONAL WEATHER SERVICE SAN JOAQUIN VALLEY, CA
121 AM PDT FRI OCT 31 2014


...................................

...THE HANFORD CA CLIMATE SUMMARY FOR OCTOBER 30 2014...

CLIMATE NORMAL PERIOD 1981 TO 2010
CLIMATE RECORD PERIOD 1998 TO 2014


WEATHER ITEM   OBSERVED TIME   RECORD YEAR NORMAL DEPARTURE
                VALUE   (LST)  VALUE       VALUE  FROM
                                                  NORMAL
...............................................................
TEMPERATURE (F)
 YESTERDAY
  MAXIMUM         84    306 PM  88    2008  73     11
  MINIMUM         48    632 AM  33    2006  44      4
  AVERAGE         66                        58      8

PRECIPITATION (IN)
  YESTERDAY        0.00          0.35 2010   0.03  -0.03
  MONTH TO DATE    T                         0.47  -0.47
  SINCE JUL 1      0.01                      0.68  -0.67
  SINCE JAN 1      2.44                      7.44  -5.00

SNOWFALL (IN)
  YESTERDAY        0.0
  MONTH TO DATE    0.0
  SINCE SEP 1      0.0
  SINCE JUL 1      0.0
  SNOW DEPTH       0

DEGREE DAYS
 HEATING
  YESTERDAY        0
  MONTH TO DATE   24
  SINCE SEP 1     24
  SINCE JUL 1     24

 COOLING
  YESTERDAY        1
  MONTH TO DATE  128
  SINCE SEP 1    517
  SINCE JAN 1   2274
...............................................................


WIND (MPH)
  HIGHEST WIND SPEED     9   HIGHEST WIND DIRECTION     W (250)
  HIGHEST GUST SPEED    12   HIGHEST GUST DIRECTION     W (250)
  AVERAGE WIND SPEED     2.9




RELATIVE HUMIDITY (PERCENT)
 HIGHEST    86
 LOWEST     23
 AVERAGE    55

..........................................................


THE HANFORD CA CLIMATE NORMALS FOR TODAY
                         NORMAL    RECORD    YEAR
 MAXIMUM TEMPERATURE (F)   72        81      2012
 MINIMUM TEMPERATURE (F)   44        34      2003


SUNRISE AND SUNSET
OCTOBER 31 2014.......SUNRISE   721 AM PDT   SUNSET   603 PM PDT
NOVEMBER  1 2014......SUNRISE   722 AM PDT   SUNSET   602 PM PDT


-  INDICATES NEGATIVE NUMBERS.
R  INDICATES RECORD WAS SET OR TIED.
MM INDICATES DATA IS MISSING.
T  INDICATES TRACE AMOUNT.




$$
