000
CDUS46 KHNX 240824
CLIHJO


CLIMATE REPORT
NATIONAL WEATHER SERVICE SAN JOAQUIN VALLEY, CA
123 AM PDT SUN SEP 24 2017


...................................

...THE HANFORD CA CLIMATE SUMMARY FOR SEPTEMBER 23 2017...

CLIMATE NORMAL PERIOD 1981 TO 2010
CLIMATE RECORD PERIOD 1998 TO 2017


WEATHER ITEM   OBSERVED TIME   RECORD YEAR NORMAL DEPARTURE
                VALUE   (LST)  VALUE       VALUE  FROM
                                                  NORMAL
...............................................................
TEMPERATURE (F)
 YESTERDAY
  MAXIMUM         79        MM 100    2003  89    -10
  MINIMUM         46R       MM  46    2006  55     -9
  AVERAGE         63                        72     -9

PRECIPITATION (IN)
  YESTERDAY        0.00          0.00   MM   0.01  -0.01
  MONTH TO DATE    0.16                      0.12   0.04
  SINCE OCT 1     11.21                     10.05   1.16
  SINCE JAN 1      8.34                      6.92   1.42

SNOWFALL (IN)
  YESTERDAY        0.0
  MONTH TO DATE    0.0
  SINCE SEP 1      0.0
  SINCE JUL 1      0.0
  SNOW DEPTH       0

DEGREE DAYS
 HEATING
  YESTERDAY        2
  MONTH TO DATE    7
  SINCE SEP 1      7
  SINCE JUL 1      7

 COOLING
  YESTERDAY        0
  MONTH TO DATE  285
  SINCE SEP 1    285
  SINCE JAN 1   2102
...............................................................


WIND (MPH)
  HIGHEST WIND SPEED    10   HIGHEST WIND DIRECTION    NW (310)
  HIGHEST GUST SPEED    17   HIGHEST GUST DIRECTION    NW (310)
  AVERAGE WIND SPEED     4.1




RELATIVE HUMIDITY (PERCENT)
 HIGHEST    93
 LOWEST     19
 AVERAGE    56

..........................................................


THE HANFORD CA CLIMATE NORMALS FOR TODAY
                         NORMAL    RECORD    YEAR
 MAXIMUM TEMPERATURE (F)   88        98      2011
 MINIMUM TEMPERATURE (F)   54        47      2006


SUNRISE AND SUNSET
SEPTEMBER 24 2017.....SUNRISE   648 AM PDT   SUNSET   652 PM PDT
SEPTEMBER 25 2017.....SUNRISE   649 AM PDT   SUNSET   650 PM PDT


-  INDICATES NEGATIVE NUMBERS.
R  INDICATES RECORD WAS SET OR TIED.
MM INDICATES DATA IS MISSING.
T  INDICATES TRACE AMOUNT.




$$
