000
CDUS46 KHNX 020023
CLIHJO


CLIMATE REPORT
NATIONAL WEATHER SERVICE SAN JOAQUIN VALLEY, CA
523 PM PDT SUN MAY 1 2016


...................................

...THE HANFORD CA CLIMATE SUMMARY FOR MAY 1 2016...
VALID AS OF 0400 PM LOCAL TIME.

CLIMATE NORMAL PERIOD 1981 TO 2010
CLIMATE RECORD PERIOD 1998 TO 2016


WEATHER ITEM   OBSERVED TIME   RECORD YEAR NORMAL DEPARTURE LAST
                VALUE   (LST)  VALUE       VALUE  FROM      YEAR
                                                  NORMAL
..................................................................
TEMPERATURE (F)
 TODAY
  MAXIMUM         87    150 PM  98    2015  80      7       98
  MINIMUM         49    525 AM  40    2011  50     -1       59
                                      2010
  AVERAGE         68                        65      3       79

PRECIPITATION (IN)
  TODAY            0.00          0.42 2009   0.02  -0.02     0.00
  MONTH TO DATE    0.00                      0.02  -0.02     0.00
  SINCE OCT 1      8.05                      9.34  -1.29     4.97
  SINCE JAN 1      5.45                      6.21  -0.76     1.85

SNOWFALL (IN)
  TODAY            0.0
  MONTH TO DATE    0.0
  SINCE MAR 1      0.0
  SINCE JUL 1      0.0
  SNOW DEPTH       0

DEGREE DAYS
 HEATING
  TODAY            0                                         0
  MONTH TO DATE    0                                         0
  SINCE MAR 1    266                                       150
  SINCE JUL 1   2156                                      1692

 COOLING
  TODAY            3                                        14
  MONTH TO DATE    3                                        14
  SINCE MAR 1     44                                       167
  SINCE JAN 1     44                                       167
..................................................................


WIND (MPH)
  HIGHEST WIND SPEED    10   HIGHEST WIND DIRECTION     S (180)
  HIGHEST GUST SPEED    14   HIGHEST GUST DIRECTION     S (180)
  AVERAGE WIND SPEED     4.6




RELATIVE HUMIDITY (PERCENT)
 HIGHEST    80
 LOWEST     18
 AVERAGE    49

..........................................................


THE HANFORD CA CLIMATE NORMALS FOR TOMORROW
                         NORMAL    RECORD    YEAR
 MAXIMUM TEMPERATURE (F)   80        95      2014
                                             2004
 MINIMUM TEMPERATURE (F)   51        42      2008


SUNRISE AND SUNSET
MAY  1 2016...........SUNRISE   605 AM PDT   SUNSET   747 PM PDT
MAY  2 2016...........SUNRISE   604 AM PDT   SUNSET   748 PM PDT


-  INDICATES NEGATIVE NUMBERS.
R  INDICATES RECORD WAS SET OR TIED.
MM INDICATES DATA IS MISSING.
T  INDICATES TRACE AMOUNT.




$$
