837
CDUS43 KGLD 170746
CLIHLC

CLIMATE REPORT
NATIONAL WEATHER SERVICE GOODLAND
1239 AM MST TUE JAN 17 2017


...................................

...THE HILL CITY KS CLIMATE SUMMARY FOR JANUARY 16 2017...

CLIMATE NORMAL PERIOD 1981 TO 2010
CLIMATE RECORD PERIOD 1896 TO 2017


WEATHER ITEM   OBSERVED TIME   RECORD YEAR NORMAL DEPARTURE LAST
                VALUE   (LST)  VALUE       VALUE  FROM      YEAR
                                                  NORMAL
..................................................................
TEMPERATURE (F)
 YESTERDAY
  MAXIMUM         35    825 PM  71    2006  42     -7       46
                                      2000
  MINIMUM         30   1251 AM -15    1930  17     13       21
  AVERAGE         33                        29      4       34

PRECIPITATION (IN)
  YESTERDAY        0.71                      0.01   0.70     0.00
  MONTH TO DATE    1.06                      0.15   0.91     0.16
  SINCE DEC 1      1.48                      0.84   0.64     2.02
  SINCE JAN 1      1.06                      0.15   0.91     0.16

..................................................................


THE HILL CITY KS CLIMATE NORMALS FOR TODAY
                         NORMAL    RECORD    YEAR
 MAXIMUM TEMPERATURE (F)   42        68      1996
 MINIMUM TEMPERATURE (F)   17       -15      1930


-  INDICATES NEGATIVE NUMBERS.
R  INDICATES RECORD WAS SET OR TIED.
MM INDICATES DATA IS MISSING.
T  INDICATES TRACE AMOUNT.

$$
