000
CDUS43 KGLD 290751
CLIHLC

CLIMATE REPORT
NATIONAL WEATHER SERVICE GOODLAND
141 AM MDT WED MAR 29 2017

...................................

...THE HILL CITY KS CLIMATE SUMMARY FOR MARCH 28 2017...

CLIMATE NORMAL PERIOD 1981 TO 2010
CLIMATE RECORD PERIOD 1896 TO 2017

WEATHER ITEM   OBSERVED TIME   RECORD YEAR NORMAL DEPARTURE LAST
                VALUE   (LST)  VALUE       VALUE  FROM      YEAR
                                                  NORMAL
..................................................................
TEMPERATURE (F)
 YESTERDAY
  MAXIMUM         50    241 PM  90    1963  60    -10       71
  MINIMUM         42    108 AM   3    1970  32     10       28
  AVERAGE         46                        46      0       50

PRECIPITATION (IN)
  YESTERDAY        0.85                      0.07   0.78     0.00
  MONTH TO DATE    1.24                      1.41  -0.17     0.20
  SINCE MAR 1      1.24                      1.41  -0.17     0.20
  SINCE JAN 1      2.31                      2.38  -0.07     1.09

..................................................................

THE HILL CITY KS CLIMATE NORMALS FOR TODAY
                         NORMAL    RECORD    YEAR
 MAXIMUM TEMPERATURE (F)   60        91      1986
                                             1943
 MINIMUM TEMPERATURE (F)   32        11      1987

-  INDICATES NEGATIVE NUMBERS.
R  INDICATES RECORD WAS SET OR TIED.
MM INDICATES DATA IS MISSING.
T  INDICATES TRACE AMOUNT.

$$
