000
CDUS43 KGLD 230737
CLIHLC

CLIMATE REPORT
NATIONAL WEATHER SERVICE GOODLAND
136 AM MDT WED JUL 23 2014


...................................

...THE HILL CITY KS CLIMATE SUMMARY FOR JULY 22 2014...

CLIMATE NORMAL PERIOD 1981 TO 2010
CLIMATE RECORD PERIOD 1896 TO 2014


WEATHER ITEM   OBSERVED TIME   RECORD YEAR NORMAL DEPARTURE LAST
                VALUE   (LST)  VALUE       VALUE  FROM      YEAR
                                                  NORMAL
..................................................................
TEMPERATURE (F)
 YESTERDAY
  MAXIMUM        101    412 PM 108    1934  93      8      101
  MINIMUM         65    547 AM  49    1909  66     -1       70
  AVERAGE         83                        80      3       86

PRECIPITATION (IN)
  YESTERDAY        0.00                      0.11  -0.11      T
  MONTH TO DATE    1.79                      2.62  -0.83     0.23
  SINCE JUN 1      8.72                      5.38   3.34     2.91
  SINCE JAN 1     13.66                     13.88  -0.22     7.25

..................................................................


THE HILL CITY KS CLIMATE NORMALS FOR TODAY
                         NORMAL    RECORD    YEAR
 MAXIMUM TEMPERATURE (F)   93       107      2012
                                             1940
 MINIMUM TEMPERATURE (F)   66        52      1948



-  INDICATES NEGATIVE NUMBERS.
R  INDICATES RECORD WAS SET OR TIED.
MM INDICATES DATA IS MISSING.
T  INDICATES TRACE AMOUNT.

$$
