000
CDUS43 KGLD 230746
CLIHLC

CLIMATE REPORT
NATIONAL WEATHER SERVICE GOODLAND
138 AM MDT SAT AUG 23 2014

...................................

...THE HILL CITY KS CLIMATE SUMMARY FOR AUGUST 22 2014...

CLIMATE NORMAL PERIOD 1981 TO 2010
CLIMATE RECORD PERIOD 1896 TO 2014

WEATHER ITEM   OBSERVED TIME   RECORD YEAR NORMAL DEPARTURE LAST
                VALUE   (LST)  VALUE       VALUE  FROM      YEAR
                                                  NORMAL
..................................................................
TEMPERATURE (F)
 YESTERDAY
  MAXIMUM         95    249 PM 107    1938  89      6       95
  MINIMUM         68    605 AM  44    1923  62      6       71
  AVERAGE         82                        76      6       83

PRECIPITATION (IN)
  YESTERDAY        0.72                      0.09   0.63      T
  MONTH TO DATE    2.33                      2.05   0.28     0.71
  SINCE JUN 1     11.06                      8.52   2.54     8.55
  SINCE JAN 1     16.00                     17.02  -1.02    12.89

..................................................................

THE HILL CITY KS CLIMATE NORMALS FOR TODAY
                         NORMAL    RECORD    YEAR
 MAXIMUM TEMPERATURE (F)   89       109      1943
 MINIMUM TEMPERATURE (F)   62        44      1911

-  INDICATES NEGATIVE NUMBERS.
R  INDICATES RECORD WAS SET OR TIED.
MM INDICATES DATA IS MISSING.
T  INDICATES TRACE AMOUNT.

$$
