000
CDUS43 KGLD 250911
CLIHLC

CLIMATE REPORT
NATIONAL WEATHER SERVICE GOODLAND
202 AM MST SAT FEB 25 2017
...................................

...THE HILL CITY KS CLIMATE SUMMARY FOR FEBRUARY 24 2017...

CLIMATE NORMAL PERIOD 1981 TO 2010
CLIMATE RECORD PERIOD 1896 TO 2017

WEATHER ITEM   OBSERVED TIME   RECORD YEAR NORMAL DEPARTURE LAST
                VALUE   (LST)  VALUE       VALUE  FROM      YEAR
                                                  NORMAL
..................................................................
TEMPERATURE (F)
 YESTERDAY
  MAXIMUM         36    223 PM  79    1981  49    -13       56
  MINIMUM         17   1159 PM -11    1960  22     -5       27
  AVERAGE         27                        35     -8       42

PRECIPITATION (IN)
  YESTERDAY        T                         0.02  -0.02     0.00
  MONTH TO DATE    0.01                      0.44  -0.43     0.61
  SINCE DEC 1      1.49                      1.58  -0.09     2.75
  SINCE JAN 1      1.07                      0.89   0.18     0.89

..................................................................

THE HILL CITY KS CLIMATE NORMALS FOR TODAY
                         NORMAL    RECORD    YEAR
 MAXIMUM TEMPERATURE (F)   49        80      1986
 MINIMUM TEMPERATURE (F)   22       -17      1960

-  INDICATES NEGATIVE NUMBERS.
R  INDICATES RECORD WAS SET OR TIED.
MM INDICATES DATA IS MISSING.
T  INDICATES TRACE AMOUNT.

$$
