000
CDUS41 KPBZ 240801
CLIHLG


CLIMATE REPORT
NATIONAL WEATHER SERVICE PITTSBURGH PA
301 AM EST WED JAN 24 2018


...................................

...THE WHEELING CLIMATE SUMMARY FOR JANUARY 23 2018...

CLIMATE NORMAL PERIOD 1981 TO 2010
CLIMATE RECORD PERIOD 1878 TO 2018


WEATHER ITEM   OBSERVED TIME   RECORD YEAR NORMAL DEPARTURE LAST
                VALUE   (LST)  VALUE       VALUE  FROM      YEAR
                                                  NORMAL
..................................................................
TEMPERATURE (F)
 YESTERDAY
  MAXIMUM         57    152 AM  67    1933  36     21       51
  MINIMUM         34   1159 PM -14    1936  22     12       35
  AVERAGE         46                        29     17       43

PRECIPITATION (IN)
  YESTERDAY        0.14          1.10 1909   0.06   0.08     0.84
  MONTH TO DATE    2.80                      2.16   0.64     3.28
  SINCE JAN 1      2.80                      2.16   0.64     3.28

DEGREE DAYS
 HEATING
  YESTERDAY       19                        36    -17       22
  MONTH TO DATE  929                       828    101      671
  SINCE DEC 1   2020                      1825    195     1669
  SINCE JUL 1   3012                      2953     59     2468

 COOLING
  YESTERDAY        0                                         0
  MONTH TO DATE    0                                         0
  SINCE DEC 1      0                                         0
  SINCE JAN 1      0                                         0
..................................................................


WIND (MPH)
  HIGHEST WIND SPEED    39   HIGHEST WIND DIRECTION     W (260)
  HIGHEST GUST SPEED    59   HIGHEST GUST DIRECTION     W (250)
  AVERAGE WIND SPEED    15.9


SKY COVER
  POSSIBLE SUNSHINE  MM
  AVERAGE SKY COVER 0.9


WEATHER CONDITIONS
 THE FOLLOWING WEATHER WAS RECORDED YESTERDAY.
  THUNDERSTORM
  RAIN
  LIGHT RAIN
  FOG


RELATIVE HUMIDITY (PERCENT)
 HIGHEST    76           700 PM
 LOWEST     58          1000 AM
 AVERAGE    67

..........................................................


THE WHEELING CLIMATE NORMALS FOR TODAY
                         NORMAL    RECORD    YEAR
 MAXIMUM TEMPERATURE (F)   36        68      1943
 MINIMUM TEMPERATURE (F)   22       -10      1936


SUNRISE AND SUNSET
JANUARY 24 2018.......SUNRISE   738 AM EST   SUNSET   532 PM EST
JANUARY 25 2018.......SUNRISE   737 AM EST   SUNSET   533 PM EST


-  INDICATES NEGATIVE NUMBERS.
R  INDICATES RECORD WAS SET OR TIED.
MM INDICATES DATA IS MISSING.
T  INDICATES TRACE AMOUNT.




$$
