000
CDUS45 KTFX 300802
CLIHLN


CLIMATE REPORT
NATIONAL WEATHER SERVICE GREAT FALLS MT
200 AM MDT MON MAR 30 2015


...................................

...THE HELENA MT CLIMATE SUMMARY FOR MARCH 29 2015...

CLIMATE NORMAL PERIOD 1981 TO 2010
CLIMATE RECORD PERIOD 1866 TO 2015


WEATHER ITEM   OBSERVED TIME   RECORD YEAR NORMAL DEPARTURE LAST
                VALUE   (LST)  VALUE       VALUE  FROM      YEAR
                                                  NORMAL
..................................................................
TEMPERATURE (F)
 YESTERDAY
  MAXIMUM         63    434 PM  77    1978  53     10       51
  MINIMUM         38    618 AM -10    1954  28     10       36
  AVERAGE         51                        40     11       44

PRECIPITATION (IN)
  YESTERDAY        0.00          0.39 1938   0.02  -0.02     0.08
  MONTH TO DATE    0.15                      0.54  -0.39     0.77
  SINCE OCT 1      3.45                      2.77   0.68     4.30
  SINCE JAN 1      1.17                      1.20  -0.03     3.30

SNOWFALL (IN)
  YESTERDAY        0.0           6.2  1938   0.2   -0.2      0.0
  MONTH TO DATE    T                         5.8   -5.8      3.6
  SINCE MAR 1      T                         5.8   -5.8      3.6
  SINCE JUL 1     24.3                      33.1   -8.8     41.6
  SNOW DEPTH       0

DEGREE DAYS
 HEATING
  YESTERDAY       14                        25    -11       21
  MONTH TO DATE  602                       843   -241      875
  SINCE MAR 1    602                       843   -241      875
  SINCE JUL 1   5610                      6404   -794     6391

 COOLING
  YESTERDAY        0                         0      0        0
  MONTH TO DATE    0                         0      0        0
  SINCE MAR 1      0                         0      0        0
  SINCE JAN 1      0                         0      0        0
..................................................................


WIND (MPH)
  HIGHEST WIND SPEED    24   HIGHEST WIND DIRECTION     W (270)
  HIGHEST GUST SPEED    30   HIGHEST GUST DIRECTION     W (280)
  AVERAGE WIND SPEED     7.8


SKY COVER
  AVERAGE SKY COVER 0.3


WEATHER CONDITIONS
 THE FOLLOWING WEATHER WAS RECORDED YESTERDAY.
  NO SIGNIFICANT WEATHER WAS OBSERVED.


RELATIVE HUMIDITY (PERCENT)
 HIGHEST    53           100 AM
 LOWEST     24           100 PM
 AVERAGE    39

..........................................................


THE HELENA MT CLIMATE NORMALS FOR TODAY
                         NORMAL    RECORD    YEAR
 MAXIMUM TEMPERATURE (F)   53        78      2004
 MINIMUM TEMPERATURE (F)   28       -13      1936


SUNRISE AND SUNSET
MARCH 30 2015.........SUNRISE   712 AM MDT   SUNSET   754 PM MDT
MARCH 31 2015.........SUNRISE   710 AM MDT   SUNSET   755 PM MDT


-  INDICATES NEGATIVE NUMBERS.
R  INDICATES RECORD WAS SET OR TIED.
MM INDICATES DATA IS MISSING.
T  INDICATES TRACE AMOUNT.




$$
