000
CDUS45 KTFX 230857
CLIHLN


CLIMATE REPORT
NATIONAL WEATHER SERVICE GREAT FALLS MT
256 AM MDT SAT JUL 23 2016


...................................

...THE HELENA MT CLIMATE SUMMARY FOR JULY 22 2016...

CLIMATE NORMAL PERIOD 1981 TO 2010
CLIMATE RECORD PERIOD 1866 TO 2016


WEATHER ITEM   OBSERVED TIME   RECORD YEAR NORMAL DEPARTURE LAST
                VALUE   (LST)  VALUE       VALUE  FROM      YEAR
                                                  NORMAL
..................................................................
TEMPERATURE (F)
 YESTERDAY
  MAXIMUM         99    220 PM 102    2003  88     11       83
  MINIMUM         63    549 AM  42    1972  55      8       54
  AVERAGE         81                        71     10       69

PRECIPITATION (IN)
  YESTERDAY        0.00          0.80 1884   0.03  -0.03     0.00
  MONTH TO DATE    0.63                      0.88  -0.25     0.32
  SINCE OCT 1      6.83                      8.61  -1.78     7.16
  SINCE JAN 1      5.13                      7.04  -1.91     4.88

SNOWFALL (IN)
  YESTERDAY        0.0           0.0  1999   0.0    0.0      0.0
                                      2001
                                      1995
  MONTH TO DATE    0.0                       0.0    0.0      0.0
  SINCE JUN 1      T                         T      0.0      0.0
  SINCE JUL 1      0.0                       0.0    0.0      0.0
  SNOW DEPTH       0

DEGREE DAYS
 HEATING
  YESTERDAY        0                         0      0        0
  MONTH TO DATE   18                        26     -8        7
  SINCE JUN 1     72                       162    -90       39
  SINCE JUL 1     18                        26     -8        7

 COOLING
  YESTERDAY       16                         7      9        4
  MONTH TO DATE  119                       122     -3      142
  SINCE JUN 1    225                       171     54      319
  SINCE JAN 1    225                       179     46      319
..................................................................


WIND (MPH)
  HIGHEST WIND SPEED    32   HIGHEST WIND DIRECTION     W (290)
  HIGHEST GUST SPEED    40   HIGHEST GUST DIRECTION     W (290)
  AVERAGE WIND SPEED    10.9


SKY COVER
  AVERAGE SKY COVER 0.0


WEATHER CONDITIONS
 THE FOLLOWING WEATHER WAS RECORDED YESTERDAY.
  NO SIGNIFICANT WEATHER WAS OBSERVED.


RELATIVE HUMIDITY (PERCENT)
 HIGHEST    40           600 AM
 LOWEST     10           200 PM
 AVERAGE    25

..........................................................


THE HELENA MT CLIMATE NORMALS FOR TODAY
                         NORMAL    RECORD    YEAR
 MAXIMUM TEMPERATURE (F)   88       104      2003
 MINIMUM TEMPERATURE (F)   55        41      1918


SUNRISE AND SUNSET
JULY 23 2016..........SUNRISE   559 AM MDT   SUNSET   910 PM MDT
JULY 24 2016..........SUNRISE   600 AM MDT   SUNSET   908 PM MDT


-  INDICATES NEGATIVE NUMBERS.
R  INDICATES RECORD WAS SET OR TIED.
MM INDICATES DATA IS MISSING.
T  INDICATES TRACE AMOUNT.




$$
