000
CDUS45 KTFX 062230
CLIHLN


CLIMATE REPORT
NATIONAL WEATHER SERVICE GREAT FALLS MT
430 PM MDT FRI MAY 6 2016


...................................

...THE HELENA MT CLIMATE SUMMARY FOR MAY 6 2016...
VALID TODAY AS OF 0400 PM LOCAL TIME.

CLIMATE NORMAL PERIOD 1981 TO 2010
CLIMATE RECORD PERIOD 1866 TO 2016


WEATHER ITEM   OBSERVED TIME   RECORD YEAR NORMAL DEPARTURE LAST
                VALUE   (LST)  VALUE       VALUE  FROM      YEAR
                                                  NORMAL
..................................................................
TEMPERATURE (F)
 TODAY
  MAXIMUM         56   1200 AM  90    1966  64     -8       62
  MINIMUM         50    727 AM  23    1996  38     12       45
  AVERAGE         53                        51      2       54

PRECIPITATION (IN)
  TODAY            T             0.75 1958   0.04  -0.04     0.00
                                      1896
  MONTH TO DATE    T                         0.24  -0.24     0.17
  SINCE OCT 1      3.37                      4.04  -0.67     4.15
  SINCE JAN 1      1.67                      2.47  -0.80     1.87

SNOWFALL (IN)
  TODAY            0.0           4.6  1965   0.0    0.0      0.0
  MONTH TO DATE    0.0                       0.3   -0.3      0.0
  SINCE MAR 1      T                        10.2  -10.2       T
  SINCE JUL 1     14.8                      37.5  -22.7     24.3

DEGREE DAYS
 HEATING
  TODAY           12                        14     -2       11
  MONTH TO DATE   42                        89    -47       51
  SINCE MAR 1   1251                      1582   -331     1238
  SINCE JUL 1   6191                      7143   -952     6246

 COOLING
  TODAY            0                         0      0        0
  MONTH TO DATE    0                         0      0        0
  SINCE MAR 1      0                         0      0        0
  SINCE JAN 1      0                         0      0        0
..................................................................


WIND (MPH)
  HIGHEST WIND SPEED    21   HIGHEST WIND DIRECTION     N (350)
  HIGHEST GUST SPEED    27   HIGHEST GUST DIRECTION     N (350)
  AVERAGE WIND SPEED    13.3


SKY COVER
  AVERAGE SKY COVER 0.7


WEATHER CONDITIONS
 THE FOLLOWING WEATHER WAS RECORDED TODAY.
  LIGHT RAIN


RELATIVE HUMIDITY (PERCENT)
 HIGHEST    71           800 AM
 LOWEST     51          1200 AM
 AVERAGE    61

..........................................................


THE HELENA MT CLIMATE NORMALS FOR TOMORROW
                         NORMAL    RECORD    YEAR
 MAXIMUM TEMPERATURE (F)   65        86      1992
                                             1987
 MINIMUM TEMPERATURE (F)   38        22      1885


SUNRISE AND SUNSET
MAY  6 2016...........SUNRISE   605 AM MDT   SUNSET   845 PM MDT
MAY  7 2016...........SUNRISE   604 AM MDT   SUNSET   846 PM MDT


-  INDICATES NEGATIVE NUMBERS.
R  INDICATES RECORD WAS SET OR TIED.
MM INDICATES DATA IS MISSING.
T  INDICATES TRACE AMOUNT.




$$
