000
CDUS45 KTFX 030743
CLIHLN


CLIMATE REPORT
NATIONAL WEATHER SERVICE GREAT FALLS MT
142 AM MDT THU SEP 3 2015


...................................

...THE HELENA MT CLIMATE SUMMARY FOR SEPTEMBER 2 2015...

CLIMATE NORMAL PERIOD 1981 TO 2010
CLIMATE RECORD PERIOD 1866 TO 2015


WEATHER ITEM   OBSERVED TIME   RECORD YEAR NORMAL DEPARTURE LAST
                VALUE   (LST)  VALUE       VALUE  FROM      YEAR
                                                  NORMAL
..................................................................
TEMPERATURE (F)
 YESTERDAY
  MAXIMUM         87    226 PM  97    2007  79      8       80
  MINIMUM         50    534 AM  32    1959  48      2       50
  AVERAGE         69                        63      6       65

PRECIPITATION (IN)
  YESTERDAY        0.00          0.58 1881   0.04  -0.04     0.00
  MONTH TO DATE    0.00                      0.08  -0.08     0.00
  SINCE OCT 1      8.40                     10.20  -1.80     9.86
  SINCE JAN 1      6.12                      8.63  -2.51     8.86

SNOWFALL (IN)
  YESTERDAY        0.0           0.0  2000   0.0    0.0      0.0
                                      1995
  MONTH TO DATE    0.0                       0.0    0.0      0.0
  SINCE SEP 1      0.0                       0.0    0.0      0.0
  SINCE JUL 1      0.0                       0.3   -0.3      0.0
  SNOW DEPTH       0

DEGREE DAYS
 HEATING
  YESTERDAY        0                         4     -4        0
  MONTH TO DATE    0                         8     -8        4
  SINCE SEP 1      0                         8     -8        4
  SINCE JUL 1     37                        77    -40       51

 COOLING
  YESTERDAY        4                         2      2        0
  MONTH TO DATE    6                         4      2        0
  SINCE SEP 1      6                         4      2        0
  SINCE JAN 1    544                       387    157      448
..................................................................


WIND (MPH)
  HIGHEST WIND SPEED    24   HIGHEST WIND DIRECTION    NW (320)
  HIGHEST GUST SPEED    30   HIGHEST GUST DIRECTION    NW (310)
  AVERAGE WIND SPEED     6.8


SKY COVER
  AVERAGE SKY COVER 0.0


WEATHER CONDITIONS
 THE FOLLOWING WEATHER WAS RECORDED YESTERDAY.
  NO SIGNIFICANT WEATHER WAS OBSERVED.


RELATIVE HUMIDITY (PERCENT)
 HIGHEST    54           600 AM
 LOWEST     17           200 PM
 AVERAGE    36

..........................................................


THE HELENA MT CLIMATE NORMALS FOR TODAY
                         NORMAL    RECORD    YEAR
 MAXIMUM TEMPERATURE (F)   78        96      2001
                                             1950
 MINIMUM TEMPERATURE (F)   47        32      1958


SUNRISE AND SUNSET
SEPTEMBER  3 2015.....SUNRISE   650 AM MDT   SUNSET   804 PM MDT
SEPTEMBER  4 2015.....SUNRISE   652 AM MDT   SUNSET   802 PM MDT


-  INDICATES NEGATIVE NUMBERS.
R  INDICATES RECORD WAS SET OR TIED.
MM INDICATES DATA IS MISSING.
T  INDICATES TRACE AMOUNT.




$$
