000
CDHW40 PHFO 231245
CLIHNL


CLIMATE REPORT
NATIONAL WEATHER SERVICE HONOLULU HI
245 AM HST TUE AUG 23 2016


...................................

...THE HONOLULU HI CLIMATE SUMMARY FOR AUGUST 22 2016...

CLIMATE NORMAL PERIOD 1981 TO 2010
CLIMATE RECORD PERIOD 1946 TO 2016


WEATHER ITEM   OBSERVED TIME   RECORD YEAR NORMAL DEPARTURE LAST
                VALUE   (LST)  VALUE       VALUE  FROM      YEAR
                                                  NORMAL
..................................................................
TEMPERATURE (F)
 YESTERDAY
  MAXIMUM         86   1210 PM  93    1995  89     -3       92
  MINIMUM         75    540 AM  68    2009  75      0       81
  AVERAGE         81                        82     -1       87

PRECIPITATION (IN)
  YESTERDAY        0.13R         0.10 1998   0.01   0.12     0.01
  MONTH TO DATE    0.25                      0.39  -0.14     0.24
  SINCE JUN 1      3.15                      1.16   1.99     0.83
  SINCE JAN 1      7.19                      8.73  -1.54     3.82

SNOWFALL (IN)
  YESTERDAY        0.0
  MONTH TO DATE    0.0
  SINCE JUN 1      0.0
  SINCE JUL 1      0.0
  SNOW DEPTH       0

DEGREE DAYS
 HEATING
  YESTERDAY        0                         0      0        0
  MONTH TO DATE    0                         0      0        0
  SINCE JUN 1      0                         0      0        0
  SINCE JUL 1      0                         0      0        0

 COOLING
  YESTERDAY       16                        17     -1       22
  MONTH TO DATE  316                       374    -58      378
  SINCE JUN 1   1251                      1332    -81     1396
  SINCE JAN 1   2965                      2834    131     2866
..................................................................


WIND (MPH)
  HIGHEST WIND SPEED    18   HIGHEST WIND DIRECTION    SE (120)
  HIGHEST GUST SPEED    23   HIGHEST GUST DIRECTION    SE (130)
  AVERAGE WIND SPEED     7.9


SKY COVER
  POSSIBLE SUNSHINE  MM
  AVERAGE SKY COVER 0.7


WEATHER CONDITIONS
 THE FOLLOWING WEATHER WAS RECORDED YESTERDAY.
  LIGHT RAIN
  FOG


RELATIVE HUMIDITY (PERCENT)
 HIGHEST    94           300 AM
 LOWEST     65          1100 AM
 AVERAGE    80

..........................................................


THE HONOLULU HI CLIMATE NORMALS FOR TODAY
                         NORMAL    RECORD    YEAR
 MAXIMUM TEMPERATURE (F)   89        92      1996
                                             1995
                                             1991
 MINIMUM TEMPERATURE (F)   75        70      1972


SUNRISE AND SUNSET
AUGUST 23 2016........SUNRISE   613 AM HST   SUNSET   655 PM HST
AUGUST 24 2016........SUNRISE   613 AM HST   SUNSET   654 PM HST


-  INDICATES NEGATIVE NUMBERS.
R  INDICATES RECORD WAS SET OR TIED.
MM INDICATES DATA IS MISSING.
T  INDICATES TRACE AMOUNT.




$$
