063
CDHW40 PHFO 200237
CLIHNL


CLIMATE REPORT
NATIONAL WEATHER SERVICE HONOLULU HI
436 PM HST SAT AUG 19 2017


...................................

...THE HONOLULU HI CLIMATE SUMMARY FOR AUGUST 19 2017...
VALID TODAY AS OF 0400 PM LOCAL TIME.

CLIMATE NORMAL PERIOD 1981 TO 2010
CLIMATE RECORD PERIOD 1946 TO 2017


WEATHER ITEM   OBSERVED TIME   RECORD YEAR NORMAL DEPARTURE LAST
                VALUE   (LST)  VALUE       VALUE  FROM      YEAR
                                                  NORMAL
..................................................................
TEMPERATURE (F)
 TODAY
  MAXIMUM         91   1249 PM  93    1995  89      2       88
                                      1994
  MINIMUM         76    626 AM  65    2009  75      1       76
  AVERAGE         84                        82      2       82

PRECIPITATION (IN)
  TODAY            0.00          0.61 1986   0.01  -0.01      T
  MONTH TO DATE    0.05                      0.34  -0.29     0.12
  SINCE JUN 1      0.60                      1.11  -0.51     3.02
  SINCE JAN 1     14.09                      8.68   5.41     7.06

SNOWFALL (IN)
  TODAY            0.0
  MONTH TO DATE    0.0
  SINCE JUN 1      0.0
  SINCE JUL 1      0.0
  SNOW DEPTH      MM

DEGREE DAYS
 HEATING
  TODAY            0                         0      0        0
  MONTH TO DATE    0                         0      0        0
  SINCE JUN 1      0                         0      0        0
  SINCE JUL 1      0                         0      0        0

 COOLING
  TODAY           19                        17      2       17
  MONTH TO DATE  331                       323      8      266
  SINCE JUN 1   1299                      1281     18     1201
  SINCE JAN 1   3000                      2783    217     2915
..................................................................


WIND (MPH)
  HIGHEST WIND SPEED    23   HIGHEST WIND DIRECTION     E (70)
  HIGHEST GUST SPEED    31   HIGHEST GUST DIRECTION    NE (60)
  AVERAGE WIND SPEED    MM


SKY COVER
  POSSIBLE SUNSHINE  MM
  AVERAGE SKY COVER  MM


WEATHER CONDITIONS
 THE FOLLOWING WEATHER WAS RECORDED TODAY.
  NO SIGNIFICANT WEATHER WAS OBSERVED.


RELATIVE HUMIDITY (PERCENT)
 HIGHEST    MM
 LOWEST     MM
 AVERAGE    MM

..........................................................


THE HONOLULU HI CLIMATE NORMALS FOR TOMORROW
                         NORMAL    RECORD    YEAR
 MAXIMUM TEMPERATURE (F)   89        93      1986
 MINIMUM TEMPERATURE (F)   75        66      2009


SUNRISE AND SUNSET
AUGUST 19 2017........SUNRISE   612 AM HST   SUNSET   658 PM HST
AUGUST 20 2017........SUNRISE   612 AM HST   SUNSET   658 PM HST


-  INDICATES NEGATIVE NUMBERS.
R  INDICATES RECORD WAS SET OR TIED.
MM INDICATES DATA IS MISSING.
T  INDICATES TRACE AMOUNT.




$$
