000
CDUS43 KFSD 010633
CLIHON


CLIMATE REPORT
NATIONAL WEATHER SERVICE SIOUX FALLS SD
1233 AM CST WED MAR 1 2017


...................................

...THE HURON SD CLIMATE SUMMARY FOR FEBRUARY 28 2017...

CLIMATE NORMAL PERIOD 1981 TO 2010
CLIMATE RECORD PERIOD 1881 TO 2017


WEATHER ITEM   OBSERVED TIME   RECORD YEAR NORMAL DEPARTURE LAST
                VALUE   (LST)  VALUE       VALUE  FROM      YEAR
                                                  NORMAL
..................................................................
TEMPERATURE (F)
 YESTERDAY
  MAXIMUM         33    355 AM  63    1905  36     -3       47
  MINIMUM         26   1159 PM -39    1962  16     10       32
  AVERAGE         30                        26      4       40

PRECIPITATION (IN)
  YESTERDAY        0.08          1.20 1930   0.03   0.05     0.08
  MONTH TO DATE    0.23                      0.60  -0.37     0.35
  SINCE DEC 1      2.20                      1.62   0.58     1.92
  SINCE JAN 1      0.81                      1.10  -0.29     0.64

SNOWFALL (IN)
  YESTERDAY       MM            10.1  2007   0.3   MM         T
  MONTH TO DATE    T                         7.4   -7.4      2.0
  SINCE DEC 1     17.0                      22.7   -5.7     21.6
  SINCE JUL 1     21.7                      31.0   -9.3     27.2
  SNOW DEPTH       0

DEGREE DAYS
 HEATING
  YESTERDAY       35                        39     -4       25
  MONTH TO DATE  946                      1215   -269     1001
  SINCE DEC 1   3941                      4130   -189     3749
  SINCE JUL 1   5149                      5832   -683     5039

 COOLING
  YESTERDAY        0                         0      0        0
  MONTH TO DATE    0                         0      0        0
  SINCE DEC 1      0                         0      0        0
  SINCE JAN 1      0                         0      0        0
..................................................................


WIND (MPH)
  HIGHEST WIND SPEED    18   HIGHEST WIND DIRECTION     N (350)
  HIGHEST GUST SPEED    22   HIGHEST GUST DIRECTION     N (350)
  AVERAGE WIND SPEED    11.3


SKY COVER
  POSSIBLE SUNSHINE  MM
  AVERAGE SKY COVER 1.0


WEATHER CONDITIONS
 THE FOLLOWING WEATHER WAS RECORDED YESTERDAY.
  LIGHT SNOW
  FOG


RELATIVE HUMIDITY (PERCENT)
 HIGHEST   100           600 AM
 LOWEST     75           200 PM
 AVERAGE    88

..........................................................


THE HURON SD CLIMATE NORMALS FOR TODAY
                         NORMAL    RECORD    YEAR
 MAXIMUM TEMPERATURE (F)   37        74      1992
 MINIMUM TEMPERATURE (F)   17       -20      2009


SUNRISE AND SUNSET
MARCH  1 2017.........SUNRISE   710 AM CST   SUNSET   621 PM CST
MARCH  2 2017.........SUNRISE   708 AM CST   SUNSET   623 PM CST


-  INDICATES NEGATIVE NUMBERS.
R  INDICATES RECORD WAS SET OR TIED.
MM INDICATES DATA IS MISSING.
T  INDICATES TRACE AMOUNT.




$$
