000
CDUS43 KFSD 010642
CLIHON


CLIMATE REPORT
NATIONAL WEATHER SERVICE SIOUX FALLS SD
141 AM CDT WED JUL 1 2015


...................................

...THE HURON SD CLIMATE SUMMARY FOR JUNE 30 2015...

CLIMATE NORMAL PERIOD 1981 TO 2010
CLIMATE RECORD PERIOD 1881 TO 2015


WEATHER ITEM   OBSERVED TIME   RECORD YEAR NORMAL DEPARTURE LAST
                VALUE   (LST)  VALUE       VALUE  FROM      YEAR
                                                  NORMAL
..................................................................
TEMPERATURE (F)
 YESTERDAY
  MAXIMUM         73    151 PM 104    1931  84    -11       81
  MINIMUM         66   1013 PM  44    1892  60      6       61
  AVERAGE         70                        72     -2       71

PRECIPITATION (IN)
  YESTERDAY        0.05          2.26 1968   0.10  -0.05     0.00
  MONTH TO DATE    4.60                      3.93   0.67     2.37
  SINCE JUN 1      4.60                      3.93   0.67     2.37
  SINCE JAN 1     10.54                     11.91  -1.37     6.86

SNOWFALL (IN)
  YESTERDAY        0.0           0.0    MM   0.0    0.0      0.0
  MONTH TO DATE    T                         0.0    0.0      0.0
  SINCE JUN 1      T                         0.0    0.0      0.0
  SINCE JUL 1     22.8                      43.9  -21.1     28.6
  SNOW DEPTH       0

DEGREE DAYS
 HEATING
  YESTERDAY        0                         0      0        0
  MONTH TO DATE   11                        52    -41       40
  SINCE JUN 1     11                        51    -40       40
  SINCE JUL 1   7505                      7672   -167     8327

 COOLING
  YESTERDAY        5                         7     -2        6
  MONTH TO DATE  150                       133     17      103
  SINCE JUN 1    150                       133     17      103
  SINCE JAN 1    170                       166      4      165
..................................................................


WIND (MPH)
  HIGHEST WIND SPEED    13   HIGHEST WIND DIRECTION     W (280)
  HIGHEST GUST SPEED    15   HIGHEST GUST DIRECTION     W (280)
  AVERAGE WIND SPEED     3.9


SKY COVER
  POSSIBLE SUNSHINE  MM
  AVERAGE SKY COVER 0.5


WEATHER CONDITIONS
 THE FOLLOWING WEATHER WAS RECORDED YESTERDAY.
  THUNDERSTORM
  LIGHT RAIN
  FOG
  FOG W/VISIBILITY <= 1/4 MILE
  HAZE


RELATIVE HUMIDITY (PERCENT)
 HIGHEST    97           900 PM
 LOWEST     73          1200 AM
 AVERAGE    85

..........................................................


THE HURON SD CLIMATE NORMALS FOR TODAY
                         NORMAL    RECORD    YEAR
 MAXIMUM TEMPERATURE (F)   84       103      2002
 MINIMUM TEMPERATURE (F)   60        44      1945
                                             1904


SUNRISE AND SUNSET
JULY  1 2015..........SUNRISE   552 AM CDT   SUNSET   921 PM CDT
JULY  2 2015..........SUNRISE   553 AM CDT   SUNSET   921 PM CDT


-  INDICATES NEGATIVE NUMBERS.
R  INDICATES RECORD WAS SET OR TIED.
MM INDICATES DATA IS MISSING.
T  INDICATES TRACE AMOUNT.




$$
