000
CDUS44 KHGX 011312
CLIHOU

CLIMATE REPORT
NATIONAL WEATHER SERVICE HOUSTON/GALVESTON TX
810 AM CDT SAT AUG 1 2015


...MORNING CLIMATE DATA...

                            MORNING LOW    PRECIP SINCE MIDNIGHT
HOUSTON INTERCONTINENTAL         72                0.00
GALVESTON SCHOLES FIELD          81                0.00
BRYAN/COLLEGE STATION            74                0.00
HOUSTON HOBBY                    76                0.00
...................................

...THE HOUSTON INTERCONTINENTAL CLIMATE SUMMARY FOR JULY 31 2015...

CLIMATE NORMAL PERIOD 1981 TO 2010
CLIMATE RECORD PERIOD 1892 TO 2015


WEATHER ITEM   OBSERVED TIME   RECORD YEAR NORMAL DEPARTURE LAST
                VALUE   (LST)  VALUE       VALUE  FROM      YEAR
                                                  NORMAL
..................................................................
TEMPERATURE (F)
 YESTERDAY
  MAXIMUM         99    425 PM 103    1998  95      4       94
  MINIMUM         78   1113 PM  67    1891  75      3       73
  AVERAGE         89                        85      4       84

PRECIPITATION (IN)
  YESTERDAY        0.00          3.91 2014   0.09  -0.09     3.91
  MONTH TO DATE    0.61                      3.79  -3.18     5.40
  SINCE JUN 1     12.00                      9.72   2.28     7.58
  SINCE JAN 1     42.44                     28.11  14.33    26.65

DEGREE DAYS
 COOLING
  YESTERDAY       24                        20      4       19
  MONTH TO DATE  660                       601     59      588
  SINCE JUN 1   1183                      1121     62     1121
  SINCE JAN 1   1875                      1773    102     1662
..................................................................


WIND (MPH)
  HIGHEST WIND SPEED    20   HIGHEST WIND DIRECTION    NE (30)
  HIGHEST GUST SPEED    24   HIGHEST GUST DIRECTION    NE (40)




RELATIVE HUMIDITY (PERCENT)
 HIGHEST    94
 LOWEST     31
 AVERAGE    63

..........................................................


THE HOUSTON INTERCONTINENTAL CLIMATE NORMALS FOR TODAY
                         NORMAL    RECORD    YEAR
 MAXIMUM TEMPERATURE (F)   95       103      1998
 MINIMUM TEMPERATURE (F)   75        67      1984
                                             1891


SUNRISE AND SUNSET
AUGUST  1 2015........SUNRISE   640 AM CDT   SUNSET   815 PM CDT
AUGUST  2 2015........SUNRISE   641 AM CDT   SUNSET   814 PM CDT


-  INDICATES NEGATIVE NUMBERS.
R  INDICATES RECORD WAS SET OR TIED.
MM INDICATES DATA IS MISSING.
T  INDICATES TRACE AMOUNT.


&&

...................................

...THE HOUSTON/HOBBY AIRPORT CLIMATE SUMMARY FOR JULY 31 2015...

CLIMATE NORMAL PERIOD 1981 TO 2010
CLIMATE RECORD PERIOD 1930 TO 2015


WEATHER ITEM   OBSERVED TIME   RECORD YEAR NORMAL DEPARTURE LAST
                VALUE   (LST)  VALUE       VALUE  FROM      YEAR
                                                  NORMAL
..................................................................
TEMPERATURE (F)
 YESTERDAY
  MAXIMUM         99    428 PM 101    1948  93      6       93
  MINIMUM         81   1157 PM  67    1936  76      5       78
  AVERAGE         90                        84      6       86

PRECIPITATION (IN)
  YESTERDAY        0.00          1.61 1953   0.12  -0.12     0.03
  MONTH TO DATE    2.57                      4.66  -2.09     1.26
  SINCE JUN 1      7.44                     11.76  -4.32     4.24
  SINCE JAN 1     42.30                     30.04  12.26    21.08

DEGREE DAYS
 COOLING
  YESTERDAY       25                        19      6       21
  MONTH TO DATE  657                       583     74      595
  SINCE JUN 1   1196                      1093    103     1124
  SINCE JAN 1   1935                      1747    188     1675
..................................................................


WIND (MPH)
  HIGHEST WIND SPEED    18   HIGHEST WIND DIRECTION    NE (30)
  HIGHEST GUST SPEED    24   HIGHEST GUST DIRECTION    NE (40)




RELATIVE HUMIDITY (PERCENT)
 HIGHEST    79
 LOWEST     27
 AVERAGE    53

..........................................................


THE HOUSTON/HOBBY AIRPORT CLIMATE NORMALS FOR TODAY
                         NORMAL    RECORD    YEAR
 MAXIMUM TEMPERATURE (F)   93       101      1998
 MINIMUM TEMPERATURE (F)   76        69      1938
                                             1936


SUNRISE AND SUNSET
AUGUST  1 2015........SUNRISE   641 AM CDT   SUNSET   814 PM CDT
AUGUST  2 2015........SUNRISE   641 AM CDT   SUNSET   813 PM CDT


-  INDICATES NEGATIVE NUMBERS.
R  INDICATES RECORD WAS SET OR TIED.
MM INDICATES DATA IS MISSING.
T  INDICATES TRACE AMOUNT.

...MISCELLANEOUS CLIMATE DATA FOR YESTERDAY...

LOCATION                        HIGH    LOW     PRECIP
PEARLAND                        100      81      0.00
SUGAR LAND                      100      75      0.00
TOMBALL                          98      75      0.00
CONROE                           98      72      0.00
HUNTSVILLE                       98      76      0.00
ANGLETON/LAKE JACKSON           100      78      0.00
PALACIOS                        100      77      0.08
LEAGUE CITY (NWS)                97      81      0.00


THIS PRODUCT...ALONG WITH OTHER WEATHER...HYDROLOGIC...AND CLIMATE
PRODUCTS...IS AVAILABLE ON THE WEB AT HTTP://WWW.SRH.NOAA.GOV/HGX
OR AT HTTP://WEATHER.GOV

$$
