000
CDUS44 KHGX 262146
CLIHOU

CLIMATE REPORT
NATIONAL WEATHER SERVICE HOUSTON/GALVESTON TX
435 PM CDT TUE MAY 26 2015


...................................

...THE HOUSTON INTERCONTINENTAL CLIMATE SUMMARY FOR MAY 26 2015...
VALID TODAY AS OF 0400 PM LOCAL TIME.

CLIMATE NORMAL PERIOD 1981 TO 2010
CLIMATE RECORD PERIOD 1892 TO 2015


WEATHER ITEM   OBSERVED TIME   RECORD YEAR NORMAL DEPARTURE LAST
                VALUE   (LST)  VALUE       VALUE  FROM      YEAR
                                                  NORMAL
..................................................................
TEMPERATURE (F)
 TODAY
  MAXIMUM         85   1138 AM  98    2011  89     -4       80
  MINIMUM         66    203 AM  57    1979  70     -4       68
  AVERAGE         76                        79     -3       74

PRECIPITATION (IN)
  TODAY            0.77          2.91 2014   0.17   0.60     2.91
  MONTH TO DATE   12.18                      4.24   7.94     7.16
  SINCE MAR 1     24.62                     10.96  13.66    11.17
  SINCE JAN 1     28.45                     17.54  10.91    14.52

DEGREE DAYS
 COOLING
  TODAY           11                        14     -3        9
  MONTH TO DATE  309                       297     12      237
  SINCE MAR 1    613                       540     73      450
  SINCE JAN 1    623                       578     45      484
..................................................................


WIND (MPH)
  RESULTANT WIND SPEED  11   RESULTANT WIND DIRECTION   S (160)
  HIGHEST WIND SPEED    24   HIGHEST WIND DIRECTION    SE (150)
  HIGHEST GUST SPEED    31   HIGHEST GUST DIRECTION    SE (150)
  AVERAGE WIND SPEED    11.3



WEATHER CONDITIONS
 THE FOLLOWING WEATHER WAS RECORDED TODAY.
  THUNDERSTORM
  HEAVY RAIN
  RAIN
  LIGHT RAIN


RELATIVE HUMIDITY (PERCENT)
 HIGHEST    97           700 AM
 LOWEST     69          1100 AM
 AVERAGE    83

..........................................................


THE HOUSTON INTERCONTINENTAL CLIMATE NORMALS FOR TOMORROW
                         NORMAL    RECORD    YEAR
 MAXIMUM TEMPERATURE (F)   89        98      1928
 MINIMUM TEMPERATURE (F)   70        50      1901


SUNRISE AND SUNSET
MAY 26 2015...........SUNRISE   623 AM CDT   SUNSET   814 PM CDT
MAY 27 2015...........SUNRISE   622 AM CDT   SUNSET   815 PM CDT


-  INDICATES NEGATIVE NUMBERS.
R  INDICATES RECORD WAS SET OR TIED.
MM INDICATES DATA IS MISSING.
T  INDICATES TRACE AMOUNT.




...................................

...THE HOUSTON/HOBBY AIRPORT CLIMATE SUMMARY FOR MAY 26 2015...
VALID TODAY AS OF 0400 PM LOCAL TIME.

CLIMATE NORMAL PERIOD 1981 TO 2010
CLIMATE RECORD PERIOD 1930 TO 2015


WEATHER ITEM   OBSERVED TIME   RECORD YEAR NORMAL DEPARTURE LAST
                VALUE   (LST)  VALUE       VALUE  FROM      YEAR
                                                  NORMAL
..................................................................
TEMPERATURE (F)
 TODAY
  MAXIMUM         83   1254 PM  97    2011  88     -5       80
  MINIMUM         65    143 AM  60    1979  71     -6       71
                                      1935
  AVERAGE         74                        79     -5       76

PRECIPITATION (IN)
  TODAY            1.96          3.24 2014   0.18   1.78     3.24
  MONTH TO DATE   12.24                      3.87   8.37     6.58
  SINCE MAR 1     26.82                     10.32  16.50    10.43
  SINCE JAN 1     32.70                     17.40  15.30    13.05

DEGREE DAYS
 COOLING
  TODAY            9                        14     -5       11
  MONTH TO DATE  335                       300     35      237
  SINCE MAR 1    658                       542    116      452
  SINCE JAN 1    668                       580     88      491
..................................................................


WIND (MPH)
  RESULTANT WIND SPEED   7   RESULTANT WIND DIRECTION   S (170)
  HIGHEST WIND SPEED    33   HIGHEST WIND DIRECTION     W (280)
  HIGHEST GUST SPEED    47   HIGHEST GUST DIRECTION     W (270)
  AVERAGE WIND SPEED    11.3



WEATHER CONDITIONS
 THE FOLLOWING WEATHER WAS RECORDED TODAY.
  THUNDERSTORM
  HEAVY RAIN
  FOG


RELATIVE HUMIDITY (PERCENT)
 HIGHEST    93          1200 AM
 LOWEST     69          1000 AM
 AVERAGE    81

..........................................................


THE HOUSTON/HOBBY AIRPORT CLIMATE NORMALS FOR TOMORROW
                         NORMAL    RECORD    YEAR
 MAXIMUM TEMPERATURE (F)   88        97      1973
 MINIMUM TEMPERATURE (F)   71        55      1934


SUNRISE AND SUNSET
MAY 26 2015...........SUNRISE   623 AM CDT   SUNSET   813 PM CDT
MAY 27 2015...........SUNRISE   623 AM CDT   SUNSET   814 PM CDT


-  INDICATES NEGATIVE NUMBERS.
R  INDICATES RECORD WAS SET OR TIED.
MM INDICATES DATA IS MISSING.
T  INDICATES TRACE AMOUNT.

..........................................................

...MISCELLANEOUS CLIMATE DATA FOR TODAY...

LOCATION                        HIGH    LOW     PRECIP

PEARLAND                         83      67      2.14
SUGAR LAND                       84      67      2.13
TOMBALL                          84      67      0.43
CONROE                           84      65       T
HUNTSVILLE                       87      66      0.01
ANGLETON/LAKE JACKSON            81      65      0.07
PALACIOS                         85      74      0.01
LEAGUE CITY (NWS)                86      64      1.96


THIS PRODUCT...ALONG WITH OTHER WEATHER...HYDROLOGIC...AND CLIMATE
PRODUCTS...IS AVAILABLE ON THE WEB AT HTTP://WWW.SRH.NOAA.GOV/HGX
OR AT HTTP://WEATHER.GOV


$$
