502
CDUS44 KHGX 291315
CLIHOU

CLIMATE REPORT
NATIONAL WEATHER SERVICE HOUSTON/GALVESTON TX
815 AM CDT THU SEP 29 2016

...MORNING CLIMATE DATA...

                            MORNING LOW    PRECIP SINCE MIDNIGHT
HOUSTON INTERCONTINENTAL         64                0.00
GALVESTON SCHOLES FIELD          73                0.00
BRYAN/COLLEGE STATION            63                0.00
HOUSTON HOBBY                    67                0.00

...................................

...THE HOUSTON INTERCONTINENTAL CLIMATE SUMMARY FOR SEPTEMBER 28 2016...

CLIMATE NORMAL PERIOD 1981 TO 2010
CLIMATE RECORD PERIOD 1892 TO 2016


WEATHER ITEM   OBSERVED TIME   RECORD YEAR NORMAL DEPARTURE LAST
                VALUE   (LST)  VALUE       VALUE  FROM      YEAR
                                                  NORMAL
..................................................................
TEMPERATURE (F)
 YESTERDAY
  MAXIMUM         89    349 PM  98    1998  87      2       76
  MINIMUM         67    629 AM  48    1909  66      1       70
                                      1908
  AVERAGE         78                        76      2       73

PRECIPITATION (IN)
  YESTERDAY        0.00          1.25 1902   0.13  -0.13     0.12
  MONTH TO DATE    1.70                      3.87  -2.17     2.59
  SINCE SEP 1      1.70                      3.87  -2.17     2.59
  SINCE JAN 1     55.27                     35.74  19.53    47.97

DEGREE DAYS
 HEATING
  YESTERDAY        0                         0      0        0
  MONTH TO DATE    0                         0      0        0
  SINCE SEP 1      0                         0      0        0
  SINCE JUL 1      0                         0      0        0

 COOLING
  YESTERDAY       13                        11      2        8
  MONTH TO DATE  521                       421    100      425
  SINCE SEP 1    521                       421    100      425
  SINCE JAN 1   2929                      2803    126     2930
..................................................................


WIND (MPH)
  HIGHEST WIND SPEED    10   HIGHEST WIND DIRECTION     N (10)
  HIGHEST GUST SPEED    12   HIGHEST GUST DIRECTION     N (340)




RELATIVE HUMIDITY (PERCENT)
 HIGHEST    90
 LOWEST     40
 AVERAGE    65

..........................................................


THE HOUSTON INTERCONTINENTAL CLIMATE NORMALS FOR TODAY
                         NORMAL    RECORD    YEAR
 MAXIMUM TEMPERATURE (F)   86        96      2011
 MINIMUM TEMPERATURE (F)   66        47      1908
                                             1890


SUNRISE AND SUNSET
SEPTEMBER 29 2016.....SUNRISE   714 AM CDT   SUNSET   709 PM CDT
SEPTEMBER 30 2016.....SUNRISE   714 AM CDT   SUNSET   707 PM CDT


-  INDICATES NEGATIVE NUMBERS.
R  INDICATES RECORD WAS SET OR TIED.
MM INDICATES DATA IS MISSING.
T  INDICATES TRACE AMOUNT.


&&

...................................

...THE HOUSTON/HOBBY AIRPORT CLIMATE SUMMARY FOR SEPTEMBER 28 2016...

CLIMATE NORMAL PERIOD 1981 TO 2010
CLIMATE RECORD PERIOD 1930 TO 2016


WEATHER ITEM   OBSERVED TIME   RECORD YEAR NORMAL DEPARTURE LAST
                VALUE   (LST)  VALUE       VALUE  FROM      YEAR
                                                  NORMAL
..................................................................
TEMPERATURE (F)
 YESTERDAY
  MAXIMUM         89    452 PM  97    2005  86      3       80
  MINIMUM         68    556 AM  49    1942  68      0       69
  AVERAGE         79                        77      2       75

PRECIPITATION (IN)
  YESTERDAY        0.00          1.30 1976   0.14  -0.14     1.08
  MONTH TO DATE    2.31                      4.92  -2.61     4.30
  SINCE SEP 1      2.31                      4.92  -2.61     4.30
  SINCE JAN 1     49.62                     40.02   9.60    57.36

DEGREE DAYS
 HEATING
  YESTERDAY        0                         0      0        0
  MONTH TO DATE    0                         0      0        0
  SINCE SEP 1      0                         0      0        0
  SINCE JUL 1      0                         0      0        0

 COOLING
  YESTERDAY       14                        12      2       10
  MONTH TO DATE  538                       429    109      436
  SINCE SEP 1    538                       429    109      436
  SINCE JAN 1   3169                      2770    399     3005
..................................................................


WIND (MPH)
  HIGHEST WIND SPEED    10   HIGHEST WIND DIRECTION    NE (50)
  HIGHEST GUST SPEED    13   HIGHEST GUST DIRECTION     E (70)




RELATIVE HUMIDITY (PERCENT)
 HIGHEST    90
 LOWEST     38
 AVERAGE    64

..........................................................


THE HOUSTON/HOBBY AIRPORT CLIMATE NORMALS FOR TODAY
                         NORMAL    RECORD    YEAR
 MAXIMUM TEMPERATURE (F)   85        96      2011
 MINIMUM TEMPERATURE (F)   68        50      1967
                                             1942


SUNRISE AND SUNSET
SEPTEMBER 29 2016.....SUNRISE   714 AM CDT   SUNSET   708 PM CDT
SEPTEMBER 30 2016.....SUNRISE   714 AM CDT   SUNSET   707 PM CDT


-  INDICATES NEGATIVE NUMBERS.
R  INDICATES RECORD WAS SET OR TIED.
MM INDICATES DATA IS MISSING.
T  INDICATES TRACE AMOUNT.

...MISCELLANEOUS CLIMATE DATA FOR YESTERDAY...

LOCATION                        HIGH    LOW     PRECIP
PEARLAND                         91      70      0.00
SUGAR LAND                       87      66      0.00
TOMBALL                          88      65      0.00
CONROE                           87      60      0.00
HUNTSVILLE                       86      62      0.00
ANGLETON/LAKE JACKSON            91      69      0.00
PALACIOS                         90      68      0.00
LEAGUE CITY (NWS)                87      69      0.00


THIS PRODUCT...ALONG WITH OTHER WEATHER...HYDROLOGIC...AND CLIMATE
PRODUCTS...IS AVAILABLE ON THE WEB AT HTTP://WWW.SRH.NOAA.GOV/HGX
OR AT HTTP://WEATHER.GOV



$$
