000
CDUS44 KHGX 080720
CLIHOU


CLIMATE REPORT
NATIONAL WEATHER SERVICE HOUSTON/GALVESTON TX
119 AM CST THU DEC 8 2016


...................................

...THE HOUSTON INTERCONTINENTAL CLIMATE SUMMARY FOR DECEMBER 7 2016...

CLIMATE NORMAL PERIOD 1981 TO 2010
CLIMATE RECORD PERIOD 1892 TO 2016


WEATHER ITEM   OBSERVED TIME   RECORD YEAR NORMAL DEPARTURE LAST
                VALUE   (LST)  VALUE       VALUE  FROM      YEAR
                                                  NORMAL
..................................................................
TEMPERATURE (F)
 YESTERDAY
  MAXIMUM         57    735 PM  84    1998  66     -9       70
  MINIMUM         46    438 AM  24    1950  46      0       45
  AVERAGE         52                        56     -4       58

PRECIPITATION (IN)
  YESTERDAY        0.19          4.95 1935   0.13   0.06     0.00
  MONTH TO DATE    2.86                      0.94   1.92     0.02
  SINCE DEC 1      2.86                      0.94   1.92     0.02
  SINCE JAN 1     60.26                     46.97  13.29    64.84

SNOWFALL (IN)
  YESTERDAY       MM             0.0  2002
                                      2001
  MONTH TO DATE    0.0
  SINCE DEC 1      0.0
  SINCE JUL 1      0.0

DEGREE DAYS
 HEATING
  YESTERDAY       13                        10      3        7
  MONTH TO DATE   81                        67     14       81
  SINCE DEC 1     81                        67     14       81
  SINCE JUL 1    139                       252   -113      194
..................................................................


WIND (MPH)
  HIGHEST WIND SPEED    14   HIGHEST WIND DIRECTION     N (10)
  HIGHEST GUST SPEED    16   HIGHEST GUST DIRECTION     N (10)




RELATIVE HUMIDITY (PERCENT)
 HIGHEST    93
 LOWEST     80
 AVERAGE    87

..........................................................


THE HOUSTON INTERCONTINENTAL CLIMATE NORMALS FOR TODAY
                         NORMAL    RECORD    YEAR
 MAXIMUM TEMPERATURE (F)   66        83      2012
                                             2007
 MINIMUM TEMPERATURE (F)   46        25      1927
                                             1891


SUNRISE AND SUNSET
DECEMBER  8 2016......SUNRISE   705 AM CST   SUNSET   522 PM CST
DECEMBER  9 2016......SUNRISE   706 AM CST   SUNSET   522 PM CST


-  INDICATES NEGATIVE NUMBERS.
R  INDICATES RECORD WAS SET OR TIED.
MM INDICATES DATA IS MISSING.
T  INDICATES TRACE AMOUNT.


&&

...................................

...THE HOUSTON/HOBBY AIRPORT CLIMATE SUMMARY FOR DECEMBER 7 2016...

CLIMATE NORMAL PERIOD 1981 TO 2010
CLIMATE RECORD PERIOD 1930 TO 2016


WEATHER ITEM   OBSERVED TIME   RECORD YEAR NORMAL DEPARTURE LAST
                VALUE   (LST)  VALUE       VALUE  FROM      YEAR
                                                  NORMAL
..................................................................
TEMPERATURE (F)
 YESTERDAY
  MAXIMUM         60    819 PM  82    2007  66     -6       72
                                      1994
  MINIMUM         49    751 AM  19    1950  48      1       49
  AVERAGE         55                        57     -2       61

PRECIPITATION (IN)
  YESTERDAY        0.07          2.22 1935   0.14  -0.07     0.00
  MONTH TO DATE    2.16                      0.96   1.20     0.03
  SINCE DEC 1      2.16                      0.96   1.20     0.03
  SINCE JAN 1     55.29                     51.58   3.71    73.67

SNOWFALL (IN)
  YESTERDAY       MM            MM      MM
  MONTH TO DATE    0.0
  SINCE DEC 1      0.0
  SINCE JUL 1      0.0

DEGREE DAYS
 HEATING
  YESTERDAY       10                         9      1        4
  MONTH TO DATE   60                        60      0       61
  SINCE DEC 1     60                        60      0       61
  SINCE JUL 1     97                       216   -119      135
..................................................................


WIND (MPH)
  HIGHEST WIND SPEED    15   HIGHEST WIND DIRECTION     N (20)
  HIGHEST GUST SPEED    18   HIGHEST GUST DIRECTION     N (20)




RELATIVE HUMIDITY (PERCENT)
 HIGHEST   100
 LOWEST     80
 AVERAGE    90

..........................................................


THE HOUSTON/HOBBY AIRPORT CLIMATE NORMALS FOR TODAY
                         NORMAL    RECORD    YEAR
 MAXIMUM TEMPERATURE (F)   66        83      2012
                                             2007
 MINIMUM TEMPERATURE (F)   48        27      1934


SUNRISE AND SUNSET
DECEMBER  8 2016......SUNRISE   704 AM CST   SUNSET   522 PM CST
DECEMBER  9 2016......SUNRISE   705 AM CST   SUNSET   522 PM CST


-  INDICATES NEGATIVE NUMBERS.
R  INDICATES RECORD WAS SET OR TIED.
MM INDICATES DATA IS MISSING.
T  INDICATES TRACE AMOUNT.




$$
