000
CDUS44 KHGX 271453
CLIHOU

CLIMATE REPORT
NATIONAL WEATHER SERVICE HOUSTON/GALVESTON TX
830 AM CST SAT DEC 27 2014


...MORNING CLIMATE DATA...

                            MORNING LOW    PRECIP SINCE MIDNIGHT
HOUSTON INTERCONTINENTAL         67                0.00
GALVESTON SCHOLES FIELD          65                0.00
BRYAN/COLLEGE STATION            65                0.00
HOUSTON HOBBY                    69                0.00

...................................

...THE HOUSTON INTERCONTINENTAL CLIMATE SUMMARY FOR DECEMBER 26 2014...

CLIMATE NORMAL PERIOD 1981 TO 2010
CLIMATE RECORD PERIOD 1892 TO 2014


WEATHER ITEM   OBSERVED TIME   RECORD YEAR NORMAL DEPARTURE LAST
                VALUE   (LST)  VALUE       VALUE  FROM      YEAR
                                                  NORMAL
..................................................................
TEMPERATURE (F)
 YESTERDAY
  MAXIMUM         71    311 PM  78    2005  63      8       62
                                      1988
                                      1950
  MINIMUM         51   1209 AM  18    1983  43      8       47
  AVERAGE         61                        53      8       55

PRECIPITATION (IN)
  YESTERDAY        0.04          2.06 1904   0.11  -0.07     0.00
  MONTH TO DATE    4.71                      3.22   1.49     1.66
  SINCE DEC 1      4.71                      3.22   1.49     1.66
  SINCE JAN 1     42.83                     49.25  -6.42    38.84

SNOWFALL (IN)
  YESTERDAY        0.0           T    1918
  MONTH TO DATE    0.0
  SINCE DEC 1      0.0
  SINCE JUL 1      0.0

DEGREE DAYS
 HEATING
  YESTERDAY        4                        13     -9       10
  MONTH TO DATE  168                       290   -122      363
  SINCE DEC 1    168                       290   -122      363
  SINCE JUL 1    416                       475    -59      612
..................................................................


WIND (MPH)
  HIGHEST WIND SPEED    21   HIGHEST WIND DIRECTION     S (160)
  HIGHEST GUST SPEED    28   HIGHEST GUST DIRECTION    SE (150)




RELATIVE HUMIDITY (PERCENT)
 HIGHEST    90
 LOWEST     73
 AVERAGE    82

..........................................................


THE HOUSTON INTERCONTINENTAL CLIMATE NORMALS FOR TODAY
                         NORMAL    RECORD    YEAR
 MAXIMUM TEMPERATURE (F)   63        81      1971
 MINIMUM TEMPERATURE (F)   43        19      1892


SUNRISE AND SUNSET
DECEMBER 27 2014......SUNRISE   716 AM CST   SUNSET   529 PM CST
DECEMBER 28 2014......SUNRISE   716 AM CST   SUNSET   530 PM CST


-  INDICATES NEGATIVE NUMBERS.
R  INDICATES RECORD WAS SET OR TIED.
MM INDICATES DATA IS MISSING.
T  INDICATES TRACE AMOUNT.


&&

...................................

...THE HOUSTON/HOBBY AIRPORT CLIMATE SUMMARY FOR DECEMBER 26 2014...

CLIMATE NORMAL PERIOD 1981 TO 2010
CLIMATE RECORD PERIOD 1930 TO 2014


WEATHER ITEM   OBSERVED TIME   RECORD YEAR NORMAL DEPARTURE LAST
                VALUE   (LST)  VALUE       VALUE  FROM      YEAR
                                                  NORMAL
..................................................................
TEMPERATURE (F)
 YESTERDAY
  MAXIMUM         72    231 PM  79    2005  63      9       61
                                      1950
  MINIMUM         56    126 AM  21    1983  45     11       49
  AVERAGE         64                        54     10       55

PRECIPITATION (IN)
  YESTERDAY        T             2.47 1942   0.13  -0.13     0.00
  MONTH TO DATE    3.93                      3.42   0.51     0.87
  SINCE DEC 1      3.93                      3.42   0.51     0.87
  SINCE JAN 1     40.45                     54.04 -13.59    43.06

SNOWFALL (IN)
  YESTERDAY        0.0          MM      MM
  MONTH TO DATE    0.0
  SINCE DEC 1      0.0
  SINCE JUL 1      0.0

DEGREE DAYS
 HEATING
  YESTERDAY        1                        12    -11       10
  MONTH TO DATE  143                       261   -118      327
  SINCE DEC 1    143                       261   -118      327
  SINCE JUL 1    357                       417    -60      544
..................................................................


WIND (MPH)
  HIGHEST WIND SPEED    21   HIGHEST WIND DIRECTION     S (160)
  HIGHEST GUST SPEED    28   HIGHEST GUST DIRECTION     S (160)




RELATIVE HUMIDITY (PERCENT)
 HIGHEST    90
 LOWEST     73
 AVERAGE    82

..........................................................


THE HOUSTON/HOBBY AIRPORT CLIMATE NORMALS FOR TODAY
                         NORMAL    RECORD    YEAR
 MAXIMUM TEMPERATURE (F)   63        80      1971
 MINIMUM TEMPERATURE (F)   45        31      1939


SUNRISE AND SUNSET
DECEMBER 27 2014......SUNRISE   715 AM CST   SUNSET   530 PM CST
DECEMBER 28 2014......SUNRISE   715 AM CST   SUNSET   531 PM CST


-  INDICATES NEGATIVE NUMBERS.
R  INDICATES RECORD WAS SET OR TIED.
MM INDICATES DATA IS MISSING.
T  INDICATES TRACE AMOUNT.

...........................................................


...MISCELLANEOUS CLIMATE DATA FOR YESTERDAY...

LOCATION                        HIGH    LOW     PRECIP

PEARLAND                         73      59       T
SUGAR LAND                       72      54      0.04
TOMBALL                          71      50      0.01
CONROE                           68      49      0.04
HUNTSVILLE                       68      52      0.04
ANGLETON/LAKE JACKSON            72      61       T
PALACIOS                         72      63      0.03
LEAGUE CITY (NWS)                72      53      0.01


THIS PRODUCT...ALONG WITH OTHER WEATHER...HYDROLOGIC...AND CLIMATE
PRODUCTS...IS AVAILABLE ON THE WEB AT HTTP://WWW.SRH.NOAA.GOV/HGX
OR AT HTTP://WEATHER.GOV


$$
