000
CDUS44 KHGX 272123
CLIHOU

CLIMATE REPORT
NATIONAL WEATHER SERVICE HOUSTON/GALVESTON TX
421 PM CDT THU JUL 27 2017


...................................

...THE HOUSTON INTERCONTINENTAL CLIMATE SUMMARY FOR JULY 27 2017...
VALID TODAY AS OF 400 PM LOCAL TIME.

CLIMATE NORMAL PERIOD 1981 TO 2010
CLIMATE RECORD PERIOD 1892 TO 2017


WEATHER ITEM   OBSERVED TIME   RECORD YEAR NORMAL DEPARTURE LAST
                VALUE   (LST)  VALUE       VALUE  FROM      YEAR
                                                  NORMAL
..................................................................
TEMPERATURE (F)
 TODAY
  MAXIMUM         98    234 PM 101    1995  95      3       85
  MINIMUM         76    603 AM  66    1902  75      1       73
  AVERAGE         87                        85      2       79

PRECIPITATION (IN)
  TODAY            0.00          5.22 1943   0.10  -0.10     0.22
  MONTH TO DATE    6.29                      3.41   2.88     0.97
  SINCE JUN 1     13.48                      9.34   4.14    14.09
  SINCE JAN 1     31.71                     27.73   3.98    43.04

DEGREE DAYS
 COOLING
  TODAY           22                        20      2       14
  MONTH TO DATE  547                       522     25      609
  SINCE JUN 1   1068                      1042     26     1129
  SINCE JAN 1   1977                      1694    283     1710
..................................................................


WIND (MPH)
  RESULTANT WIND SPEED   3   RESULTANT WIND DIRECTION   S (190)
  HIGHEST WIND SPEED    10   HIGHEST WIND DIRECTION    SE (140)
  HIGHEST GUST SPEED    13   HIGHEST GUST DIRECTION     S (170)
  AVERAGE WIND SPEED     3.7



WEATHER CONDITIONS
 THE FOLLOWING WEATHER WAS RECORDED TODAY.
  NO SIGNIFICANT WEATHER WAS OBSERVED.


RELATIVE HUMIDITY (PERCENT)
 HIGHEST    88           600 AM
 LOWEST     42           300 PM
 AVERAGE    65

..........................................................


THE HOUSTON INTERCONTINENTAL CLIMATE NORMALS FOR TOMORROW
                         NORMAL    RECORD    YEAR
 MAXIMUM TEMPERATURE (F)   95       103      1995
 MINIMUM TEMPERATURE (F)   75        66      1891


SUNRISE AND SUNSET
JULY 27 2017..........SUNRISE   638 AM CDT   SUNSET   818 PM CDT
JULY 28 2017..........SUNRISE   638 AM CDT   SUNSET   817 PM CDT


-  INDICATES NEGATIVE NUMBERS.
R  INDICATES RECORD WAS SET OR TIED.
MM INDICATES DATA IS MISSING.
T  INDICATES TRACE AMOUNT.



&&
...................................

...THE HOUSTON/HOBBY AIRPORT CLIMATE SUMMARY FOR JULY 27 2017...
VALID TODAY AS OF 400 PM LOCAL TIME.

CLIMATE NORMAL PERIOD 1981 TO 2010
CLIMATE RECORD PERIOD 1930 TO 2017


WEATHER ITEM   OBSERVED TIME   RECORD YEAR NORMAL DEPARTURE LAST
                VALUE   (LST)  VALUE       VALUE  FROM      YEAR
                                                  NORMAL
..................................................................
TEMPERATURE (F)
 TODAY
  MAXIMUM         99R   250 PM  99    1965  93      6       89
  MINIMUM         78    534 AM  68    1931  76      2       76
  AVERAGE         89                        84      5       83

PRECIPITATION (IN)
  TODAY            0.00          5.45 1943   0.13  -0.13      T
  MONTH TO DATE    3.12                      4.18  -1.06     5.32
  SINCE JUN 1      8.32                     11.28  -2.96    14.15
  SINCE JAN 1     28.25                     29.56  -1.31    39.00

DEGREE DAYS
 COOLING
  TODAY           24                        19      5       18
  MONTH TO DATE  581                       507     74      598
  SINCE JUN 1   1117                      1017    100     1148
  SINCE JAN 1   2051                      1671    380     1919
..................................................................


WIND (MPH)
  RESULTANT WIND SPEED   3   RESULTANT WIND DIRECTION   S (190)
  HIGHEST WIND SPEED    12   HIGHEST WIND DIRECTION     S (170)
  HIGHEST GUST SPEED    18   HIGHEST GUST DIRECTION     S (180)
  AVERAGE WIND SPEED     4.1



WEATHER CONDITIONS
 THE FOLLOWING WEATHER WAS RECORDED TODAY.
  THUNDERSTORM


RELATIVE HUMIDITY (PERCENT)
 HIGHEST    85           400 AM
 LOWEST     39           200 PM
 AVERAGE    62

..........................................................


THE HOUSTON/HOBBY AIRPORT CLIMATE NORMALS FOR TOMORROW
                         NORMAL    RECORD    YEAR
 MAXIMUM TEMPERATURE (F)   93       101      1999
 MINIMUM TEMPERATURE (F)   76        71      1994
                                             1980
                                             1942


SUNRISE AND SUNSET
JULY 27 2017..........SUNRISE   638 AM CDT   SUNSET   817 PM CDT
JULY 28 2017..........SUNRISE   639 AM CDT   SUNSET   816 PM CDT


-  INDICATES NEGATIVE NUMBERS.
R  INDICATES RECORD WAS SET OR TIED.
MM INDICATES DATA IS MISSING.
T  INDICATES TRACE AMOUNT.


...MISCELLANEOUS CLIMATE DATA FOR TODAY...

LOCATION                        HIGH    LOW     PRECIP
PEARLAND                         96      77      0.00
SUGAR LAND                       97      75      0.00
TOMBALL                          97      75      0.00
CONROE                           96      72      0.00
HUNTSVILLE                       96      76      0.00
ANGLETON/LAKE JACKSON            94      73      0.00
PALACIOS                         90      78      0.00
LEAGUE CITY (NWS)                93      76      0.00


THIS PRODUCT...ALONG WITH OTHER WEATHER...HYDROLOGIC...AND CLIMATE
PRODUCTS...IS AVAILABLE ON THE WEB AT HTTP://WWW.WEATHER.GOV/HGX

$$
