000
CDUS44 KHGX 010728
CLIHOU


CLIMATE REPORT
NATIONAL WEATHER SERVICE HOUSTON/GALVESTON TX
225 AM CDT WED JUN 1 2016


...................................

...THE HOUSTON INTERCONTINENTAL CLIMATE SUMMARY FOR MAY 31 2016...

CLIMATE NORMAL PERIOD 1981 TO 2010
CLIMATE RECORD PERIOD 1892 TO 2016


WEATHER ITEM   OBSERVED TIME   RECORD YEAR NORMAL DEPARTURE LAST
                VALUE   (LST)  VALUE       VALUE  FROM      YEAR
                                                  NORMAL
..................................................................
TEMPERATURE (F)
 YESTERDAY
  MAXIMUM         87    201 PM  98    1998  90     -3       87
  MINIMUM         68    518 AM  50    1889  71     -3       69
  AVERAGE         78                        80     -2       78

PRECIPITATION (IN)
  YESTERDAY        T             3.45 1976   0.17  -0.17     0.00
  MONTH TO DATE    7.20                      5.09   2.11    14.17
  SINCE MAR 1     24.84                     11.81  13.03    26.61
  SINCE JAN 1     28.95                     18.39  10.56    30.44

DEGREE DAYS
 COOLING
  YESTERDAY       13                        15     -2       13
  MONTH TO DATE  302                       371    -69      378
  SINCE MAR 1    544                       614    -70      682
  SINCE JAN 1    581                       652    -71      692
..................................................................


WIND (MPH)
  HIGHEST WIND SPEED    18   HIGHEST WIND DIRECTION     E (110)
  HIGHEST GUST SPEED    23   HIGHEST GUST DIRECTION    SE (140)




RELATIVE HUMIDITY (PERCENT)
 HIGHEST   100
 LOWEST     53
 AVERAGE    77

..........................................................


THE HOUSTON INTERCONTINENTAL CLIMATE NORMALS FOR TODAY
                         NORMAL    RECORD    YEAR
 MAXIMUM TEMPERATURE (F)   90        98      2011
                                             1998
 MINIMUM TEMPERATURE (F)   71        53      1984


SUNRISE AND SUNSET
JUNE  1 2016..........SUNRISE   621 AM CDT   SUNSET   818 PM CDT
JUNE  2 2016..........SUNRISE   621 AM CDT   SUNSET   819 PM CDT


-  INDICATES NEGATIVE NUMBERS.
R  INDICATES RECORD WAS SET OR TIED.
MM INDICATES DATA IS MISSING.
T  INDICATES TRACE AMOUNT.




...................................

...THE HOUSTON/HOBBY AIRPORT CLIMATE SUMMARY FOR MAY 31 2016...

CLIMATE NORMAL PERIOD 1981 TO 2010
CLIMATE RECORD PERIOD 1930 TO 2016


WEATHER ITEM   OBSERVED TIME   RECORD YEAR NORMAL DEPARTURE LAST
                VALUE   (LST)  VALUE       VALUE  FROM      YEAR
                                                  NORMAL
..................................................................
TEMPERATURE (F)
 YESTERDAY
  MAXIMUM         89    136 PM 100    1998  88      1       88
  MINIMUM         71    527 AM  58    1984  72     -1       70
  AVERAGE         80                        80      0       79

PRECIPITATION (IN)
  YESTERDAY        0.00          3.99 2006   0.17  -0.17      T
  MONTH TO DATE    7.59                      4.75   2.84    14.40
  SINCE MAR 1     20.68                     11.20   9.48    28.98
  SINCE JAN 1     24.85                     18.28   6.57    34.86

DEGREE DAYS
 COOLING
  YESTERDAY       15                        15      0       14
  MONTH TO DATE  382                       374      8      406
  SINCE MAR 1    733                       616    117      729
  SINCE JAN 1    771                       654    117      739
..................................................................


WIND (MPH)
  HIGHEST WIND SPEED    14   HIGHEST WIND DIRECTION    SE (150)
  HIGHEST GUST SPEED    20   HIGHEST GUST DIRECTION    SE (140)




RELATIVE HUMIDITY (PERCENT)
 HIGHEST   100
 LOWEST     46
 AVERAGE    73

..........................................................


THE HOUSTON/HOBBY AIRPORT CLIMATE NORMALS FOR TODAY
                         NORMAL    RECORD    YEAR
 MAXIMUM TEMPERATURE (F)   89       100      1998
 MINIMUM TEMPERATURE (F)   72        56      1984


SUNRISE AND SUNSET
JUNE  1 2016..........SUNRISE   621 AM CDT   SUNSET   817 PM CDT
JUNE  2 2016..........SUNRISE   621 AM CDT   SUNSET   818 PM CDT


-  INDICATES NEGATIVE NUMBERS.
R  INDICATES RECORD WAS SET OR TIED.
MM INDICATES DATA IS MISSING.
T  INDICATES TRACE AMOUNT.




$$
