000
CDUS44 KHGX 240717
CLIHOU


CLIMATE REPORT
NATIONAL WEATHER SERVICE HOUSTON/GALVESTON TX
116 AM CST TUE JAN 24 2017


...................................

...THE HOUSTON INTERCONTINENTAL CLIMATE SUMMARY FOR JANUARY 23 2017...

CLIMATE NORMAL PERIOD 1981 TO 2010
CLIMATE RECORD PERIOD 1892 TO 2017


WEATHER ITEM   OBSERVED TIME   RECORD YEAR NORMAL DEPARTURE LAST
                VALUE   (LST)  VALUE       VALUE  FROM      YEAR
                                                  NORMAL
..................................................................
TEMPERATURE (F)
 YESTERDAY
  MAXIMUM         72    407 PM  83    1972  63      9       55
  MINIMUM         48    732 AM  14    1940  43      5       33
  AVERAGE         60                        53      7       44

PRECIPITATION (IN)
  YESTERDAY        0.00          2.62 1920   0.11  -0.11     0.00
  MONTH TO DATE    6.09                      2.48   3.61     1.89
  SINCE DEC 1      9.65                      6.22   3.43     7.10
  SINCE JAN 1      6.09                      2.48   3.61     1.89

SNOWFALL (IN)
  YESTERDAY        0.0           0.8  1926
  MONTH TO DATE    0.0
  SINCE DEC 1      0.0
  SINCE JUL 1      0.0

DEGREE DAYS
 HEATING
  YESTERDAY        5                        12     -7       21
  MONTH TO DATE  150                       294   -144      323
  SINCE DEC 1    409                       648   -239      543
  SINCE JUL 1    467                       833   -366      656
..................................................................


WIND (MPH)
  HIGHEST WIND SPEED    13   HIGHEST WIND DIRECTION     W (270)
  HIGHEST GUST SPEED    17   HIGHEST GUST DIRECTION     W (260)




RELATIVE HUMIDITY (PERCENT)
 HIGHEST    66
 LOWEST     25
 AVERAGE    46

..........................................................


THE HOUSTON INTERCONTINENTAL CLIMATE NORMALS FOR TODAY
                         NORMAL    RECORD    YEAR
 MAXIMUM TEMPERATURE (F)   63        82      1971
 MINIMUM TEMPERATURE (F)   43        18      1963
                                             1894


SUNRISE AND SUNSET
JANUARY 24 2017.......SUNRISE   715 AM CST   SUNSET   552 PM CST
JANUARY 25 2017.......SUNRISE   715 AM CST   SUNSET   553 PM CST


-  INDICATES NEGATIVE NUMBERS.
R  INDICATES RECORD WAS SET OR TIED.
MM INDICATES DATA IS MISSING.
T  INDICATES TRACE AMOUNT.


&&

...................................

...THE HOUSTON/HOBBY AIRPORT CLIMATE SUMMARY FOR JANUARY 23 2017...

CLIMATE NORMAL PERIOD 1981 TO 2010
CLIMATE RECORD PERIOD 1930 TO 2017


WEATHER ITEM   OBSERVED TIME   RECORD YEAR NORMAL DEPARTURE LAST
                VALUE   (LST)  VALUE       VALUE  FROM      YEAR
                                                  NORMAL
..................................................................
TEMPERATURE (F)
 YESTERDAY
  MAXIMUM         72    437 PM  85    1972  63      9       57
  MINIMUM         51    726 AM   5    1940  45      6       35
  AVERAGE         62                        54      8       46

PRECIPITATION (IN)
  YESTERDAY        0.00          1.42 1980   0.13  -0.13     0.00
  MONTH TO DATE    4.07                      2.84   1.23     2.14
  SINCE DEC 1      7.76                      6.87   0.89     5.63
  SINCE JAN 1      4.07                      2.84   1.23     2.14

SNOWFALL (IN)
  YESTERDAY        0.0          MM      MM
  MONTH TO DATE    0.0
  SINCE DEC 1      0.0
  SINCE JUL 1      0.0

DEGREE DAYS
 HEATING
  YESTERDAY        3                        11     -8       19
  MONTH TO DATE  131                       271   -140      281
  SINCE DEC 1    343                       591   -248      452
  SINCE JUL 1    380                       747   -367      526
..................................................................


WIND (MPH)
  HIGHEST WIND SPEED    15   HIGHEST WIND DIRECTION     W (260)
  HIGHEST GUST SPEED    19   HIGHEST GUST DIRECTION    NW (330)




RELATIVE HUMIDITY (PERCENT)
 HIGHEST    66
 LOWEST     24
 AVERAGE    45

..........................................................


THE HOUSTON/HOBBY AIRPORT CLIMATE NORMALS FOR TODAY
                         NORMAL    RECORD    YEAR
 MAXIMUM TEMPERATURE (F)   63        83      1971
 MINIMUM TEMPERATURE (F)   45        17      1963


SUNRISE AND SUNSET
JANUARY 24 2017.......SUNRISE   715 AM CST   SUNSET   552 PM CST
JANUARY 25 2017.......SUNRISE   714 AM CST   SUNSET   553 PM CST


-  INDICATES NEGATIVE NUMBERS.
R  INDICATES RECORD WAS SET OR TIED.
MM INDICATES DATA IS MISSING.
T  INDICATES TRACE AMOUNT.




$$
