000
CDUS44 KHGX 290728
CLIHOU


CLIMATE REPORT
NATIONAL WEATHER SERVICE HOUSTON/GALVESTON TX
227 AM CDT MON AUG 29 2016


...................................

...THE HOUSTON INTERCONTINENTAL CLIMATE SUMMARY FOR AUGUST 28 2016...

CLIMATE NORMAL PERIOD 1981 TO 2010
CLIMATE RECORD PERIOD 1892 TO 2016


WEATHER ITEM   OBSERVED TIME   RECORD YEAR NORMAL DEPARTURE LAST
                VALUE   (LST)  VALUE       VALUE  FROM      YEAR
                                                  NORMAL
..................................................................
TEMPERATURE (F)
 YESTERDAY
  MAXIMUM         88    249 PM 107    2011  94     -6       92
  MINIMUM         75    647 AM  63    1992  74      1       70
  AVERAGE         82                        84     -2       81

PRECIPITATION (IN)
  YESTERDAY        T             3.88 1915   0.14  -0.14     0.00
  MONTH TO DATE   10.30                      3.30   7.00     2.94
  SINCE JUN 1     24.51                     13.02  11.49    14.94
  SINCE JAN 1     53.46                     31.41  22.05    45.38

DEGREE DAYS
 COOLING
  YESTERDAY       17                        19     -2       16
  MONTH TO DATE  559                       554      5      585
  SINCE JUN 1   1772                      1675     97     1768
  SINCE JAN 1   2353                      2327     26     2460
..................................................................


WIND (MPH)
  HIGHEST WIND SPEED    26   HIGHEST WIND DIRECTION    NE (60)
  HIGHEST GUST SPEED    34   HIGHEST GUST DIRECTION     E (80)




RELATIVE HUMIDITY (PERCENT)
 HIGHEST    94
 LOWEST     68
 AVERAGE    81

..........................................................


THE HOUSTON INTERCONTINENTAL CLIMATE NORMALS FOR TODAY
                         NORMAL    RECORD    YEAR
 MAXIMUM TEMPERATURE (F)   93       107      2011
 MINIMUM TEMPERATURE (F)   74        61      1992


SUNRISE AND SUNSET
AUGUST 29 2016........SUNRISE   657 AM CDT   SUNSET   747 PM CDT
AUGUST 30 2016........SUNRISE   658 AM CDT   SUNSET   745 PM CDT


-  INDICATES NEGATIVE NUMBERS.
R  INDICATES RECORD WAS SET OR TIED.
MM INDICATES DATA IS MISSING.
T  INDICATES TRACE AMOUNT.


&&

...................................

...THE HOUSTON/HOBBY AIRPORT CLIMATE SUMMARY FOR AUGUST 28 2016...

CLIMATE NORMAL PERIOD 1981 TO 2010
CLIMATE RECORD PERIOD 1930 TO 2016


WEATHER ITEM   OBSERVED TIME   RECORD YEAR NORMAL DEPARTURE LAST
                VALUE   (LST)  VALUE       VALUE  FROM      YEAR
                                                  NORMAL
..................................................................
TEMPERATURE (F)
 YESTERDAY
  MAXIMUM         88    325 PM 103    2011  92     -4       91
  MINIMUM         75    437 PM  65    1930  75      0       72
  AVERAGE         82                        84     -2       82

PRECIPITATION (IN)
  YESTERDAY        0.56          1.51 1945   0.19   0.37     0.00
  MONTH TO DATE    8.11                      4.46   3.65    10.76
  SINCE JUN 1     22.35                     16.22   6.13    18.20
  SINCE JAN 1     47.20                     34.50  12.70    53.06

DEGREE DAYS
 COOLING
  YESTERDAY       17                        19     -2       17
  MONTH TO DATE  571                       532     39      587
  SINCE JUN 1   1804                      1625    179     1783
  SINCE JAN 1   2575                      2279    296     2522
..................................................................


WIND (MPH)
  HIGHEST WIND SPEED    28   HIGHEST WIND DIRECTION    NE (60)
  HIGHEST GUST SPEED    37   HIGHEST GUST DIRECTION    NE (60)




RELATIVE HUMIDITY (PERCENT)
 HIGHEST    94
 LOWEST     63
 AVERAGE    79

..........................................................


THE HOUSTON/HOBBY AIRPORT CLIMATE NORMALS FOR TODAY
                         NORMAL    RECORD    YEAR
 MAXIMUM TEMPERATURE (F)   92       103      2011
 MINIMUM TEMPERATURE (F)   75        65      1992


SUNRISE AND SUNSET
AUGUST 29 2016........SUNRISE   657 AM CDT   SUNSET   746 PM CDT
AUGUST 30 2016........SUNRISE   658 AM CDT   SUNSET   745 PM CDT


-  INDICATES NEGATIVE NUMBERS.
R  INDICATES RECORD WAS SET OR TIED.
MM INDICATES DATA IS MISSING.
T  INDICATES TRACE AMOUNT.




$$
