000
CDUS46 KSEW 260120
CLIHQM


CLIMATE REPORT
NATIONAL WEATHER SERVICE SEATTLE WA
619 PM PDT TUE JUL 25 2017


...................................

...THE HOQUIAM WA AIRPORT CLIMATE SUMMARY FOR JULY 25 2017...
VALID TODAY AS OF 0600 PM LOCAL TIME.

CLIMATE NORMAL PERIOD 1981 TO 2010
CLIMATE RECORD PERIOD 1953 TO 2017


WEATHER ITEM   OBSERVED TIME   RECORD YEAR NORMAL DEPARTURE LAST
                VALUE   (LST)  VALUE       VALUE  FROM      YEAR
                                                  NORMAL
..................................................................
TEMPERATURE (F)
 TODAY
  MAXIMUM         71    234 PM  90    1978  67      4       69
  MINIMUM         51    503 AM  46    1971  54     -3       58
  AVERAGE         61                        60      1       64

PRECIPITATION (IN)
  TODAY            0.00          0.75 1970   0.03  -0.03     0.00
  MONTH TO DATE    0.10                      0.97  -0.87     0.37
  SINCE OCT 1     84.15                     63.79  20.36    74.49
  SINCE JAN 1     42.61                     36.13   6.48    41.07

DEGREE DAYS
 HEATING
  TODAY            4                         5     -1        1
  MONTH TO DATE  124                       133     -9       93
  SINCE JUN 1    328                       379    -51      306

 COOLING
  TODAY            0                         0      0        0
  MONTH TO DATE    1                         0      1        0
  SINCE JUN 1     14                         2     12       13
  SINCE JAN 1     14                         3     11       18
..................................................................


WIND (MPH)
  RESULTANT WIND SPEED   5   RESULTANT WIND DIRECTION  SW (240)
  HIGHEST WIND SPEED    15   HIGHEST WIND DIRECTION     W (250)
  HIGHEST GUST SPEED    19   HIGHEST GUST DIRECTION     W (260)
  AVERAGE WIND SPEED     7.2


SKY COVER
  AVERAGE SKY COVER 0.2


WEATHER CONDITIONS
 THE FOLLOWING WEATHER WAS RECORDED TODAY.
  FOG


RELATIVE HUMIDITY (PERCENT)
 HIGHEST   100           300 AM
 LOWEST     66           200 PM
 AVERAGE    83

..........................................................


THE HOQUIAM WA AIRPORT CLIMATE NORMALS FOR TOMORROW
                         NORMAL    RECORD    YEAR
 MAXIMUM TEMPERATURE (F)   67        85      1958
 MINIMUM TEMPERATURE (F)   54        44      1969


SUNRISE AND SUNSET
JULY 25 2017..........SUNRISE   547 AM PDT   SUNSET   857 PM PDT
JULY 26 2017..........SUNRISE   548 AM PDT   SUNSET   855 PM PDT


-  INDICATES NEGATIVE NUMBERS.
R  INDICATES RECORD WAS SET OR TIED.
MM INDICATES DATA IS MISSING.
T  INDICATES TRACE AMOUNT.




$$
