000
CDUS46 KSEW 020122
CLIHQM


CLIMATE REPORT
NATIONAL WEATHER SERVICE SEATTLE WA
621 PM PDT WED JUL 1 2015


...................................

...THE HOQUIAM WA AIRPORT CLIMATE SUMMARY FOR JULY 1 2015...
VALID TODAY AS OF 0600 PM LOCAL TIME.

CLIMATE NORMAL PERIOD 1981 TO 2010
CLIMATE RECORD PERIOD 1953 TO 2015


WEATHER ITEM   OBSERVED TIME   RECORD YEAR NORMAL DEPARTURE LAST
                VALUE   (LST)  VALUE       VALUE  FROM      YEAR
                                                  NORMAL
..................................................................
TEMPERATURE (F)
 TODAY
  MAXIMUM         81    423 PM  89    2014  65     16       89
                                      1967
  MINIMUM         50    301 AM  44    2011  52     -2       55
                                      1972
                                      1956
  AVERAGE         66                        59      7       72

PRECIPITATION (IN)
  TODAY            0.00          1.29 1979   0.05  -0.05     0.00
  MONTH TO DATE    0.00                      0.05  -0.05     0.00
  SINCE OCT 1     57.91                     62.87  -4.96    52.94
  SINCE JAN 1     26.49                     35.21  -8.72    40.83

DEGREE DAYS
 HEATING
  TODAY            0                         6     -6        0
  MONTH TO DATE    0                         6     -6        0
  SINCE JUN 1    160                       252    -92      204

 COOLING
  TODAY            1                         0      1        7
  MONTH TO DATE    1                         0      1        7
  SINCE JUN 1      4                         2      2        7
  SINCE JAN 1      4                         3      1       22
..................................................................


WIND (MPH)
  RESULTANT WIND SPEED   4   RESULTANT WIND DIRECTION  SW (240)
  HIGHEST WIND SPEED    18   HIGHEST WIND DIRECTION    SW (220)
  HIGHEST GUST SPEED    21   HIGHEST GUST DIRECTION    SW (220)
  AVERAGE WIND SPEED     7.5


SKY COVER
  AVERAGE SKY COVER 0.2


WEATHER CONDITIONS
 THE FOLLOWING WEATHER WAS RECORDED TODAY.
  FOG


RELATIVE HUMIDITY (PERCENT)
 HIGHEST   100           500 AM
 LOWEST     42           500 PM
 AVERAGE    71

..........................................................


THE HOQUIAM WA AIRPORT CLIMATE NORMALS FOR TOMORROW
                         NORMAL    RECORD    YEAR
 MAXIMUM TEMPERATURE (F)   65        88      1972
 MINIMUM TEMPERATURE (F)   52        40      1971
                                             1955


SUNRISE AND SUNSET
JULY  1 2015..........SUNRISE   525 AM PDT   SUNSET   914 PM PDT
JULY  2 2015..........SUNRISE   525 AM PDT   SUNSET   914 PM PDT


-  INDICATES NEGATIVE NUMBERS.
R  INDICATES RECORD WAS SET OR TIED.
MM INDICATES DATA IS MISSING.
T  INDICATES TRACE AMOUNT.




$$
