000
CDUS46 KSEW 200827
CLIHQM


CLIMATE REPORT
NATIONAL WEATHER SERVICE SEATTLE WA
127 AM PDT MON OCT 20 2014


...................................

...THE HOQUIAM WA AIRPORT CLIMATE SUMMARY FOR OCTOBER 19 2014...

CLIMATE NORMAL PERIOD 1981 TO 2010
CLIMATE RECORD PERIOD 1953 TO 2014


WEATHER ITEM   OBSERVED TIME   RECORD YEAR NORMAL DEPARTURE LAST
                VALUE   (LST)  VALUE       VALUE  FROM      YEAR
                                                  NORMAL
..................................................................
TEMPERATURE (F)
 YESTERDAY
  MAXIMUM         66    210 PM  76    1964  58      8       59
  MINIMUM         57   1159 PM  35    2008  45     12       39
                                      1963
  AVERAGE         62                        52     10       49

PRECIPITATION (IN)
  YESTERDAY        0.42          2.60 1993   0.23   0.19     0.00
  MONTH TO DATE    3.87                      3.26   0.61     1.72
  SINCE OCT 1      3.87                      3.26   0.61     1.72
  SINCE JAN 1     50.96                     43.15   7.81    43.59

DEGREE DAYS
 HEATING
  YESTERDAY        3                        13    -10       16
  MONTH TO DATE   99                       215   -116      249
  SINCE SEP 1    192                       411   -219      394

 COOLING
  YESTERDAY        0                         0      0        0
  MONTH TO DATE    0                         0      0        0
  SINCE SEP 1     18                         7     11        7
  SINCE JAN 1     48                        23     25       20
..................................................................


WIND (MPH)
  RESULTANT WIND SPEED   8   RESULTANT WIND DIRECTION  SE (140)
  HIGHEST WIND SPEED    28   HIGHEST WIND DIRECTION    SE (140)
  HIGHEST GUST SPEED    39   HIGHEST GUST DIRECTION    SE (140)
  AVERAGE WIND SPEED    11.4


SKY COVER
  AVERAGE SKY COVER 1.0


WEATHER CONDITIONS
 THE FOLLOWING WEATHER WAS RECORDED YESTERDAY.
  RAIN
  LIGHT RAIN
  FOG


RELATIVE HUMIDITY (PERCENT)
 HIGHEST   100          1200 AM
 LOWEST     68           100 PM
 AVERAGE    84

..........................................................


THE HOQUIAM WA AIRPORT CLIMATE NORMALS FOR TODAY
                         NORMAL    RECORD    YEAR
 MAXIMUM TEMPERATURE (F)   58        74      1987
 MINIMUM TEMPERATURE (F)   45        32      1996


SUNRISE AND SUNSET
OCTOBER 20 2014.......SUNRISE   741 AM PDT   SUNSET   619 PM PDT
OCTOBER 21 2014.......SUNRISE   742 AM PDT   SUNSET   617 PM PDT


-  INDICATES NEGATIVE NUMBERS.
R  INDICATES RECORD WAS SET OR TIED.
MM INDICATES DATA IS MISSING.
T  INDICATES TRACE AMOUNT.




$$
