000
CDUS46 KSEW 190828
CLIHQM


CLIMATE REPORT
NATIONAL WEATHER SERVICE SEATTLE WA
127 AM PDT FRI SEP 19 2014


...................................

...THE HOQUIAM WA AIRPORT CLIMATE SUMMARY FOR SEPTEMBER 18 2014...

CLIMATE NORMAL PERIOD 1981 TO 2010
CLIMATE RECORD PERIOD 1953 TO 2014


WEATHER ITEM   OBSERVED TIME   RECORD YEAR NORMAL DEPARTURE LAST
                VALUE   (LST)  VALUE       VALUE  FROM      YEAR
                                                  NORMAL
..................................................................
TEMPERATURE (F)
 YESTERDAY
  MAXIMUM         65    325 PM  81    1991  67     -2       66
  MINIMUM         59    732 AM  39    1978  51      8       51
  AVERAGE         62                        59      3       59

PRECIPITATION (IN)
  YESTERDAY        0.04          1.12 2004   0.08  -0.04     0.01
  MONTH TO DATE    0.55                      1.21  -0.66     0.51
  SINCE OCT 1     56.31                     66.48 -10.17    48.46
  SINCE JAN 1     44.20                     38.82   5.38    34.85

DEGREE DAYS
 HEATING
  YESTERDAY        3                         6     -3        6
  MONTH TO DATE   43                        96    -53       43
  SINCE SEP 1     43                        96    -53       43

 COOLING
  YESTERDAY        0                         0      0        0
  MONTH TO DATE   15                         0     15        7
  SINCE SEP 1     15                         0     15        7
  SINCE JAN 1     45                        16     29       20
..................................................................


WIND (MPH)
  RESULTANT WIND SPEED   6   RESULTANT WIND DIRECTION   S (200)
  HIGHEST WIND SPEED    13   HIGHEST WIND DIRECTION    SW (210)
  HIGHEST GUST SPEED    14   HIGHEST GUST DIRECTION    SW (220)
  AVERAGE WIND SPEED     6.0


SKY COVER
  AVERAGE SKY COVER 1.0


WEATHER CONDITIONS
 THE FOLLOWING WEATHER WAS RECORDED YESTERDAY.
  LIGHT RAIN
  FOG


RELATIVE HUMIDITY (PERCENT)
 HIGHEST   100          1200 AM
 LOWEST     87           100 PM
 AVERAGE    94

..........................................................


THE HOQUIAM WA AIRPORT CLIMATE NORMALS FOR TODAY
                         NORMAL    RECORD    YEAR
 MAXIMUM TEMPERATURE (F)   66        86      1976
 MINIMUM TEMPERATURE (F)   50        40      1983
                                             1965
                                             1957


SUNRISE AND SUNSET
SEPTEMBER 19 2014.....SUNRISE   659 AM PDT   SUNSET   719 PM PDT
SEPTEMBER 20 2014.....SUNRISE   700 AM PDT   SUNSET   717 PM PDT


-  INDICATES NEGATIVE NUMBERS.
R  INDICATES RECORD WAS SET OR TIED.
MM INDICATES DATA IS MISSING.
T  INDICATES TRACE AMOUNT.




$$
