757
CDUS46 KSEW 280835
CLIHQM


CLIMATE REPORT
NATIONAL WEATHER SERVICE SEATTLE WA
134 AM PDT TUE MAR 28 2017


...................................

...THE HOQUIAM WA AIRPORT CLIMATE SUMMARY FOR MARCH 27 2017...

CLIMATE NORMAL PERIOD 1981 TO 2010
CLIMATE RECORD PERIOD 1953 TO 2017


WEATHER ITEM   OBSERVED TIME   RECORD YEAR NORMAL DEPARTURE LAST
                VALUE   (LST)  VALUE       VALUE  FROM      YEAR
                                                  NORMAL
..................................................................
TEMPERATURE (F)
 YESTERDAY
  MAXIMUM         50    206 PM  77    1994  53     -3       52
  MINIMUM         45    715 AM  30    1991  41      4       40
  AVERAGE         48                        47      1       46

PRECIPITATION (IN)
  YESTERDAY        0.29          1.67 1968   0.21   0.08     0.17
  MONTH TO DATE   13.67                      6.12   7.55    13.25
  SINCE OCT 1     68.00                     51.32  16.68    69.19
  SINCE JAN 1     26.46                     23.66   2.80    35.77

DEGREE DAYS
 HEATING
  YESTERDAY       17                        18     -1       19
  MONTH TO DATE  533                       515     18      463
  SINCE MAR 1    533                       515     18      463

 COOLING
  YESTERDAY        0                         0      0        0
  MONTH TO DATE    0                         0      0        0
  SINCE MAR 1      0                         0      0        0
  SINCE JAN 1      0                         0      0        0
..................................................................


WIND (MPH)
  RESULTANT WIND SPEED  11   RESULTANT WIND DIRECTION   S (190)
  HIGHEST WIND SPEED    25   HIGHEST WIND DIRECTION    SW (220)
  HIGHEST GUST SPEED    30   HIGHEST GUST DIRECTION    SW (210)
  AVERAGE WIND SPEED    12.7


SKY COVER
  AVERAGE SKY COVER 0.7


WEATHER CONDITIONS
 THE FOLLOWING WEATHER WAS RECORDED YESTERDAY.
  LIGHT RAIN
  FOG


RELATIVE HUMIDITY (PERCENT)
 HIGHEST   100           400 AM
 LOWEST     80           100 PM
 AVERAGE    90

..........................................................


THE HOQUIAM WA AIRPORT CLIMATE NORMALS FOR TODAY
                         NORMAL    RECORD    YEAR
 MAXIMUM TEMPERATURE (F)   53        69      1995
                                             1969
                                             1964
 MINIMUM TEMPERATURE (F)   41        29      1996
                                             1962


SUNRISE AND SUNSET
MARCH 28 2017.........SUNRISE   702 AM PDT   SUNSET   740 PM PDT
MARCH 29 2017.........SUNRISE   700 AM PDT   SUNSET   741 PM PDT


-  INDICATES NEGATIVE NUMBERS.
R  INDICATES RECORD WAS SET OR TIED.
MM INDICATES DATA IS MISSING.
T  INDICATES TRACE AMOUNT.




$$
