000
CDUS46 KSEW 060833
CLIHQM


CLIMATE REPORT
NATIONAL WEATHER SERVICE SEATTLE WA
132 AM PDT FRI MAY 6 2016


...................................

...THE HOQUIAM WA AIRPORT CLIMATE SUMMARY FOR MAY 5 2016...

CLIMATE NORMAL PERIOD 1981 TO 2010
CLIMATE RECORD PERIOD 1953 TO 2016


WEATHER ITEM   OBSERVED TIME   RECORD YEAR NORMAL DEPARTURE LAST
                VALUE   (LST)  VALUE       VALUE  FROM      YEAR
                                                  NORMAL
..................................................................
TEMPERATURE (F)
 YESTERDAY
  MAXIMUM         63    524 PM  87    2013  58      5       58
  MINIMUM         44    446 AM  32    2010  44      0       44
  AVERAGE         54                        51      3       51

PRECIPITATION (IN)
  YESTERDAY        0.00          0.64 2009   0.12  -0.12     0.18
  MONTH TO DATE    0.03                      0.62  -0.59     0.21
  SINCE OCT 1     71.90                     57.91  13.99    57.46
  SINCE JAN 1     38.48                     30.25   8.23    26.04

DEGREE DAYS
 HEATING
  YESTERDAY       11                        14     -3       14
  MONTH TO DATE   33                        70    -37       65
  SINCE MAR 1    890                      1148   -258     1000

 COOLING
  YESTERDAY        0                         0      0        0
  MONTH TO DATE    1                         0      1        0
  SINCE MAR 1      5                         0      5        0
  SINCE JAN 1      5                         0      5        0
..................................................................


WIND (MPH)
  RESULTANT WIND SPEED   5   RESULTANT WIND DIRECTION  SW (240)
  HIGHEST WIND SPEED    16   HIGHEST WIND DIRECTION    SW (240)
  HIGHEST GUST SPEED    20   HIGHEST GUST DIRECTION     W (250)
  AVERAGE WIND SPEED     5.8


SKY COVER
  AVERAGE SKY COVER 0.3


WEATHER CONDITIONS
 THE FOLLOWING WEATHER WAS RECORDED YESTERDAY.
  FOG


RELATIVE HUMIDITY (PERCENT)
 HIGHEST   100           200 AM
 LOWEST     52           600 PM
 AVERAGE    76

..........................................................


THE HOQUIAM WA AIRPORT CLIMATE NORMALS FOR TODAY
                         NORMAL    RECORD    YEAR
 MAXIMUM TEMPERATURE (F)   59        83      1987
 MINIMUM TEMPERATURE (F)   45        31      1965


SUNRISE AND SUNSET
MAY  6 2016...........SUNRISE   552 AM PDT   SUNSET   834 PM PDT
MAY  7 2016...........SUNRISE   550 AM PDT   SUNSET   835 PM PDT


-  INDICATES NEGATIVE NUMBERS.
R  INDICATES RECORD WAS SET OR TIED.
MM INDICATES DATA IS MISSING.
T  INDICATES TRACE AMOUNT.




$$
