000
CDUS46 KSEW 140120
CLIHQM


CLIMATE REPORT
NATIONAL WEATHER SERVICE SEATTLE WA
619 PM PDT SUN JUL 13 2014


...................................

...THE HOQUIAM WA AIRPORT CLIMATE SUMMARY FOR JULY 13 2014...
VALID TODAY AS OF 0600 PM LOCAL TIME.

CLIMATE NORMAL PERIOD 1981 TO 2010
CLIMATE RECORD PERIOD 1953 TO 2014


WEATHER ITEM   OBSERVED TIME   RECORD YEAR NORMAL DEPARTURE LAST
                VALUE   (LST)  VALUE       VALUE  FROM      YEAR
                                                  NORMAL
..................................................................
TEMPERATURE (F)
 TODAY
  MAXIMUM         63    459 PM  93    1996  67     -4       68
  MINIMUM         53    714 AM  42    1971  53      0       48
  AVERAGE         58                        60     -2       58

PRECIPITATION (IN)
  TODAY            0.00          1.19 1983   0.03  -0.03     0.00
  MONTH TO DATE    0.08                      0.59  -0.51     0.00
  SINCE OCT 1     53.02                     63.41 -10.39    46.17
  SINCE JAN 1     40.91                     35.75   5.16    32.56

DEGREE DAYS
 HEATING
  TODAY            7                         5      2        7
  MONTH TO DATE   40                        73    -33       55
  SINCE JUN 1    244                       319    -75      230

 COOLING
  TODAY            0                         0      0        0
  MONTH TO DATE    8                         0      8        0
  SINCE JUN 1      8                         2      6        8
  SINCE JAN 1     23                         3     20       11
..................................................................


WIND (MPH)
  RESULTANT WIND SPEED   6   RESULTANT WIND DIRECTION  SW (240)
  HIGHEST WIND SPEED    17   HIGHEST WIND DIRECTION    SW (210)
  HIGHEST GUST SPEED    20   HIGHEST GUST DIRECTION     W (260)
  AVERAGE WIND SPEED     6.8


SKY COVER
  AVERAGE SKY COVER 0.8


WEATHER CONDITIONS
 THE FOLLOWING WEATHER WAS RECORDED TODAY.
  FOG


RELATIVE HUMIDITY (PERCENT)
 HIGHEST   100          1200 AM
 LOWEST     78           500 PM
 AVERAGE    89

..........................................................


THE HOQUIAM WA AIRPORT CLIMATE NORMALS FOR TOMORROW
                         NORMAL    RECORD    YEAR
 MAXIMUM TEMPERATURE (F)   67        90      1996
 MINIMUM TEMPERATURE (F)   53        44      1970
                                             1960


SUNRISE AND SUNSET
JULY 13 2014..........SUNRISE   534 AM PDT   SUNSET   908 PM PDT
JULY 14 2014..........SUNRISE   535 AM PDT   SUNSET   908 PM PDT


-  INDICATES NEGATIVE NUMBERS.
R  INDICATES RECORD WAS SET OR TIED.
MM INDICATES DATA IS MISSING.
T  INDICATES TRACE AMOUNT.




$$
