370
CDUS46 KSEW 210846
CLIHQM


CLIMATE REPORT
NATIONAL WEATHER SERVICE SEATTLE WA
1246 AM PST TUE NOV 21 2017


...................................

...THE HOQUIAM WA AIRPORT CLIMATE SUMMARY FOR NOVEMBER 20 2017...

CLIMATE NORMAL PERIOD 1981 TO 2010
CLIMATE RECORD PERIOD 1953 TO 2017


WEATHER ITEM   OBSERVED TIME   RECORD YEAR NORMAL DEPARTURE LAST
                VALUE   (LST)  VALUE       VALUE  FROM      YEAR
                                                  NORMAL
..................................................................
TEMPERATURE (F)
 YESTERDAY
  MAXIMUM         53    304 AM  61    2002  50      3       52
  MINIMUM         38    718 PM  23    1977  40     -2       47
  AVERAGE         46                        45      1       50

PRECIPITATION (IN)
  YESTERDAY        0.45          3.26 1959   0.40   0.05     0.94
  MONTH TO DATE   10.70                      7.41   3.29     8.43
  SINCE OCT 1     18.00                     13.94   4.06    24.28
  SINCE JAN 1     63.50                     53.83   9.67    69.19

DEGREE DAYS
 HEATING
  YESTERDAY       19                        20     -1       15
  MONTH TO DATE  382                       363     19      244
  SINCE SEP 1    912                       955    -43      789

 COOLING
  YESTERDAY        0                         0      0        0
  MONTH TO DATE    0                         0      0        0
  SINCE SEP 1     32                         7     25        1
  SINCE JAN 1     77                        23     54       50
..................................................................


WIND (MPH)
  RESULTANT WIND SPEED   3   RESULTANT WIND DIRECTION  SW (220)
  HIGHEST WIND SPEED    26   HIGHEST WIND DIRECTION     S (170)
  HIGHEST GUST SPEED    34   HIGHEST GUST DIRECTION     S (170)
  AVERAGE WIND SPEED     9.3


SKY COVER
  AVERAGE SKY COVER 0.5


WEATHER CONDITIONS
 THE FOLLOWING WEATHER WAS RECORDED YESTERDAY.
  RAIN
  LIGHT RAIN
  FOG


RELATIVE HUMIDITY (PERCENT)
 HIGHEST   100           100 AM
 LOWEST     54           300 PM
 AVERAGE    77

..........................................................


THE HOQUIAM WA AIRPORT CLIMATE NORMALS FOR TODAY
                         NORMAL    RECORD    YEAR
 MAXIMUM TEMPERATURE (F)   50        61      1954
 MINIMUM TEMPERATURE (F)   39        25      1977


SUNRISE AND SUNSET
NOVEMBER 21 2017......SUNRISE   728 AM PST   SUNSET   435 PM PST
NOVEMBER 22 2017......SUNRISE   729 AM PST   SUNSET   434 PM PST


-  INDICATES NEGATIVE NUMBERS.
R  INDICATES RECORD WAS SET OR TIED.
MM INDICATES DATA IS MISSING.
T  INDICATES TRACE AMOUNT.




$$
