000
CDUS46 KSEW 060118
CLIHQM


CLIMATE REPORT
NATIONAL WEATHER SERVICE SEATTLE WA
518 PM PST FRI FEB 5 2016


...................................

...THE HOQUIAM WA AIRPORT CLIMATE SUMMARY FOR FEBRUARY 5 2016...
VALID TODAY AS OF 0500 PM LOCAL TIME.

CLIMATE NORMAL PERIOD 1981 TO 2010
CLIMATE RECORD PERIOD 1953 TO 2016


WEATHER ITEM   OBSERVED TIME   RECORD YEAR NORMAL DEPARTURE LAST
                VALUE   (LST)  VALUE       VALUE  FROM      YEAR
                                                  NORMAL
..................................................................
TEMPERATURE (F)
 TODAY
  MAXIMUM         55   1250 PM  61    1987  49      6       58
  MINIMUM         45    904 AM  14    1989  38      7       49
  AVERAGE         50                        43      7       54

PRECIPITATION (IN)
  TODAY            0.30          1.16 1996   0.28   0.02     1.12
  MONTH TO DATE    1.23                      1.41  -0.18     1.97
  SINCE OCT 1     48.95                     39.40   9.55    44.39
  SINCE JAN 1     15.53                     11.74   3.79    12.97

DEGREE DAYS
 HEATING
  TODAY           15                        22     -7       11
  MONTH TO DATE  101                       110     -9       77
  SINCE DEC 1   1410                      1531   -121     1246

 COOLING
  TODAY            0                         0      0        0
  MONTH TO DATE    0                         0      0        0
  SINCE DEC 1      0                         0      0        0
  SINCE JAN 1      0                         0      0        0
..................................................................


WIND (MPH)
  RESULTANT WIND SPEED   7   RESULTANT WIND DIRECTION   E (80)
  HIGHEST WIND SPEED    40   HIGHEST WIND DIRECTION     S (160)
  HIGHEST GUST SPEED    51   HIGHEST GUST DIRECTION    SE (150)
  AVERAGE WIND SPEED    10.9


SKY COVER
  AVERAGE SKY COVER 0.7


WEATHER CONDITIONS
 THE FOLLOWING WEATHER WAS RECORDED TODAY.
  HEAVY RAIN
  RAIN
  LIGHT RAIN
  FOG


RELATIVE HUMIDITY (PERCENT)
 HIGHEST   100          1200 AM
 LOWEST     74          1200 PM
 AVERAGE    87

..........................................................


THE HOQUIAM WA AIRPORT CLIMATE NORMALS FOR TOMORROW
                         NORMAL    RECORD    YEAR
 MAXIMUM TEMPERATURE (F)   49        61      1954
 MINIMUM TEMPERATURE (F)   38        20      1989


SUNRISE AND SUNSET
FEBRUARY  5 2016......SUNRISE   736 AM PST   SUNSET   524 PM PST
FEBRUARY  6 2016......SUNRISE   734 AM PST   SUNSET   526 PM PST


-  INDICATES NEGATIVE NUMBERS.
R  INDICATES RECORD WAS SET OR TIED.
MM INDICATES DATA IS MISSING.
T  INDICATES TRACE AMOUNT.




$$
