000
CDUS46 KSEW 220857
CLIHQM


CLIMATE REPORT
NATIONAL WEATHER SERVICE SEATTLE WA
156 AM PDT FRI SEP 22 2017


...................................

...THE HOQUIAM WA AIRPORT CLIMATE SUMMARY FOR SEPTEMBER 21 2017...

CLIMATE NORMAL PERIOD 1981 TO 2010
CLIMATE RECORD PERIOD 1953 TO 2017


WEATHER ITEM   OBSERVED TIME   RECORD YEAR NORMAL DEPARTURE LAST
                VALUE   (LST)  VALUE       VALUE  FROM      YEAR
                                                  NORMAL
..................................................................
TEMPERATURE (F)
 YESTERDAY
  MAXIMUM         62    234 PM  90    1974  66     -4       64
  MINIMUM         46    450 AM  35    1955  50     -4       43
  AVERAGE         54                        58     -4       54

PRECIPITATION (IN)
  YESTERDAY        0.01          1.44 1972   0.08  -0.07     0.00
  MONTH TO DATE    2.04                      1.44   0.60     2.87
  SINCE OCT 1     86.45                     66.71  19.74    77.96
  SINCE JAN 1     44.91                     39.05   5.86    44.54

DEGREE DAYS
 HEATING
  YESTERDAY       11                         7      4       11
  MONTH TO DATE   97                       117    -20      135
  SINCE SEP 1     97                       117    -20      135

 COOLING
  YESTERDAY        0                         0      0        0
  MONTH TO DATE   22                         0     22        0
  SINCE SEP 1     22                         0     22        0
  SINCE JAN 1     67                        16     51       49
..................................................................


WIND (MPH)
  RESULTANT WIND SPEED   0   RESULTANT WIND DIRECTION   N (360)
  HIGHEST WIND SPEED    14   HIGHEST WIND DIRECTION    SW (230)
  HIGHEST GUST SPEED    17   HIGHEST GUST DIRECTION    SW (230)
  AVERAGE WIND SPEED     4.6


SKY COVER
  AVERAGE SKY COVER 0.5


WEATHER CONDITIONS
 THE FOLLOWING WEATHER WAS RECORDED YESTERDAY.
  LIGHT RAIN
  FOG


RELATIVE HUMIDITY (PERCENT)
 HIGHEST   100          1200 AM
 LOWEST     72           100 PM
 AVERAGE    86

..........................................................


THE HOQUIAM WA AIRPORT CLIMATE NORMALS FOR TODAY
                         NORMAL    RECORD    YEAR
 MAXIMUM TEMPERATURE (F)   66        88      1989
 MINIMUM TEMPERATURE (F)   50        39      1955


SUNRISE AND SUNSET
SEPTEMBER 22 2017.....SUNRISE   703 AM PDT   SUNSET   713 PM PDT
SEPTEMBER 23 2017.....SUNRISE   704 AM PDT   SUNSET   711 PM PDT


-  INDICATES NEGATIVE NUMBERS.
R  INDICATES RECORD WAS SET OR TIED.
MM INDICATES DATA IS MISSING.
T  INDICATES TRACE AMOUNT.




$$
