000
CDUS44 KBRO 240640
CLIHRL


CLIMATE REPORT
NATIONAL WEATHER SERVICE BROWNSVILLE TX
140 AM CDT TUE OCT 24 2017


...................................

...THE HARLINGEN CLIMATE SUMMARY FOR OCTOBER 23 2017...

CLIMATE NORMAL PERIOD 1981 TO 2010
CLIMATE RECORD PERIOD 1912 TO 2017


WEATHER ITEM   OBSERVED TIME   RECORD YEAR NORMAL DEPARTURE LAST
                VALUE   (LST)  VALUE       VALUE  FROM      YEAR
                                                  NORMAL
..................................................................
TEMPERATURE (F)
 YESTERDAY
  MAXIMUM         88    236 PM  96    1931  86      2       87
  MINIMUM         61    700 AM  46    2006  64     -3       62
                                      1965
  AVERAGE         75                        75      0       75

PRECIPITATION (IN)
  YESTERDAY        0.00          2.17 1981   0.10  -0.10     0.00
  MONTH TO DATE    3.50                      2.22   1.28     0.31
  SINCE SEP 1      5.44                      7.44  -2.00     2.80
  SINCE JAN 1     17.61                     21.65  -4.04    17.70

SNOWFALL (IN)
  YESTERDAY        0.0
  MONTH TO DATE    0.0
  SINCE SEP 1      0.0
  SINCE JUL 1      0.0

DEGREE DAYS
 HEATING
  YESTERDAY        0                         0      0        0
  MONTH TO DATE    0                         0      0        0
  SINCE SEP 1      0                         0      0        0
  SINCE JUL 1      0                         0      0        0

 COOLING
  YESTERDAY       10                        10      0       10
  MONTH TO DATE  313                       275     38      354
  SINCE SEP 1    885                       780    105      956
  SINCE JAN 1   4390                      3704    686     4275
..................................................................


WIND (MPH)
  HIGHEST WIND SPEED    16   HIGHEST WIND DIRECTION     E (80)
  HIGHEST GUST SPEED    20   HIGHEST GUST DIRECTION     E (80)
  AVERAGE WIND SPEED     6.6



WEATHER CONDITIONS
 THE FOLLOWING WEATHER WAS RECORDED YESTERDAY.
  NO SIGNIFICANT WEATHER WAS OBSERVED.


RELATIVE HUMIDITY (PERCENT)
 HIGHEST   100
 LOWEST     43
 AVERAGE    72

..........................................................


THE HARLINGEN CLIMATE NORMALS FOR TODAY
                         NORMAL    RECORD    YEAR
 MAXIMUM TEMPERATURE (F)   86        97      1931
 MINIMUM TEMPERATURE (F)   63        46      1965


SUNRISE AND SUNSET
OCTOBER 24 2017.......SUNRISE   735 AM CDT   SUNSET   654 PM CDT
OCTOBER 25 2017.......SUNRISE   735 AM CDT   SUNSET   654 PM CDT


-  INDICATES NEGATIVE NUMBERS.
R  INDICATES RECORD WAS SET OR TIED.
MM INDICATES DATA IS MISSING.
T  INDICATES TRACE AMOUNT.




$$
