000
CDUS44 KBRO 130744
CLIHRL


CLIMATE REPORT
NATIONAL WEATHER SERVICE BROWNSVILLE TX
244 AM CDT SUN JUL 13 2014


...................................

...THE HARLINGEN CLIMATE SUMMARY FOR JULY 12 2014...

CLIMATE NORMAL PERIOD 1981 TO 2010
CLIMATE RECORD PERIOD 1912 TO 2014


WEATHER ITEM   OBSERVED TIME   RECORD YEAR NORMAL DEPARTURE LAST
                VALUE   (LST)  VALUE       VALUE  FROM      YEAR
                                                  NORMAL
..................................................................
TEMPERATURE (F)
 YESTERDAY
  MAXIMUM         95    225 PM 101    1938  95      0       98
  MINIMUM         72    607 AM  68    1916  75     -3       72
  AVERAGE         84                        85     -1       85

PRECIPITATION (IN)
  YESTERDAY        0.00          1.71 1951   0.09  -0.09     0.00
  MONTH TO DATE    0.59                      0.91  -0.32     1.16
  SINCE JUN 1      0.88                      3.41  -2.53     1.96
  SINCE JAN 1      5.72                     11.33  -5.61     9.13

SNOWFALL (IN)
  YESTERDAY        0.0
  MONTH TO DATE    0.0
  SINCE JUN 1      0.0
  SINCE JUL 1      0.0

DEGREE DAYS
 HEATING
  YESTERDAY        0                         0      0        0
  MONTH TO DATE    0                         0      0        0
  SINCE JUN 1      0                         0      0        0
  SINCE JUL 1      0                         0      0        0

 COOLING
  YESTERDAY       19                        20     -1       20
  MONTH TO DATE  222                       240    -18      227
  SINCE JUN 1    844                       808     36      862
  SINCE JAN 1   1780                      1909   -129     1957
..................................................................


WIND (MPH)
  HIGHEST WIND SPEED    22   HIGHEST WIND DIRECTION     E (110)
  HIGHEST GUST SPEED    26   HIGHEST GUST DIRECTION     E (110)
  AVERAGE WIND SPEED     7.9



WEATHER CONDITIONS
 THE FOLLOWING WEATHER WAS RECORDED YESTERDAY.
  FOG
  FOG W/VISIBILITY <= 1/4 MILE


RELATIVE HUMIDITY (PERCENT)
 HIGHEST   100
 LOWEST     52
 AVERAGE    76

..........................................................


THE HARLINGEN CLIMATE NORMALS FOR TODAY
                         NORMAL    RECORD    YEAR
 MAXIMUM TEMPERATURE (F)   95       102      1947
 MINIMUM TEMPERATURE (F)   75        69      1971
                                             1974


SUNRISE AND SUNSET
JULY 13 2014..........SUNRISE   647 AM CDT   SUNSET   826 PM CDT
JULY 14 2014..........SUNRISE   647 AM CDT   SUNSET   826 PM CDT


-  INDICATES NEGATIVE NUMBERS.
R  INDICATES RECORD WAS SET OR TIED.
MM INDICATES DATA IS MISSING.
T  INDICATES TRACE AMOUNT.




$$
