000
CDUS44 KBRO 280727
CLIHRL


CLIMATE REPORT
NATIONAL WEATHER SERVICE BROWNSVILLE TX
126 AM CST FRI NOV 28 2014


...................................

...THE HARLINGEN CLIMATE SUMMARY FOR NOVEMBER 27 2014...

CLIMATE NORMAL PERIOD 1981 TO 2010
CLIMATE RECORD PERIOD 1912 TO 2014


WEATHER ITEM   OBSERVED TIME   RECORD YEAR NORMAL DEPARTURE LAST
                VALUE   (LST)  VALUE       VALUE  FROM      YEAR
                                                  NORMAL
..................................................................
TEMPERATURE (F)
 YESTERDAY
  MAXIMUM         76    242 PM  93    1965  76      0       59
  MINIMUM         45    548 AM  34    1956  54     -9       37
  AVERAGE         61                        65     -4       48

PRECIPITATION (IN)
  YESTERDAY        0.00          1.78 1963   0.04  -0.04     0.00
  MONTH TO DATE    5.11                      1.39   3.72     7.36
  SINCE SEP 1     15.14                      9.60   5.54    17.33
  SINCE JAN 1     21.79                     23.81  -2.02    29.17

SNOWFALL (IN)
  YESTERDAY       MM
  MONTH TO DATE    0.0
  SINCE SEP 1      0.0
  SINCE JUL 1      0.0

DEGREE DAYS
 HEATING
  YESTERDAY        4                         3      1       17
  MONTH TO DATE  133                        42     91      113
  SINCE SEP 1    133                        45     88      113
  SINCE JUL 1    133                        45     88      113

 COOLING
  YESTERDAY        0                         3     -3        0
  MONTH TO DATE   68                       149    -81      116
  SINCE SEP 1    922                      1001    -79      996
  SINCE JAN 1   3819                      3925   -106     4013
..................................................................


WIND (MPH)
  HIGHEST WIND SPEED    15   HIGHEST WIND DIRECTION     E (80)
  HIGHEST GUST SPEED    28   HIGHEST GUST DIRECTION     E (70)
  AVERAGE WIND SPEED     5.1



WEATHER CONDITIONS
 THE FOLLOWING WEATHER WAS RECORDED YESTERDAY.
  FOG
  FOG W/VISIBILITY <= 1/4 MILE


RELATIVE HUMIDITY (PERCENT)
 HIGHEST   100
 LOWEST     43
 AVERAGE    72

..........................................................


THE HARLINGEN CLIMATE NORMALS FOR TODAY
                         NORMAL    RECORD    YEAR
 MAXIMUM TEMPERATURE (F)   75        89      1994
                                             1979
                                             1948
 MINIMUM TEMPERATURE (F)   54        33      1993


SUNRISE AND SUNSET
NOVEMBER 28 2014......SUNRISE   659 AM CST   SUNSET   538 PM CST
NOVEMBER 29 2014......SUNRISE   700 AM CST   SUNSET   538 PM CST


-  INDICATES NEGATIVE NUMBERS.
R  INDICATES RECORD WAS SET OR TIED.
MM INDICATES DATA IS MISSING.
T  INDICATES TRACE AMOUNT.




$$
