000
CDUS44 KBRO 190726
CLIHRL


CLIMATE REPORT
NATIONAL WEATHER SERVICE BROWNSVILLE TX
125 AM CST FRI DEC 19 2014


...................................

...THE HARLINGEN CLIMATE SUMMARY FOR DECEMBER 18 2014...

CLIMATE NORMAL PERIOD 1981 TO 2010
CLIMATE RECORD PERIOD 1912 TO 2014


WEATHER ITEM   OBSERVED TIME   RECORD YEAR NORMAL DEPARTURE LAST
                VALUE   (LST)  VALUE       VALUE  FROM      YEAR
                                                  NORMAL
..................................................................
TEMPERATURE (F)
 YESTERDAY
  MAXIMUM         78   1200 PM  86    2012  71      7       79
                                      1948
  MINIMUM         69   1159 PM  29    1989  49     20       47
  AVERAGE         74                        60     14       63

PRECIPITATION (IN)
  YESTERDAY        0.05          1.02 1926   0.04   0.01     0.00
  MONTH TO DATE    1.05                      0.90   0.15     0.13
  SINCE DEC 1      1.05                      0.90   0.15     0.13
  SINCE JAN 1     22.84                     24.82  -1.98    29.30

SNOWFALL (IN)
  YESTERDAY        0.0
  MONTH TO DATE    0.0
  SINCE DEC 1      0.0
  SINCE JUL 1      0.0

DEGREE DAYS
 HEATING
  YESTERDAY        0                         6     -6        2
  MONTH TO DATE   17                       100    -83      154
  SINCE DEC 1     17                       100    -83      154
  SINCE JUL 1    152                       157     -5      286

 COOLING
  YESTERDAY        9                         2      7        0
  MONTH TO DATE   80                        41     39       30
  SINCE DEC 1     80                        41     39       30
  SINCE JAN 1   3907                      3975    -68     4043
..................................................................


WIND (MPH)
  HIGHEST WIND SPEED    14   HIGHEST WIND DIRECTION     S (190)
  HIGHEST GUST SPEED    18   HIGHEST GUST DIRECTION     S (190)
  AVERAGE WIND SPEED     6.6



WEATHER CONDITIONS
 THE FOLLOWING WEATHER WAS RECORDED YESTERDAY.
  HEAVY RAIN
  LIGHT RAIN
  FOG


RELATIVE HUMIDITY (PERCENT)
 HIGHEST   100
 LOWEST     69
 AVERAGE    85

..........................................................


THE HARLINGEN CLIMATE NORMALS FOR TODAY
                         NORMAL    RECORD    YEAR
 MAXIMUM TEMPERATURE (F)   71        87      1921
 MINIMUM TEMPERATURE (F)   49        28      1996


SUNRISE AND SUNSET
DECEMBER 19 2014......SUNRISE   713 AM CST   SUNSET   543 PM CST
DECEMBER 20 2014......SUNRISE   713 AM CST   SUNSET   543 PM CST


-  INDICATES NEGATIVE NUMBERS.
R  INDICATES RECORD WAS SET OR TIED.
MM INDICATES DATA IS MISSING.
T  INDICATES TRACE AMOUNT.




$$
