000
CDUS44 KBRO 260631
CLIHRL


CLIMATE REPORT
NATIONAL WEATHER SERVICE BROWNSVILLE TX
131 AM CDT MON JUN 26 2017


...................................

...THE HARLINGEN CLIMATE SUMMARY FOR JUNE 25 2017...

CLIMATE NORMAL PERIOD 1981 TO 2010
CLIMATE RECORD PERIOD 1912 TO 2017


WEATHER ITEM   OBSERVED TIME   RECORD YEAR NORMAL DEPARTURE LAST
                VALUE   (LST)  VALUE       VALUE  FROM      YEAR
                                                  NORMAL
..................................................................
TEMPERATURE (F)
 YESTERDAY
  MAXIMUM         92   1202 PM 104    2012  94     -2       91
  MINIMUM         75    134 PM  66    1926  75      0       79
  AVERAGE         84                        84      0       85

PRECIPITATION (IN)
  YESTERDAY        1.05          2.23 1926   0.11   0.94     0.48
  MONTH TO DATE    1.12                      1.98  -0.86     5.12
  SINCE JUN 1      1.12                      1.98  -0.86     5.12
  SINCE JAN 1      7.71                      9.90  -2.19    12.01

SNOWFALL (IN)
  YESTERDAY        0.0
  MONTH TO DATE    0.0
  SINCE JUN 1      0.0
  SINCE JUL 1      0.0

DEGREE DAYS
 HEATING
  YESTERDAY        0                         0      0        0
  MONTH TO DATE    0                         0      0        0
  SINCE JUN 1      0                         0      0        0
  SINCE JUL 1    234                       622   -388      389

 COOLING
  YESTERDAY       19                        19      0       20
  MONTH TO DATE  513                       468     45      480
  SINCE JUN 1    513                       468     45      480
  SINCE JAN 1   2048                      1569    479     1841
..................................................................


WIND (MPH)
  HIGHEST WIND SPEED    25   HIGHEST WIND DIRECTION     N (340)
  HIGHEST GUST SPEED    37   HIGHEST GUST DIRECTION     N (340)
  AVERAGE WIND SPEED     5.7



WEATHER CONDITIONS
 THE FOLLOWING WEATHER WAS RECORDED YESTERDAY.
  THUNDERSTORM
  HEAVY RAIN
  RAIN
  LIGHT RAIN
  FOG


RELATIVE HUMIDITY (PERCENT)
 HIGHEST   100
 LOWEST     59
 AVERAGE    80

..........................................................


THE HARLINGEN CLIMATE NORMALS FOR TODAY
                         NORMAL    RECORD    YEAR
 MAXIMUM TEMPERATURE (F)   94       106      2012
 MINIMUM TEMPERATURE (F)   75        59      1974


SUNRISE AND SUNSET
JUNE 26 2017..........SUNRISE   640 AM CDT   SUNSET   827 PM CDT
JUNE 27 2017..........SUNRISE   641 AM CDT   SUNSET   827 PM CDT


-  INDICATES NEGATIVE NUMBERS.
R  INDICATES RECORD WAS SET OR TIED.
MM INDICATES DATA IS MISSING.
T  INDICATES TRACE AMOUNT.




$$
