000
CDUS44 KBRO 022245
CLIHRL


CLIMATE REPORT
NATIONAL WEATHER SERVICE BROWNSVILLE TX
545 PM CDT THU JUL 2 2015


...................................

...THE HARLINGEN CLIMATE SUMMARY FOR JULY 2 2015...
VALID TODAY AS OF 0400 PM LOCAL TIME.

CLIMATE NORMAL PERIOD 1981 TO 2010
CLIMATE RECORD PERIOD 1912 TO 2015


WEATHER ITEM   OBSERVED TIME   RECORD YEAR NORMAL DEPARTURE LAST
                VALUE   (LST)  VALUE       VALUE  FROM      YEAR
                                                  NORMAL
..................................................................
TEMPERATURE (F)
 TODAY
  MAXIMUM         92    312 PM 101    2005  94     -2       98
                                      1946
  MINIMUM         71    239 AM  67    1963  75     -4       71
  AVERAGE         82                        85     -3       85

PRECIPITATION (IN)
  TODAY            0.12          1.50 1942   0.06   0.06      T
  MONTH TO DATE    1.10                      0.12   0.98      T
  SINCE JUN 1      3.31                      2.62   0.69     0.29
  SINCE JAN 1     15.81                     10.54   5.27     5.13

SNOWFALL (IN)
  TODAY            0.0
  MONTH TO DATE    0.0
  SINCE JUN 1      0.0
  SINCE JUL 1      0.0
  SNOW DEPTH       0

DEGREE DAYS
 HEATING
  TODAY            0                         0      0        0
  MONTH TO DATE    0                         0      0        0
  SINCE JUN 1      0                         0      0        0
  SINCE JUL 1      0                         0      0        0

 COOLING
  TODAY           17                        20     -3       20
  MONTH TO DATE   30                        40    -10       40
  SINCE JUN 1    597                       608    -11      662
  SINCE JAN 1   1681                      1709    -28     1598
..................................................................


WIND (MPH)
  HIGHEST WIND SPEED    31   HIGHEST WIND DIRECTION     S (190)
  HIGHEST GUST SPEED    39   HIGHEST GUST DIRECTION     S (200)
  AVERAGE WIND SPEED     8.5



WEATHER CONDITIONS
 THE FOLLOWING WEATHER WAS RECORDED TODAY.
  THUNDERSTORM
  HEAVY RAIN
  LIGHT RAIN
  FOG


RELATIVE HUMIDITY (PERCENT)
 HIGHEST   100
 LOWEST     56
 AVERAGE    78

..........................................................


THE HARLINGEN CLIMATE NORMALS FOR TOMORROW
                         NORMAL    RECORD    YEAR
 MAXIMUM TEMPERATURE (F)   94       101      2005
                                             1937
 MINIMUM TEMPERATURE (F)   75        67      1923


SUNRISE AND SUNSET
JULY  2 2015..........SUNRISE   642 AM CDT   SUNSET   827 PM CDT
JULY  3 2015..........SUNRISE   643 AM CDT   SUNSET   827 PM CDT


-  INDICATES NEGATIVE NUMBERS.
R  INDICATES RECORD WAS SET OR TIED.
MM INDICATES DATA IS MISSING.
T  INDICATES TRACE AMOUNT.




$$
