423
CDUS44 KBRO 210727
CLIHRL


CLIMATE REPORT
NATIONAL WEATHER SERVICE BROWNSVILLE TX
127 AM CST SAT JAN 21 2017


...................................

...THE HARLINGEN CLIMATE SUMMARY FOR JANUARY 20 2017...

CLIMATE NORMAL PERIOD 1981 TO 2010
CLIMATE RECORD PERIOD 1912 TO 2017


WEATHER ITEM   OBSERVED TIME   RECORD YEAR NORMAL DEPARTURE LAST
                VALUE   (LST)  VALUE       VALUE  FROM      YEAR
                                                  NORMAL
..................................................................
TEMPERATURE (F)
 YESTERDAY
  MAXIMUM         81    212 PM  86    1929  71     10       81
                                      1950
  MINIMUM         60    929 PM  28    1943  50     10       59
  AVERAGE         71                        60     11       70

PRECIPITATION (IN)
  YESTERDAY        0.00          0.93 1968   0.04  -0.04     0.00
  MONTH TO DATE    0.84                      0.56   0.28     1.81
  SINCE DEC 1      2.17                      1.82   0.35     2.11
  SINCE JAN 1      0.84                      0.56   0.28     1.81

SNOWFALL (IN)
  YESTERDAY        0.0
  MONTH TO DATE    0.0
  SINCE DEC 1      0.0
  SINCE JUL 1      0.0

DEGREE DAYS
 HEATING
  YESTERDAY        0                         6     -6        0
  MONTH TO DATE   64                       136    -72      136
  SINCE DEC 1    166                       327   -161      211
  SINCE JUL 1    181                       384   -203      247

 COOLING
  YESTERDAY        6                         1      5        5
  MONTH TO DATE  100                        38     62       12
  SINCE DEC 1    257                        96    161      145
  SINCE JAN 1    100                        38     62       12
..................................................................


WIND (MPH)
  HIGHEST WIND SPEED    17   HIGHEST WIND DIRECTION     S (180)
  HIGHEST GUST SPEED    22   HIGHEST GUST DIRECTION     S (170)
  AVERAGE WIND SPEED     7.1



WEATHER CONDITIONS
 THE FOLLOWING WEATHER WAS RECORDED YESTERDAY.
  FOG
  FOG W/VISIBILITY <= 1/4 MILE
  HAZE


RELATIVE HUMIDITY (PERCENT)
 HIGHEST   100
 LOWEST     69
 AVERAGE    85

..........................................................


THE HARLINGEN CLIMATE NORMALS FOR TODAY
                         NORMAL    RECORD    YEAR
 MAXIMUM TEMPERATURE (F)   71        87      1954
 MINIMUM TEMPERATURE (F)   50        26      1985


SUNRISE AND SUNSET
JANUARY 21 2017.......SUNRISE   719 AM CST   SUNSET   606 PM CST
JANUARY 22 2017.......SUNRISE   719 AM CST   SUNSET   606 PM CST


-  INDICATES NEGATIVE NUMBERS.
R  INDICATES RECORD WAS SET OR TIED.
MM INDICATES DATA IS MISSING.
T  INDICATES TRACE AMOUNT.




$$
