000
CDUS44 KBRO 262145
CLIHRL


CLIMATE REPORT
NATIONAL WEATHER SERVICE BROWNSVILLE TX
445 PM CDT THU MAR 26 2015


...................................

...THE HARLINGEN CLIMATE SUMMARY FOR MARCH 26 2015...
VALID TODAY AS OF 0400 PM LOCAL TIME.

CLIMATE NORMAL PERIOD 1981 TO 2010
CLIMATE RECORD PERIOD 1912 TO 2015


WEATHER ITEM   OBSERVED TIME   RECORD YEAR NORMAL DEPARTURE LAST
                VALUE   (LST)  VALUE       VALUE  FROM      YEAR
                                                  NORMAL
..................................................................
TEMPERATURE (F)
 TODAY
  MAXIMUM         84   1203 PM 103    1928  82      2       72
  MINIMUM         68    259 PM  37    1955  60      8       62
  AVERAGE         76                        71      5       67

PRECIPITATION (IN)
  TODAY            0.02          0.60 1951   0.06  -0.04     0.02
  MONTH TO DATE    3.06                      1.05   2.01     1.78
  SINCE MAR 1      3.06                      1.05   2.01     1.78
  SINCE JAN 1      5.98                      3.52   2.46     2.78

SNOWFALL (IN)
  TODAY            0.0
  MONTH TO DATE    0.0
  SINCE MAR 1      0.0
  SINCE JUL 1      0.0
  SNOW DEPTH       0

DEGREE DAYS
 HEATING
  TODAY            0                         1     -1        0
  MONTH TO DATE   74                        44     30      107
  SINCE MAR 1     74                        44     30      107
  SINCE JUL 1    767                       612    155      918

 COOLING
  TODAY           11                         7      4        2
  MONTH TO DATE   96                       134    -38       68
  SINCE MAR 1     96                       134    -38       68
  SINCE JAN 1    155                       259   -104      179
..................................................................


WIND (MPH)
  HIGHEST WIND SPEED    28   HIGHEST WIND DIRECTION     N (20)
  HIGHEST GUST SPEED    34   HIGHEST GUST DIRECTION     N (20)
  AVERAGE WIND SPEED     9.5



WEATHER CONDITIONS
 THE FOLLOWING WEATHER WAS RECORDED TODAY.
  LIGHT RAIN
  FOG
  HAZE


RELATIVE HUMIDITY (PERCENT)
 HIGHEST   100
 LOWEST     73
 AVERAGE    87

..........................................................


THE HARLINGEN CLIMATE NORMALS FOR TOMORROW
                         NORMAL    RECORD    YEAR
 MAXIMUM TEMPERATURE (F)   83       101      2009
 MINIMUM TEMPERATURE (F)   60        38      1913


SUNRISE AND SUNSET
MARCH 26 2015.........SUNRISE   728 AM CDT   SUNSET   745 PM CDT
MARCH 27 2015.........SUNRISE   727 AM CDT   SUNSET   745 PM CDT


-  INDICATES NEGATIVE NUMBERS.
R  INDICATES RECORD WAS SET OR TIED.
MM INDICATES DATA IS MISSING.
T  INDICATES TRACE AMOUNT.




$$
