000
CDUS44 KLZK 112216
CLIHRO


CLIMATE REPORT
NATIONAL WEATHER SERVICE LITTLE ROCK AR
416 PM CST THU FEB 11 2016


...................................

...THE HARRISON CLIMATE SUMMARY FOR FEBRUARY 11 2016...
VALID TODAY AS OF 0400 PM LOCAL TIME.

CLIMATE NORMAL PERIOD 1981 TO 2010
CLIMATE RECORD PERIOD 1891 TO 2016


WEATHER ITEM   OBSERVED TIME   RECORD YEAR NORMAL DEPARTURE LAST
                VALUE   (LST)  VALUE       VALUE  FROM      YEAR
                                                  NORMAL
..................................................................
TEMPERATURE (F)
 TODAY
  MAXIMUM         50    257 PM  76    1928  50      0       56
  MINIMUM         24    700 AM  -6    1981  29     -5       28
                                      1899
  AVERAGE         37                        40     -3       42

PRECIPITATION (IN)
  TODAY            0.00          0.72 1998   0.09  -0.09     0.00
  MONTH TO DATE    0.24                      0.98  -0.74     0.22
  SINCE DEC 1      9.63                      6.74   2.89     4.29
  SINCE JAN 1      1.19                      3.54  -2.35     2.04

SNOWFALL (IN)
  TODAY            0.0           1.2  1985   0.1   -0.1      0.0
  MONTH TO DATE    T                         1.5   -1.5      0.2
  SINCE DEC 1      0.7                       7.0   -6.3      0.2
  SINCE JUL 1      0.7                       7.5   -6.8      0.8
  SNOW DEPTH       0

DEGREE DAYS
 HEATING
  TODAY           28                        25      3       23
  MONTH TO DATE  282                       290     -8      273
  SINCE DEC 1   1706                      2012   -306     1895
  SINCE JUL 1   2292                      2776   -484     2749

 COOLING
  TODAY            0                         0      0        0
  MONTH TO DATE    0                         0      0        0
  SINCE DEC 1      2                         0      2        0
  SINCE JAN 1      0                         0      0        0
..................................................................


WIND (MPH)
  HIGHEST WIND SPEED    10   HIGHEST WIND DIRECTION     E (80)
  HIGHEST GUST SPEED    14   HIGHEST GUST DIRECTION    NE (40)
  AVERAGE WIND SPEED     5.0


SKY COVER
  POSSIBLE SUNSHINE  MM
  AVERAGE SKY COVER 0.0


WEATHER CONDITIONS
 THE FOLLOWING WEATHER WAS RECORDED TODAY.
  NO SIGNIFICANT WEATHER WAS OBSERVED.


RELATIVE HUMIDITY (PERCENT)
 HIGHEST    75           500 AM
 LOWEST     34           300 PM
 AVERAGE    55

..........................................................


THE HARRISON CLIMATE NORMALS FOR TOMORROW
                         NORMAL    RECORD    YEAR
 MAXIMUM TEMPERATURE (F)   50        80      1962
 MINIMUM TEMPERATURE (F)   30       -24      1899


SUNRISE AND SUNSET
FEBRUARY 11 2016......SUNRISE   705 AM CST   SUNSET   549 PM CST
FEBRUARY 12 2016......SUNRISE   704 AM CST   SUNSET   550 PM CST


-  INDICATES NEGATIVE NUMBERS.
R  INDICATES RECORD WAS SET OR TIED.
MM INDICATES DATA IS MISSING.
T  INDICATES TRACE AMOUNT.




$$
