000
CDUS44 KLZK 240633
CLIHRO


CLIMATE REPORT
NATIONAL WEATHER SERVICE LITTLE ROCK AR
133 AM CDT TUE OCT 24 2017


...................................

...THE HARRISON CLIMATE SUMMARY FOR OCTOBER 23 2017...

CLIMATE NORMAL PERIOD 1981 TO 2010
CLIMATE RECORD PERIOD 1891 TO 2017


WEATHER ITEM   OBSERVED TIME   RECORD YEAR NORMAL DEPARTURE LAST
                VALUE   (LST)  VALUE       VALUE  FROM      YEAR
                                                  NORMAL
..................................................................
TEMPERATURE (F)
 YESTERDAY
  MAXIMUM         74    143 PM  96    1927  68      6       80
  MINIMUM         45    422 AM  21    1937  46     -1       48
  AVERAGE         60                        57      3       64

PRECIPITATION (IN)
  YESTERDAY        0.00          1.70 1951   0.12  -0.12     0.00
  MONTH TO DATE    2.41                      2.59  -0.18     3.23
  SINCE SEP 1      2.99                      6.79  -3.80     4.47
  SINCE JAN 1     38.17                     35.75   2.42    32.75

SNOWFALL (IN)
  YESTERDAY        0.0          MM      MM   0.0    0.0      0.0
  MONTH TO DATE    0.0                       0.0    0.0      0.0
  SINCE SEP 1      0.0                       0.0    0.0      0.0
  SINCE JUL 1      0.0                       0.0    0.0      0.0
  SNOW DEPTH       0

DEGREE DAYS
 HEATING
  YESTERDAY        5                         9     -4        1
  MONTH TO DATE   64                       142    -78       71
  SINCE SEP 1     68                       184   -116       83
  SINCE JUL 1     68                       185   -117       83

 COOLING
  YESTERDAY        0                         1     -1        0
  MONTH TO DATE   81                        29     52       66
  SINCE SEP 1    287                       197     90      293
  SINCE JAN 1   1392                      1408    -16     1604
..................................................................


WIND (MPH)
  HIGHEST WIND SPEED    22   HIGHEST WIND DIRECTION     W (280)
  HIGHEST GUST SPEED    33   HIGHEST GUST DIRECTION     W (270)
  AVERAGE WIND SPEED     9.2


SKY COVER
  POSSIBLE SUNSHINE  MM
  AVERAGE SKY COVER 0.1


WEATHER CONDITIONS
 THE FOLLOWING WEATHER WAS RECORDED YESTERDAY.
  NO SIGNIFICANT WEATHER WAS OBSERVED.


RELATIVE HUMIDITY (PERCENT)
 HIGHEST    93          1200 AM
 LOWEST     29           200 PM
 AVERAGE    61

..........................................................


THE HARRISON CLIMATE NORMALS FOR TODAY
                         NORMAL    RECORD    YEAR
 MAXIMUM TEMPERATURE (F)   68        92      1927
 MINIMUM TEMPERATURE (F)   46        20      1917


SUNRISE AND SUNSET
OCTOBER 24 2017.......SUNRISE   728 AM CDT   SUNSET   625 PM CDT
OCTOBER 25 2017.......SUNRISE   729 AM CDT   SUNSET   624 PM CDT


-  INDICATES NEGATIVE NUMBERS.
R  INDICATES RECORD WAS SET OR TIED.
MM INDICATES DATA IS MISSING.
T  INDICATES TRACE AMOUNT.




$$
