000
CDUS44 KLZK 260634
CLIHRO


CLIMATE REPORT
NATIONAL WEATHER SERVICE LITTLE ROCK AR
134 AM CDT THU MAY 26 2016


...................................

...THE HARRISON CLIMATE SUMMARY FOR MAY 25 2016...

CLIMATE NORMAL PERIOD 1981 TO 2010
CLIMATE RECORD PERIOD 1891 TO 2016


WEATHER ITEM   OBSERVED TIME   RECORD YEAR NORMAL DEPARTURE LAST
                VALUE   (LST)  VALUE       VALUE  FROM      YEAR
                                                  NORMAL
..................................................................
TEMPERATURE (F)
 YESTERDAY
  MAXIMUM         80    417 PM  94    1926  79      1       80
  MINIMUM         62   1040 AM  35    1925  58      4       61
  AVERAGE         71                        68      3       71

PRECIPITATION (IN)
  YESTERDAY        0.75          2.15 1917   0.13   0.62     0.99
  MONTH TO DATE    3.32                      3.86  -0.54     9.06
  SINCE MAR 1     10.38                     11.97  -1.59    17.76
  SINCE JAN 1     12.66                     17.17  -4.51    21.30

SNOWFALL (IN)
  YESTERDAY        0.0          MM      MM   0.0    0.0      0.0
  MONTH TO DATE    0.0                       0.0    0.0      0.0
  SINCE MAR 1      0.0                       2.3   -2.3      4.3
  SINCE JUL 1      3.7                      11.5   -7.8     13.6
  SNOW DEPTH       0

DEGREE DAYS
 HEATING
  YESTERDAY        0                         1     -1        0
  MONTH TO DATE  104                        71     33       54
  SINCE MAR 1    620                       820   -200      757
  SINCE JUL 1   3233                      3992   -759     4152

 COOLING
  YESTERDAY        6                         4      2        6
  MONTH TO DATE   39                        73    -34       68
  SINCE MAR 1     62                       110    -48       93
  SINCE JAN 1     62                       110    -48       93
..................................................................


WIND (MPH)
  HIGHEST WIND SPEED    20   HIGHEST WIND DIRECTION     E (80)
  HIGHEST GUST SPEED    27   HIGHEST GUST DIRECTION     W (260)
  AVERAGE WIND SPEED     9.1


SKY COVER
  POSSIBLE SUNSHINE  MM
  AVERAGE SKY COVER 0.5


WEATHER CONDITIONS
 THE FOLLOWING WEATHER WAS RECORDED YESTERDAY.
  THUNDERSTORM
  HEAVY RAIN
  RAIN
  LIGHT RAIN
  FOG


RELATIVE HUMIDITY (PERCENT)
 HIGHEST   100           100 AM
 LOWEST     67           300 PM
 AVERAGE    84

..........................................................


THE HARRISON CLIMATE NORMALS FOR TODAY
                         NORMAL    RECORD    YEAR
 MAXIMUM TEMPERATURE (F)   79        96      1926
 MINIMUM TEMPERATURE (F)   58        34      1925


SUNRISE AND SUNSET
MAY 26 2016...........SUNRISE   559 AM CDT   SUNSET   821 PM CDT
MAY 27 2016...........SUNRISE   558 AM CDT   SUNSET   822 PM CDT


-  INDICATES NEGATIVE NUMBERS.
R  INDICATES RECORD WAS SET OR TIED.
MM INDICATES DATA IS MISSING.
T  INDICATES TRACE AMOUNT.




$$
