000
CDUS44 KLZK 220640
CLIHRO


CLIMATE REPORT
NATIONAL WEATHER SERVICE LITTLE ROCK AR
1240 AM CST WED FEB 22 2017


...................................

...THE HARRISON CLIMATE SUMMARY FOR FEBRUARY 21 2017...

CLIMATE NORMAL PERIOD 1981 TO 2010
CLIMATE RECORD PERIOD 1891 TO 2017


WEATHER ITEM   OBSERVED TIME   RECORD YEAR NORMAL DEPARTURE LAST
                VALUE   (LST)  VALUE       VALUE  FROM      YEAR
                                                  NORMAL
..................................................................
TEMPERATURE (F)
 YESTERDAY
  MAXIMUM         59    239 PM  76    1897  52      7       70
  MINIMUM         56    640 AM   9    1963  32     24       45
  AVERAGE         58                        42     16       58

PRECIPITATION (IN)
  YESTERDAY        0.13          1.30 1951   0.10   0.03     0.00
  MONTH TO DATE    1.37                      1.92  -0.55     0.24
  SINCE DEC 1      4.87                      7.68  -2.81     9.63
  SINCE JAN 1      3.55                      4.48  -0.93     1.19

SNOWFALL (IN)
  YESTERDAY        0.0           6.0  1912   0.1   -0.1      0.0
  MONTH TO DATE    0.0                       2.5   -2.5       T
  SINCE DEC 1      0.9                       8.0   -7.1      0.7
  SINCE JUL 1      0.9                       8.5   -7.6      0.7
  SNOW DEPTH       0

DEGREE DAYS
 HEATING
  YESTERDAY        7                        23    -16        7
  MONTH TO DATE  318                       532   -214      448
  SINCE DEC 1   1868                      2254   -386     1872
  SINCE JUL 1   2318                      3018   -700     2458

 COOLING
  YESTERDAY        0                         0      0        0
  MONTH TO DATE    3                         0      3        0
  SINCE DEC 1      3                         0      3        2
  SINCE JAN 1      3                         0      3        0
..................................................................


WIND (MPH)
  HIGHEST WIND SPEED    14   HIGHEST WIND DIRECTION    NE (30)
  HIGHEST GUST SPEED    19   HIGHEST GUST DIRECTION     N (10)
  AVERAGE WIND SPEED     5.6


SKY COVER
  POSSIBLE SUNSHINE  MM
  AVERAGE SKY COVER 1.0


WEATHER CONDITIONS
 THE FOLLOWING WEATHER WAS RECORDED YESTERDAY.
  RAIN
  LIGHT RAIN
  FOG


RELATIVE HUMIDITY (PERCENT)
 HIGHEST   100          1200 AM
 LOWEST     93          1100 AM
 AVERAGE    97

..........................................................


THE HARRISON CLIMATE NORMALS FOR TODAY
                         NORMAL    RECORD    YEAR
 MAXIMUM TEMPERATURE (F)   52        77      1995
                                             1927
 MINIMUM TEMPERATURE (F)   32         2      1912


SUNRISE AND SUNSET
FEBRUARY 22 2017......SUNRISE   652 AM CST   SUNSET   601 PM CST
FEBRUARY 23 2017......SUNRISE   650 AM CST   SUNSET   602 PM CST


-  INDICATES NEGATIVE NUMBERS.
R  INDICATES RECORD WAS SET OR TIED.
MM INDICATES DATA IS MISSING.
T  INDICATES TRACE AMOUNT.




$$
