000
CDUS44 KLZK 182203
CLIHRO


CLIMATE REPORT
NATIONAL WEATHER SERVICE LITTLE ROCK AR
401 PM CST THU JAN 18 2018


...................................

...THE HARRISON CLIMATE SUMMARY FOR JANUARY 18 2018...
VALID TODAY AS OF 0400 PM LOCAL TIME.

CLIMATE NORMAL PERIOD 1981 TO 2010
CLIMATE RECORD PERIOD 1891 TO 2018


WEATHER ITEM   OBSERVED TIME   RECORD YEAR NORMAL DEPARTURE LAST
                VALUE   (LST)  VALUE       VALUE  FROM      YEAR
                                                  NORMAL
..................................................................
TEMPERATURE (F)
 TODAY
  MAXIMUM         48    333 PM  71    1951  47      1       44
  MINIMUM         14    515 AM -18    1930  26    -12       35
  AVERAGE         31                        36     -5       40

PRECIPITATION (IN)
  TODAY            0.00          1.50 1956   0.08  -0.08     0.00
  MONTH TO DATE    0.82                      1.52  -0.70     1.44
  SINCE DEC 1      2.70                      4.72  -2.02     2.76
  SINCE JAN 1      0.82                      1.52  -0.70     1.44

SNOWFALL (IN)
  TODAY            0.0           8.0  1892   0.1   -0.1      0.0
  MONTH TO DATE    1.5                       1.8   -0.3      0.4
  SINCE DEC 1      1.8                       3.1   -1.3      0.9
  SINCE JUL 1      1.8                       3.6   -1.8      0.9
  SNOW DEPTH       T

DEGREE DAYS
 HEATING
  TODAY           34                        29      5       25
  MONTH TO DATE  692                       522    170      495
  SINCE DEC 1   1471                      1357    114     1304
  SINCE JUL 1   2067                      2121    -54     1754

 COOLING
  TODAY            0                         0      0        0
  MONTH TO DATE    0                         0      0        0
  SINCE DEC 1      0                         0      0        0
  SINCE JAN 1      0                         0      0        0
..................................................................


WIND (MPH)
  HIGHEST WIND SPEED    13   HIGHEST WIND DIRECTION    SW (240)
  HIGHEST GUST SPEED    19   HIGHEST GUST DIRECTION    SW (240)
  AVERAGE WIND SPEED     4.2


SKY COVER
  POSSIBLE SUNSHINE  MM
  AVERAGE SKY COVER 0.0


WEATHER CONDITIONS
 THE FOLLOWING WEATHER WAS RECORDED TODAY.
  NO SIGNIFICANT WEATHER WAS OBSERVED.


RELATIVE HUMIDITY (PERCENT)
 HIGHEST    73          1200 AM
 LOWEST     19           200 PM
 AVERAGE    46

..........................................................


THE HARRISON CLIMATE NORMALS FOR TOMORROW
                         NORMAL    RECORD    YEAR
 MAXIMUM TEMPERATURE (F)   47        78      1952
 MINIMUM TEMPERATURE (F)   26       -13      1893


SUNRISE AND SUNSET
JANUARY 18 2018.......SUNRISE   722 AM CST   SUNSET   524 PM CST
JANUARY 19 2018.......SUNRISE   722 AM CST   SUNSET   525 PM CST


-  INDICATES NEGATIVE NUMBERS.
R  INDICATES RECORD WAS SET OR TIED.
MM INDICATES DATA IS MISSING.
T  INDICATES TRACE AMOUNT.




$$
