000
CDUS44 KLZK 290911
CLIHRO


CLIMATE REPORT
NATIONAL WEATHER SERVICE LITTLE ROCK AR
411 AM CDT SAT AUG 29 2015


...................................

...THE HARRISON CLIMATE SUMMARY FOR AUGUST 28 2015...

CLIMATE NORMAL PERIOD 1981 TO 2010
CLIMATE RECORD PERIOD 1891 TO 2015


WEATHER ITEM   OBSERVED TIME   RECORD YEAR NORMAL DEPARTURE LAST
                VALUE   (LST)  VALUE       VALUE  FROM      YEAR
                                                  NORMAL
..................................................................
TEMPERATURE (F)
 YESTERDAY
  MAXIMUM         82    241 PM 104    1938  87     -5       88
  MINIMUM         58    414 AM  42    1906  64     -6       67
  AVERAGE         70                        76     -6       78

PRECIPITATION (IN)
  YESTERDAY        0.00          2.00 1979   0.12  -0.12     0.00
  MONTH TO DATE    2.54                      3.24  -0.70     1.01
  SINCE JUN 1     14.68                     10.62   4.06    11.23
  SINCE JAN 1     37.63                     28.62   9.01    26.54

SNOWFALL (IN)
  YESTERDAY        0.0          MM      MM   0.0    0.0      0.0
  MONTH TO DATE    0.0                       0.0    0.0      0.0
  SINCE JUN 1      0.0                       0.0    0.0      0.0
  SINCE JUL 1      0.0                       0.0    0.0      0.0
  SNOW DEPTH       0

DEGREE DAYS
 HEATING
  YESTERDAY        0                         0      0        0
  MONTH TO DATE    1                         0      1        0
  SINCE JUN 1      1                         6     -5        1
  SINCE JUL 1      1                         0      1        1

 COOLING
  YESTERDAY        5                        11     -6       13
  MONTH TO DATE  272                       365    -93      359
  SINCE JUN 1   1066                      1044     22      903
  SINCE JAN 1   1190                      1183      7     1090
..................................................................


WIND (MPH)
  HIGHEST WIND SPEED    MM   HIGHEST WIND DIRECTION    MM
  HIGHEST GUST SPEED    MM   HIGHEST GUST DIRECTION    MM
  AVERAGE WIND SPEED    MM


SKY COVER
  POSSIBLE SUNSHINE  MM
  AVERAGE SKY COVER  MM


WEATHER CONDITIONS
 THE FOLLOWING WEATHER WAS RECORDED YESTERDAY.
  NO SIGNIFICANT WEATHER WAS OBSERVED.


RELATIVE HUMIDITY (PERCENT)
 HIGHEST    MM
 LOWEST     MM
 AVERAGE    MM

..........................................................


THE HARRISON CLIMATE NORMALS FOR TODAY
                         NORMAL    RECORD    YEAR
 MAXIMUM TEMPERATURE (F)   87       105      1984
 MINIMUM TEMPERATURE (F)   64        47      1967


SUNRISE AND SUNSET
AUGUST 29 2015........SUNRISE   642 AM CDT   SUNSET   745 PM CDT
AUGUST 30 2015........SUNRISE   642 AM CDT   SUNSET   744 PM CDT


-  INDICATES NEGATIVE NUMBERS.
R  INDICATES RECORD WAS SET OR TIED.
MM INDICATES DATA IS MISSING.
T  INDICATES TRACE AMOUNT.




$$
