000
CDUS44 KLZK 282202
CLIHRO


CLIMATE REPORT
NATIONAL WEATHER SERVICE LITTLE ROCK AR
402 PM CST SUN DEC 28 2014


...................................

...THE HARRISON CLIMATE SUMMARY FOR DECEMBER 28 2014...
VALID TODAY AS OF 0400 PM LOCAL TIME.

CLIMATE NORMAL PERIOD 1981 TO 2010
CLIMATE RECORD PERIOD 1891 TO 2014


WEATHER ITEM   OBSERVED TIME   RECORD YEAR NORMAL DEPARTURE LAST
                VALUE   (LST)  VALUE       VALUE  FROM      YEAR
                                                  NORMAL
..................................................................
TEMPERATURE (F)
 TODAY
  MAXIMUM         39    256 PM  72    1928  46     -7       54
  MINIMUM         27    748 AM   0    1925  26      1       28
  AVERAGE         33                        36     -3       41

PRECIPITATION (IN)
  TODAY            0.00          3.46 1968   0.09  -0.09     0.00
  MONTH TO DATE    2.25                      2.93  -0.68     3.75
  SINCE DEC 1      2.25                      2.93  -0.68     3.75
  SINCE JAN 1     41.20                     43.87  -2.67    45.26

SNOWFALL (IN)
  TODAY            0.0           3.3  1997   0.1   -0.1      0.0
  MONTH TO DATE    T                         1.0   -1.0      9.0
  SINCE DEC 1      T                         1.0   -1.0      9.0
  SINCE JUL 1      0.6                       1.5   -0.9      9.0
  SNOW DEPTH       0

DEGREE DAYS
 HEATING
  TODAY           32                        29      3       24
  MONTH TO DATE  669                       748    -79      786
  SINCE DEC 1    669                       748    -79      786
  SINCE JUL 1   1523                      1512     11     1599

 COOLING
  TODAY            0                         0      0        0
  MONTH TO DATE    0                         0      0        0
  SINCE DEC 1      0                         0      0        0
  SINCE JAN 1   1354                      1416    -62     1414
..................................................................


WIND (MPH)
  HIGHEST WIND SPEED     9   HIGHEST WIND DIRECTION    NW (310)
  HIGHEST GUST SPEED    13   HIGHEST GUST DIRECTION    NW (310)
  AVERAGE WIND SPEED     4.7


SKY COVER
  POSSIBLE SUNSHINE  MM
  AVERAGE SKY COVER 0.2


WEATHER CONDITIONS
 THE FOLLOWING WEATHER WAS RECORDED TODAY.
  NO SIGNIFICANT WEATHER WAS OBSERVED.


RELATIVE HUMIDITY (PERCENT)
 HIGHEST    92           200 AM
 LOWEST     59           300 PM
 AVERAGE    76

..........................................................


THE HARRISON CLIMATE NORMALS FOR TOMORROW
                         NORMAL    RECORD    YEAR
 MAXIMUM TEMPERATURE (F)   46        69      1984
                                             1947
 MINIMUM TEMPERATURE (F)   26        -2      1983


SUNRISE AND SUNSET
DECEMBER 28 2014......SUNRISE   723 AM CST   SUNSET   506 PM CST
DECEMBER 29 2014......SUNRISE   723 AM CST   SUNSET   506 PM CST


-  INDICATES NEGATIVE NUMBERS.
R  INDICATES RECORD WAS SET OR TIED.
MM INDICATES DATA IS MISSING.
T  INDICATES TRACE AMOUNT.




$$
