000
CDUS42 KMHX 040528
CLIHSE


CLIMATE REPORT
NATIONAL WEATHER SERVICE NEWPORT/MOREHEAD CITY NC
126 AM EDT FRI SEP 4 2015


...................................

...THE CAPE HATTERAS NC CLIMATE SUMMARY FOR SEPTEMBER 3 2015...

CLIMATE NORMAL PERIOD 1981 TO 2010
CLIMATE RECORD PERIOD 1874 TO 2015


WEATHER ITEM   OBSERVED TIME   RECORD YEAR NORMAL DEPARTURE LAST
                VALUE   (LST)  VALUE       VALUE  FROM      YEAR
                                                  NORMAL
..................................................................
TEMPERATURE (F)
 YESTERDAY
  MAXIMUM         85    312 PM  90    1990  82      3       86
                                      1959
  MINIMUM         75   1126 PM  55    1967  72      3       78
  AVERAGE         80                        77      3       82

PRECIPITATION (IN)
  YESTERDAY        0.02          3.59 1955   0.21  -0.19     0.00
  MONTH TO DATE    0.02                      0.68  -0.66     0.00
  SINCE SEP 1      0.02                      0.68  -0.66     0.00
  SINCE JAN 1     36.72                     37.87  -1.15    41.05

SNOWFALL (IN)
  YESTERDAY        0.0
  MONTH TO DATE    0.0
  SINCE NOV 1      2.0
  SINCE JUL 1      0.0
  SNOW DEPTH       0

DEGREE DAYS
 HEATING
  YESTERDAY        0                         0      0        0
  MONTH TO DATE    0                         0      0        0
  SINCE SEP 1      0                         0      0        0
  SINCE JUL 1      0                         0      0        0

 COOLING
  YESTERDAY       15                        12      3       17
  MONTH TO DATE   44                        36      8       52
  SINCE SEP 1     44                        36      8       52
  SINCE JAN 1   1560                      1342    218     1428
..................................................................


WIND (MPH)
  HIGHEST WIND SPEED    15   HIGHEST WIND DIRECTION    NW (310)
  HIGHEST GUST SPEED    22   HIGHEST GUST DIRECTION    NW (300)
  AVERAGE WIND SPEED     4.6


SKY COVER
  POSSIBLE SUNSHINE  MM
  AVERAGE SKY COVER 0.3


WEATHER CONDITIONS
 THE FOLLOWING WEATHER WAS RECORDED YESTERDAY.
  LIGHT RAIN


RELATIVE HUMIDITY (PERCENT)
 HIGHEST    94           500 AM
 LOWEST     55           300 PM
 AVERAGE    75

..........................................................


THE CAPE HATTERAS NC CLIMATE NORMALS FOR TODAY
                         NORMAL    RECORD    YEAR
 MAXIMUM TEMPERATURE (F)   82        89      2011
                                             1975
                                             1925
 MINIMUM TEMPERATURE (F)   72        52      1967


SUNRISE AND SUNSET
SEPTEMBER  4 2015.....SUNRISE   637 AM EDT   SUNSET   726 PM EDT
SEPTEMBER  5 2015.....SUNRISE   638 AM EDT   SUNSET   724 PM EDT


-  INDICATES NEGATIVE NUMBERS.
R  INDICATES RECORD WAS SET OR TIED.
MM INDICATES DATA IS MISSING.
T  INDICATES TRACE AMOUNT.




$$
