000
CDUS42 KMHX 050532
CLIHSE


CLIMATE REPORT
NATIONAL WEATHER SERVICE NEWPORT/MOREHEAD CITY NC
132 AM EDT THU MAY 5 2016


...................................

...THE CAPE HATTERAS NC CLIMATE SUMMARY FOR MAY 4 2016...

CLIMATE NORMAL PERIOD 1981 TO 2010
CLIMATE RECORD PERIOD 1874 TO 2016


WEATHER ITEM   OBSERVED TIME   RECORD YEAR NORMAL DEPARTURE LAST
                VALUE   (LST)  VALUE       VALUE  FROM      YEAR
                                                  NORMAL
..................................................................
TEMPERATURE (F)
 YESTERDAY
  MAXIMUM         73    307 PM  81    2012  71      2       72
                                      1938
                                      1913
  MINIMUM         59   1159 PM  40    1966  57      2       52
  AVERAGE         66                        64      2       62

PRECIPITATION (IN)
  YESTERDAY        1.12          1.86 1990   0.13   0.99     0.00
  MONTH TO DATE    1.45                      0.48   0.97     0.14
  SINCE MAR 1      9.73                      8.89   0.84     4.61
  SINCE JAN 1     22.84                     18.15   4.69    16.56

SNOWFALL (IN)
  YESTERDAY        0.0
  MONTH TO DATE    0.0
  SINCE NOV 1      T
  SINCE JUL 1      T
  SNOW DEPTH       0

DEGREE DAYS
 HEATING
  YESTERDAY        0                         3     -3        3
  MONTH TO DATE    0                        12    -12       36
  SINCE MAR 1    366                       622   -256      613
  SINCE JUL 1   1679                      2546   -867     2786

 COOLING
  YESTERDAY        1                         2     -1        0
  MONTH TO DATE   13                         8      5        0
  SINCE MAR 1     67                        36     31       17
  SINCE JAN 1     68                        36     32       19
..................................................................


WIND (MPH)
  HIGHEST WIND SPEED    14   HIGHEST WIND DIRECTION    NE (40)
  HIGHEST GUST SPEED    21   HIGHEST GUST DIRECTION    NE (30)
  AVERAGE WIND SPEED     5.9


SKY COVER
  POSSIBLE SUNSHINE  MM
  AVERAGE SKY COVER 0.7


WEATHER CONDITIONS
 THE FOLLOWING WEATHER WAS RECORDED YESTERDAY.
  HEAVY RAIN
  RAIN
  LIGHT RAIN
  FOG


RELATIVE HUMIDITY (PERCENT)
 HIGHEST   100          1200 AM
 LOWEST     79           300 PM
 AVERAGE    90

..........................................................


THE CAPE HATTERAS NC CLIMATE NORMALS FOR TODAY
                         NORMAL    RECORD    YEAR
 MAXIMUM TEMPERATURE (F)   71        84      1938
 MINIMUM TEMPERATURE (F)   58        41      1976


SUNRISE AND SUNSET
MAY  5 2016...........SUNRISE   607 AM EDT   SUNSET   752 PM EDT
MAY  6 2016...........SUNRISE   606 AM EDT   SUNSET   753 PM EDT


-  INDICATES NEGATIVE NUMBERS.
R  INDICATES RECORD WAS SET OR TIED.
MM INDICATES DATA IS MISSING.
T  INDICATES TRACE AMOUNT.




$$
