000
CDUS42 KMHX 290626
CLIHSE


CLIMATE REPORT
NATIONAL WEATHER SERVICE NEWPORT/MOREHEAD CITY NC
125 AM EST SAT NOV 29 2014


...................................

...THE CAPE HATTERAS NC CLIMATE SUMMARY FOR NOVEMBER 28 2014...

CLIMATE NORMAL PERIOD 1981 TO 2010
CLIMATE RECORD PERIOD 1874 TO 2014


WEATHER ITEM   OBSERVED TIME   RECORD YEAR NORMAL DEPARTURE LAST
                VALUE   (LST)  VALUE       VALUE  FROM      YEAR
                                                  NORMAL
..................................................................
TEMPERATURE (F)
 YESTERDAY
  MAXIMUM         45   1253 PM  80    1990  61    -16       44
  MINIMUM         37   1132 PM  27    1903  48    -11       36
  AVERAGE         41                        54    -13       40

PRECIPITATION (IN)
  YESTERDAY        0.00          2.01 2004   0.15  -0.15     0.00
  MONTH TO DATE    4.27                      4.65  -0.38     3.93
  SINCE SEP 1     18.34                     16.28   2.06    18.21
  SINCE JAN 1     59.39                     53.47   5.92    49.41

SNOWFALL (IN)
  YESTERDAY        0.0
  MONTH TO DATE    0.0
  SINCE NOV 1      0.0
  SINCE JUL 1      0.0
  SNOW DEPTH       0

DEGREE DAYS
 HEATING
  YESTERDAY       24                        11     13       25
  MONTH TO DATE  309                       219     90      232
  SINCE SEP 1    369                       294     75      283
  SINCE JUL 1    369                       294     75      283

 COOLING
  YESTERDAY        0                         0      0        0
  MONTH TO DATE    2                        22    -20       22
  SINCE SEP 1    388                       406    -18      446
  SINCE JAN 1   1764                      1712     52     1990
..................................................................


WIND (MPH)
  HIGHEST WIND SPEED    15   HIGHEST WIND DIRECTION    NW (330)
  HIGHEST GUST SPEED    27   HIGHEST GUST DIRECTION    NW (330)
  AVERAGE WIND SPEED     7.9


SKY COVER
  POSSIBLE SUNSHINE  MM
  AVERAGE SKY COVER 0.1


WEATHER CONDITIONS
 THE FOLLOWING WEATHER WAS RECORDED YESTERDAY.
  NO SIGNIFICANT WEATHER WAS OBSERVED.


RELATIVE HUMIDITY (PERCENT)
 HIGHEST    76           500 AM
 LOWEST     49           200 PM
 AVERAGE    63

..........................................................


THE CAPE HATTERAS NC CLIMATE NORMALS FOR TODAY
                         NORMAL    RECORD    YEAR
 MAXIMUM TEMPERATURE (F)   60        76      1990
 MINIMUM TEMPERATURE (F)   47        31      2012
                                             1974


SUNRISE AND SUNSET
NOVEMBER 29 2014......SUNRISE   651 AM EST   SUNSET   451 PM EST
NOVEMBER 30 2014......SUNRISE   652 AM EST   SUNSET   450 PM EST


-  INDICATES NEGATIVE NUMBERS.
R  INDICATES RECORD WAS SET OR TIED.
MM INDICATES DATA IS MISSING.
T  INDICATES TRACE AMOUNT.




$$
