000
CDUS42 KMHX 170626
CLIHSE


CLIMATE REPORT
NATIONAL WEATHER SERVICE NEWPORT/MOREHEAD CITY NC
126 AM EST WED DEC 17 2014


...................................

...THE CAPE HATTERAS NC CLIMATE SUMMARY FOR DECEMBER 16 2014...

CLIMATE NORMAL PERIOD 1981 TO 2010
CLIMATE RECORD PERIOD 1874 TO 2014


WEATHER ITEM   OBSERVED TIME   RECORD YEAR NORMAL DEPARTURE LAST
                VALUE   (LST)  VALUE       VALUE  FROM      YEAR
                                                  NORMAL
..................................................................
TEMPERATURE (F)
 YESTERDAY
  MAXIMUM         64   1124 AM  73    1971  56      8       52
  MINIMUM         36    720 AM  26    2010  43     -7       35
                                      1968
                                      1955
  AVERAGE         50                        49      1       44

PRECIPITATION (IN)
  YESTERDAY        0.09          1.74 2007   0.13  -0.04     0.00
  MONTH TO DATE    1.23                      2.15  -0.92     2.45
  SINCE DEC 1      1.23                      2.15  -0.92     2.45
  SINCE JAN 1     60.62                     55.92   4.70    51.86

SNOWFALL (IN)
  YESTERDAY       MM
  MONTH TO DATE    0.0
  SINCE NOV 1      0.0
  SINCE JUL 1      0.0
  SNOW DEPTH       0

DEGREE DAYS
 HEATING
  YESTERDAY       15                        16     -1       21
  MONTH TO DATE  228                       225      3      212
  SINCE DEC 1    228                       225      3      212
  SINCE JUL 1    629                       543     86      527

 COOLING
  YESTERDAY        0                         0      0        0
  MONTH TO DATE    0                         0      0        2
  SINCE DEC 1      0                         0      0        2
  SINCE JAN 1   1764                      1711     53     1992
..................................................................


WIND (MPH)
  HIGHEST WIND SPEED    16   HIGHEST WIND DIRECTION     W (250)
  HIGHEST GUST SPEED    22   HIGHEST GUST DIRECTION     W (260)
  AVERAGE WIND SPEED     7.2


SKY COVER
  POSSIBLE SUNSHINE  MM
  AVERAGE SKY COVER 0.2


WEATHER CONDITIONS
 THE FOLLOWING WEATHER WAS RECORDED YESTERDAY.
  HEAVY RAIN
  RAIN
  LIGHT RAIN
  FOG


RELATIVE HUMIDITY (PERCENT)
 HIGHEST   100           500 AM
 LOWEST     60           300 PM
 AVERAGE    80

..........................................................


THE CAPE HATTERAS NC CLIMATE NORMALS FOR TODAY
                         NORMAL    RECORD    YEAR
 MAXIMUM TEMPERATURE (F)   55        72      1933
 MINIMUM TEMPERATURE (F)   42        25      1988
                                             1963


SUNRISE AND SUNSET
DECEMBER 17 2014......SUNRISE   705 AM EST   SUNSET   452 PM EST
DECEMBER 18 2014......SUNRISE   706 AM EST   SUNSET   453 PM EST


-  INDICATES NEGATIVE NUMBERS.
R  INDICATES RECORD WAS SET OR TIED.
MM INDICATES DATA IS MISSING.
T  INDICATES TRACE AMOUNT.




$$
