000
CDUS42 KMHX 222127
CLIHSE


CLIMATE REPORT
NATIONAL WEATHER SERVICE NEWPORT/MOREHEAD CITY NC
527 PM EDT THU JUN 22 2017


...................................

...THE CAPE HATTERAS NC CLIMATE SUMMARY FOR JUNE 22 2017...
VALID TODAY AS OF 0500 PM LOCAL TIME.

CLIMATE NORMAL PERIOD 1981 TO 2010
CLIMATE RECORD PERIOD 1874 TO 2017


WEATHER ITEM   OBSERVED TIME   RECORD YEAR NORMAL DEPARTURE LAST
                VALUE   (LST)  VALUE       VALUE  FROM      YEAR
                                                  NORMAL
..................................................................
TEMPERATURE (F)
 TODAY
  MAXIMUM         85    334 PM  92    1994  82      3       84
  MINIMUM         77    529 AM  53    1992  71      6       78
  AVERAGE         81                        77      4       81

PRECIPITATION (IN)
  TODAY            0.00          2.46 1995   0.14  -0.14     0.00
  MONTH TO DATE    2.20                      2.87  -0.67    10.03
  SINCE JUN 1      2.20                      2.87  -0.67    10.03
  SINCE JAN 1     28.93                     24.11   4.82    44.09

SNOWFALL (IN)
  TODAY            0.0
  MONTH TO DATE    0.0
  SINCE NOV 1      T
  SINCE JUL 1      T
  SNOW DEPTH       0

DEGREE DAYS
 HEATING
  TODAY            0                         0      0        0
  MONTH TO DATE    0                         0      0        0
  SINCE JUN 1      0                         0      0        0
  SINCE JUL 1   1728                      2584   -856     1700

 COOLING
  TODAY           16                        12      4       16
  MONTH TO DATE  278                       208     70      250
  SINCE JUN 1    278                       208     70      250
  SINCE JAN 1    705                       351    354      459
..................................................................


WIND (MPH)
  HIGHEST WIND SPEED    12   HIGHEST WIND DIRECTION    SW (230)
  HIGHEST GUST SPEED    18   HIGHEST GUST DIRECTION    SW (220)
  AVERAGE WIND SPEED     8.0


SKY COVER
  POSSIBLE SUNSHINE  MM
  AVERAGE SKY COVER 0.1


WEATHER CONDITIONS
 THE FOLLOWING WEATHER WAS RECORDED TODAY.
  FOG


RELATIVE HUMIDITY (PERCENT)
 HIGHEST    91           600 AM
 LOWEST     74          1000 AM
 AVERAGE    83

..........................................................


THE CAPE HATTERAS NC CLIMATE NORMALS FOR TOMORROW
                         NORMAL    RECORD    YEAR
 MAXIMUM TEMPERATURE (F)   83        89      1932
 MINIMUM TEMPERATURE (F)   71        50      1992


SUNRISE AND SUNSET
JUNE 22 2017..........SUNRISE   549 AM EDT   SUNSET   821 PM EDT
JUNE 23 2017..........SUNRISE   549 AM EDT   SUNSET   821 PM EDT


-  INDICATES NEGATIVE NUMBERS.
R  INDICATES RECORD WAS SET OR TIED.
MM INDICATES DATA IS MISSING.
T  INDICATES TRACE AMOUNT.




$$
