000
CDUS42 KMHX 010625
CLIHSE


CLIMATE REPORT
NATIONAL WEATHER SERVICE NEWPORT/MOREHEAD CITY NC
125 AM EST SUN FEB 1 2015


...................................

...THE CAPE HATTERAS NC CLIMATE SUMMARY FOR JANUARY 31 2015...

CLIMATE NORMAL PERIOD 1981 TO 2010
CLIMATE RECORD PERIOD 1874 TO 2015


WEATHER ITEM   OBSERVED TIME   RECORD YEAR NORMAL DEPARTURE LAST
                VALUE   (LST)  VALUE       VALUE  FROM      YEAR
                                                  NORMAL
..................................................................
TEMPERATURE (F)
 YESTERDAY
  MAXIMUM         39    444 PM  71    1975  52    -13       47
  MINIMUM         27    918 PM  20    1966  39    -12       35
  AVERAGE         33                        46    -13       41

PRECIPITATION (IN)
  YESTERDAY        0.00          3.26 1960   0.16  -0.16      T
  MONTH TO DATE    4.61                      5.24  -0.63     5.34
  SINCE DEC 1      7.06                      9.51  -2.45     9.24
  SINCE JAN 1      4.61                      5.24  -0.63     5.34

SNOWFALL (IN)
  YESTERDAY        0.0
  MONTH TO DATE    T
  SINCE NOV 1      T
  SINCE JUL 1      T
  SNOW DEPTH       0

DEGREE DAYS
 HEATING
  YESTERDAY       32                        19     13       24
  MONTH TO DATE  574                       610    -36      643
  SINCE DEC 1   1036                      1095    -59     1030
  SINCE JUL 1   1437                      1413     24     1345

 COOLING
  YESTERDAY        0                         0      0        0
  MONTH TO DATE    2                         0      2        0
  SINCE DEC 1      2                         3     -1        7
  SINCE JAN 1      2                         0      2        0
..................................................................


WIND (MPH)
  HIGHEST WIND SPEED    20   HIGHEST WIND DIRECTION    NW (330)
  HIGHEST GUST SPEED    33   HIGHEST GUST DIRECTION    NW (320)
  AVERAGE WIND SPEED     9.4


SKY COVER
  POSSIBLE SUNSHINE  MM
  AVERAGE SKY COVER 0.0


WEATHER CONDITIONS
 THE FOLLOWING WEATHER WAS RECORDED YESTERDAY.
  NO SIGNIFICANT WEATHER WAS OBSERVED.


RELATIVE HUMIDITY (PERCENT)
 HIGHEST    85          1100 PM
 LOWEST     30           300 PM
 AVERAGE    58

..........................................................


THE CAPE HATTERAS NC CLIMATE NORMALS FOR TODAY
                         NORMAL    RECORD    YEAR
 MAXIMUM TEMPERATURE (F)   52        73      1990
 MINIMUM TEMPERATURE (F)   39        17      1965


SUNRISE AND SUNSET
FEBRUARY  1 2015......SUNRISE   702 AM EST   SUNSET   531 PM EST
FEBRUARY  2 2015......SUNRISE   701 AM EST   SUNSET   532 PM EST


-  INDICATES NEGATIVE NUMBERS.
R  INDICATES RECORD WAS SET OR TIED.
MM INDICATES DATA IS MISSING.
T  INDICATES TRACE AMOUNT.




$$
