391
CDUS42 KMHX 170625
CLIHSE


CLIMATE REPORT
NATIONAL WEATHER SERVICE NEWPORT/MOREHEAD CITY NC
125 AM EST TUE JAN 17 2017


...................................

...THE CAPE HATTERAS NC CLIMATE SUMMARY FOR JANUARY 16 2017...

CLIMATE NORMAL PERIOD 1981 TO 2010
CLIMATE RECORD PERIOD 1874 TO 2017


WEATHER ITEM   OBSERVED TIME   RECORD YEAR NORMAL DEPARTURE LAST
                VALUE   (LST)  VALUE       VALUE  FROM      YEAR
                                                  NORMAL
..................................................................
TEMPERATURE (F)
 YESTERDAY
  MAXIMUM         51    431 PM  69    1950  52     -1       62
                                      1913
  MINIMUM         46   1231 AM  16    1994  39      7       49
                                      1972
  AVERAGE         49                        45      4       56

PRECIPITATION (IN)
  YESTERDAY        0.00          5.95 1991   0.18  -0.18     0.00
  MONTH TO DATE    2.76                      2.73   0.03     2.42
  SINCE DEC 1      7.77                      7.00   0.77     7.39
  SINCE JAN 1      2.76                      2.73   0.03     2.42

SNOWFALL (IN)
  YESTERDAY        0.0
  MONTH TO DATE    T
  SINCE NOV 1      T
  SINCE JUL 1      T
  SNOW DEPTH       0

DEGREE DAYS
 HEATING
  YESTERDAY       16                        20     -4        9
  MONTH TO DATE  215                       313    -98      247
  SINCE DEC 1    601                       802   -201      370
  SINCE JUL 1    873                      1120   -247      542

 COOLING
  YESTERDAY        0                         0      0        0
  MONTH TO DATE    0                         0      0        0
  SINCE DEC 1      3                         3      0       64
  SINCE JAN 1      0                         0      0        0
..................................................................


WIND (MPH)
  HIGHEST WIND SPEED    14   HIGHEST WIND DIRECTION    NE (30)
  HIGHEST GUST SPEED    22   HIGHEST GUST DIRECTION    NE (30)
  AVERAGE WIND SPEED     7.6


SKY COVER
  POSSIBLE SUNSHINE  MM
  AVERAGE SKY COVER 0.9


WEATHER CONDITIONS
 THE FOLLOWING WEATHER WAS RECORDED YESTERDAY.
  FOG
  HAZE


RELATIVE HUMIDITY (PERCENT)
 HIGHEST    86           800 PM
 LOWEST     74          1000 AM
 AVERAGE    80

..........................................................


THE CAPE HATTERAS NC CLIMATE NORMALS FOR TODAY
                         NORMAL    RECORD    YEAR
 MAXIMUM TEMPERATURE (F)   52        71      1913
 MINIMUM TEMPERATURE (F)   39        13      1977


SUNRISE AND SUNSET
JANUARY 17 2017.......SUNRISE   710 AM EST   SUNSET   516 PM EST
JANUARY 18 2017.......SUNRISE   709 AM EST   SUNSET   517 PM EST


-  INDICATES NEGATIVE NUMBERS.
R  INDICATES RECORD WAS SET OR TIED.
MM INDICATES DATA IS MISSING.
T  INDICATES TRACE AMOUNT.




$$
