000
CDUS42 KMHX 210530
CLIHSE


CLIMATE REPORT
NATIONAL WEATHER SERVICE NEWPORT/MOREHEAD CITY NC
130 AM EDT TUE OCT 21 2014


...................................

...THE CAPE HATTERAS NC CLIMATE SUMMARY FOR OCTOBER 20 2014...

CLIMATE NORMAL PERIOD 1981 TO 2010
CLIMATE RECORD PERIOD 1874 TO 2014


WEATHER ITEM   OBSERVED TIME   RECORD YEAR NORMAL DEPARTURE LAST
                VALUE   (LST)  VALUE       VALUE  FROM      YEAR
                                                  NORMAL
..................................................................
TEMPERATURE (F)
 YESTERDAY
  MAXIMUM         71   1049 PM  84    1910  71      0       71
  MINIMUM         47    609 AM  41    1992  58    -11       58
  AVERAGE         59                        65     -6       65

PRECIPITATION (IN)
  YESTERDAY        0.00          4.82 1897   0.17  -0.17      T
  MONTH TO DATE    2.96                      3.48  -0.52     8.91
  SINCE SEP 1     13.80                      9.73   4.07    13.74
  SINCE JAN 1     54.85                     46.92   7.93    44.94

SNOWFALL (IN)
  YESTERDAY        0.0
  MONTH TO DATE    0.0
  SINCE NOV 1      5.7
  SINCE JUL 1      0.0
  SNOW DEPTH       0

DEGREE DAYS
 HEATING
  YESTERDAY        6                         3      3        0
  MONTH TO DATE   24                        31     -7        0
  SINCE SEP 1     24                        34    -10        4
  SINCE JUL 1     24                        34    -10        4

 COOLING
  YESTERDAY        0                         2     -2        0
  MONTH TO DATE   88                        79      9      130
  SINCE SEP 1    375                       365     10      422
  SINCE JAN 1   1751                      1671     80     1966
..................................................................


WIND (MPH)
  HIGHEST WIND SPEED    17   HIGHEST WIND DIRECTION     S (200)
  HIGHEST GUST SPEED    24   HIGHEST GUST DIRECTION     S (200)
  AVERAGE WIND SPEED     5.3


SKY COVER
  POSSIBLE SUNSHINE  MM
  AVERAGE SKY COVER 0.1


WEATHER CONDITIONS
 THE FOLLOWING WEATHER WAS RECORDED YESTERDAY.
  NO SIGNIFICANT WEATHER WAS OBSERVED.


RELATIVE HUMIDITY (PERCENT)
 HIGHEST    89           700 AM
 LOWEST     47          1200 AM
 AVERAGE    68

..........................................................


THE CAPE HATTERAS NC CLIMATE NORMALS FOR TODAY
                         NORMAL    RECORD    YEAR
 MAXIMUM TEMPERATURE (F)   71        84      1993
 MINIMUM TEMPERATURE (F)   58        40      1992


SUNRISE AND SUNSET
OCTOBER 21 2014.......SUNRISE   714 AM EDT   SUNSET   620 PM EDT
OCTOBER 22 2014.......SUNRISE   715 AM EDT   SUNSET   619 PM EDT


-  INDICATES NEGATIVE NUMBERS.
R  INDICATES RECORD WAS SET OR TIED.
MM INDICATES DATA IS MISSING.
T  INDICATES TRACE AMOUNT.




$$
