000
CDUS42 KMHX 200528
CLIHSE


CLIMATE REPORT
NATIONAL WEATHER SERVICE NEWPORT/MOREHEAD CITY NC
127 AM EDT WED AUG 20 2014


...................................

...THE CAPE HATTERAS NC CLIMATE SUMMARY FOR AUGUST 19 2014...

CLIMATE NORMAL PERIOD 1981 TO 2010
CLIMATE RECORD PERIOD 1874 TO 2014


WEATHER ITEM   OBSERVED TIME   RECORD YEAR NORMAL DEPARTURE LAST
                VALUE   (LST)  VALUE       VALUE  FROM      YEAR
                                                  NORMAL
..................................................................
TEMPERATURE (F)
 YESTERDAY
  MAXIMUM         85    359 PM  91    1987  84      1       83
  MINIMUM         75    549 AM  64    1881  73      2       74
  AVERAGE         80                        78      2       79

PRECIPITATION (IN)
  YESTERDAY        0.02          3.51 1981   0.22  -0.20     0.04
  MONTH TO DATE    9.84                      4.01   5.83     3.42
  SINCE JUN 1     18.05                     13.03   5.02    11.65
  SINCE JAN 1     40.84                     34.27   6.57    30.84

SNOWFALL (IN)
  YESTERDAY        0.0
  MONTH TO DATE    0.0
  SINCE NOV 1      5.7
  SINCE JUL 1      0.0
  SNOW DEPTH       0

DEGREE DAYS
 HEATING
  YESTERDAY        0                         0      0        0
  MONTH TO DATE    0                         0      0        0
  SINCE JUN 1      0                         3     -3        0
  SINCE JUL 1      0                         0      0        0

 COOLING
  YESTERDAY       15                        13      2       14
  MONTH TO DATE  264                       264      0      293
  SINCE JUN 1    975                      1009    -34     1203
  SINCE JAN 1   1211                      1152     59     1365
..................................................................


WIND (MPH)
  HIGHEST WIND SPEED    15   HIGHEST WIND DIRECTION    SW (240)
  HIGHEST GUST SPEED    21   HIGHEST GUST DIRECTION     W (280)
  AVERAGE WIND SPEED     6.9


SKY COVER
  POSSIBLE SUNSHINE  MM
  AVERAGE SKY COVER 0.3


WEATHER CONDITIONS
 THE FOLLOWING WEATHER WAS RECORDED YESTERDAY.
  LIGHT RAIN
  FOG


RELATIVE HUMIDITY (PERCENT)
 HIGHEST    97           800 AM
 LOWEST     65           500 PM
 AVERAGE    81

..........................................................


THE CAPE HATTERAS NC CLIMATE NORMALS FOR TODAY
                         NORMAL    RECORD    YEAR
 MAXIMUM TEMPERATURE (F)   84        91      2005
 MINIMUM TEMPERATURE (F)   73        63      1993


SUNRISE AND SUNSET
AUGUST 20 2014........SUNRISE   626 AM EDT   SUNSET   745 PM EDT
AUGUST 21 2014........SUNRISE   627 AM EDT   SUNSET   744 PM EDT


-  INDICATES NEGATIVE NUMBERS.
R  INDICATES RECORD WAS SET OR TIED.
MM INDICATES DATA IS MISSING.
T  INDICATES TRACE AMOUNT.




$$
