000
CDUS42 KMHX 300529
CLIHSE


CLIMATE REPORT
NATIONAL WEATHER SERVICE NEWPORT/MOREHEAD CITY NC
126 AM EDT SUN APR 30 2017


...................................

...THE CAPE HATTERAS NC CLIMATE SUMMARY FOR APRIL 29 2017...

CLIMATE NORMAL PERIOD 1981 TO 2010
CLIMATE RECORD PERIOD 1874 TO 2017


WEATHER ITEM   OBSERVED TIME   RECORD YEAR NORMAL DEPARTURE LAST
                VALUE   (LST)  VALUE       VALUE  FROM      YEAR
                                                  NORMAL
..................................................................
TEMPERATURE (F)
 YESTERDAY
  MAXIMUM         81    303 PM  84    1994  70     11       71
  MINIMUM         73   1159 PM  40    2010  56     17       58
                                      1967
  AVERAGE         77                        63     14       65

PRECIPITATION (IN)
  YESTERDAY        0.00          1.83 1895   0.11  -0.11     0.13
  MONTH TO DATE    8.03                      3.54   4.49     2.31
  SINCE MAR 1     13.31                      8.31   5.00     8.28
  SINCE JAN 1     19.62                     17.57   2.05    21.39

SNOWFALL (IN)
  YESTERDAY        0.0
  MONTH TO DATE    0.0
  SINCE NOV 1      T
  SINCE JUL 1      T
  SNOW DEPTH       0

DEGREE DAYS
 HEATING
  YESTERDAY        0                         4     -4        0
  MONTH TO DATE   48                       188   -140      163
  SINCE MAR 1    403                       607   -204      360
  SINCE JUL 1   1725                      2531   -806     1673

 COOLING
  YESTERDAY       12                         1     11        0
  MONTH TO DATE  142                        20    122       28
  SINCE MAR 1    166                        23    143       54
  SINCE JAN 1    174                        23    151       55
..................................................................


WIND (MPH)
  HIGHEST WIND SPEED    16   HIGHEST WIND DIRECTION    SW (210)
  HIGHEST GUST SPEED    23   HIGHEST GUST DIRECTION    SW (210)
  AVERAGE WIND SPEED    10.9


SKY COVER
  POSSIBLE SUNSHINE  MM
  AVERAGE SKY COVER 0.2


WEATHER CONDITIONS
 THE FOLLOWING WEATHER WAS RECORDED YESTERDAY.
  FOG
  HAZE


RELATIVE HUMIDITY (PERCENT)
 HIGHEST    93          1200 AM
 LOWEST     74          1200 PM
 AVERAGE    84

..........................................................


THE CAPE HATTERAS NC CLIMATE NORMALS FOR TODAY
                         NORMAL    RECORD    YEAR
 MAXIMUM TEMPERATURE (F)   70        84      1974
 MINIMUM TEMPERATURE (F)   56        36      1967


SUNRISE AND SUNSET
APRIL 30 2017.........SUNRISE   612 AM EDT   SUNSET   748 PM EDT
MAY  1 2017...........SUNRISE   611 AM EDT   SUNSET   749 PM EDT


-  INDICATES NEGATIVE NUMBERS.
R  INDICATES RECORD WAS SET OR TIED.
MM INDICATES DATA IS MISSING.
T  INDICATES TRACE AMOUNT.




$$
