000
CDUS42 KMHX 210545
CLIHSE


CLIMATE REPORT
NATIONAL WEATHER SERVICE NEWPORT/MOREHEAD CITY NC
1244 AM EST SUN JAN 21 2018


...................................

...THE CAPE HATTERAS NC CLIMATE SUMMARY FOR JANUARY 20 2018...

CLIMATE NORMAL PERIOD 1981 TO 2010
CLIMATE RECORD PERIOD 1874 TO 2018


WEATHER ITEM   OBSERVED TIME   RECORD YEAR NORMAL DEPARTURE LAST
                VALUE   (LST)  VALUE       VALUE  FROM      YEAR
                                                  NORMAL
..................................................................
TEMPERATURE (F)
 YESTERDAY
  MAXIMUM         59    204 PM  72    1907  52      7       68
  MINIMUM         42    318 AM  10    1985  39      3       42
  AVERAGE         51                        45      6       55

PRECIPITATION (IN)
  YESTERDAY        0.00          3.03 1978   0.17  -0.17     0.06
  MONTH TO DATE    6.00                      3.40   2.60     2.98
  SINCE DEC 1     10.90                      7.67   3.23     7.99
  SINCE JAN 1      6.00                      3.40   2.60     2.98

SNOWFALL (IN)
  YESTERDAY        0.0
  MONTH TO DATE    3.5
  SINCE NOV 1      3.5
  SINCE JUL 1      3.5
  SNOW DEPTH       0

DEGREE DAYS
 HEATING
  YESTERDAY       14                        20     -6       10
  MONTH TO DATE  517                       393    124      260
  SINCE DEC 1    990                       882    108      646
  SINCE JUL 1   1236                      1200     36      918

 COOLING
  YESTERDAY        0                         0      0        0
  MONTH TO DATE    0                         0      0        0
  SINCE DEC 1      2                         3     -1        3
  SINCE JAN 1      0                         0      0        0
..................................................................


WIND (MPH)
  HIGHEST WIND SPEED    18   HIGHEST WIND DIRECTION    SW (240)
  HIGHEST GUST SPEED    26   HIGHEST GUST DIRECTION    SW (240)
  AVERAGE WIND SPEED    10.9


SKY COVER
  POSSIBLE SUNSHINE  MM
  AVERAGE SKY COVER 0.0


WEATHER CONDITIONS
 THE FOLLOWING WEATHER WAS RECORDED YESTERDAY.
  NO SIGNIFICANT WEATHER WAS OBSERVED.


RELATIVE HUMIDITY (PERCENT)
 HIGHEST    71           900 PM
 LOWEST     44           900 AM
 AVERAGE    58

..........................................................


THE CAPE HATTERAS NC CLIMATE NORMALS FOR TODAY
                         NORMAL    RECORD    YEAR
 MAXIMUM TEMPERATURE (F)   52        73      1937
 MINIMUM TEMPERATURE (F)   39         6      1985


SUNRISE AND SUNSET
JANUARY 21 2018.......SUNRISE   708 AM EST   SUNSET   520 PM EST
JANUARY 22 2018.......SUNRISE   708 AM EST   SUNSET   521 PM EST


-  INDICATES NEGATIVE NUMBERS.
R  INDICATES RECORD WAS SET OR TIED.
MM INDICATES DATA IS MISSING.
T  INDICATES TRACE AMOUNT.




$$
