000
CDUS43 KGID 270638
CLIHSI


CLIMATE REPORT
NATIONAL WEATHER SERVICE HASTINGS NE
137 AM CDT FRI MAY 27 2016


...................................

...THE HASTINGS NE CLIMATE SUMMARY FOR MAY 26 2016...

CLIMATE NORMAL PERIOD 1981 TO 2010
CLIMATE RECORD PERIOD 1894 TO 2016


WEATHER ITEM   OBSERVED TIME   RECORD YEAR NORMAL DEPARTURE LAST
                VALUE   (LST)  VALUE       VALUE  FROM      YEAR
                                                  NORMAL
..................................................................
TEMPERATURE (F)
 YESTERDAY
  MAXIMUM         78   1249 PM 100    2012  75      3       71
  MINIMUM         53    554 AM  38    1992  55     -2       55
  AVERAGE         66                        65      1       63

PRECIPITATION (IN)
  YESTERDAY        0.53          2.81 1996   0.11   0.42     0.00
  MONTH TO DATE    2.60                      3.97  -1.37     3.48
  SINCE MAR 1      8.83                      8.32   0.51     7.23
  SINCE JAN 1     10.75                      9.22   1.53     8.34

SNOWFALL (IN)
  YESTERDAY        0.0           T    2002   0.0    0.0      0.0
  MONTH TO DATE    0.0                       0.0    0.0      0.0
  SINCE MAR 1      2.1                       6.4   -4.3      0.8
  SINCE JUL 1     32.4                      28.8    3.6     17.0
  SNOW DEPTH       0

DEGREE DAYS
 HEATING
  YESTERDAY        0                         3     -3        2
  MONTH TO DATE  173                       157     16      170
  SINCE MAR 1   1103                      1366   -263     1161
  SINCE JUL 1   5013                      5996   -983     5784

 COOLING
  YESTERDAY        1                         3     -2        0
  MONTH TO DATE   18                        39    -21       22
  SINCE MAR 1     18                        44    -26       26
  SINCE JAN 1     18                        44    -26       26
..................................................................


WIND (MPH)
  HIGHEST WIND SPEED    40   HIGHEST WIND DIRECTION     E (110)
  HIGHEST GUST SPEED    53   HIGHEST GUST DIRECTION     E (110)
  AVERAGE WIND SPEED    11.3


SKY COVER
  AVERAGE SKY COVER 0.2


WEATHER CONDITIONS
 THE FOLLOWING WEATHER WAS RECORDED YESTERDAY.
  THUNDERSTORM
  HEAVY RAIN
  RAIN
  LIGHT RAIN
  FOG


RELATIVE HUMIDITY (PERCENT)
 HIGHEST    93           600 AM
 LOWEST     50          1200 PM
 AVERAGE    72

..........................................................


THE HASTINGS NE CLIMATE NORMALS FOR TODAY
                         NORMAL    RECORD    YEAR
 MAXIMUM TEMPERATURE (F)   76        93      2006
                                             1974
                                             1913
 MINIMUM TEMPERATURE (F)   55        38      1992
                                             1907


SUNRISE AND SUNSET
MAY 27 2016...........SUNRISE   607 AM CDT   SUNSET   855 PM CDT
MAY 28 2016...........SUNRISE   607 AM CDT   SUNSET   856 PM CDT


-  INDICATES NEGATIVE NUMBERS.
R  INDICATES RECORD WAS SET OR TIED.
MM INDICATES DATA IS MISSING.
T  INDICATES TRACE AMOUNT.




$$
