000
CDUS43 KGID 022227
CLIHSI


CLIMATE REPORT
NATIONAL WEATHER SERVICE HASTINGS NE
527 PM CDT TUE SEP 2 2014


...................................

...THE HASTINGS NE CLIMATE SUMMARY FOR SEPTEMBER 2 2014...
VALID TODAY AS OF 0500 PM LOCAL TIME.

CLIMATE NORMAL PERIOD 1981 TO 2010
CLIMATE RECORD PERIOD 1894 TO 2014


WEATHER ITEM   OBSERVED TIME   RECORD YEAR NORMAL DEPARTURE LAST
                VALUE   (LST)  VALUE       VALUE  FROM      YEAR
                                                  NORMAL
..................................................................
TEMPERATURE (F)
 TODAY
  MAXIMUM         81    359 PM 104    1948  82     -1       82
  MINIMUM         53    625 AM  44    1952  59     -6       54
  AVERAGE         67                        70     -3       68

PRECIPITATION (IN)
  TODAY            0.00          4.10 1942   0.10  -0.10     0.00
  MONTH TO DATE    0.01                      0.21  -0.20      T
  SINCE SEP 1      0.01                      0.21  -0.20      T
  SINCE JAN 1     24.91                     20.87   4.04    18.06

SNOWFALL (IN)
  TODAY            0.0                       0.0    0.0      0.0
  MONTH TO DATE    0.0                       0.0    0.0      0.0
  SINCE SEP 1      0.0                       0.0    0.0      0.0
  SINCE JUL 1      0.0                       0.0    0.0      0.0
  SNOW DEPTH       0

DEGREE DAYS
 HEATING
  TODAY            0                         1     -1        0
  MONTH TO DATE    0                         2     -2        0
  SINCE SEP 1      0                         2     -2        0
  SINCE JUL 1      6                         8     -2        6

 COOLING
  TODAY            2                         6     -4        3
  MONTH TO DATE    4                        13     -9       10
  SINCE SEP 1      4                        13     -9       10
  SINCE JAN 1    924                       966    -42      968
..................................................................


WIND (MPH)
  HIGHEST WIND SPEED    13   HIGHEST WIND DIRECTION     S (160)
  HIGHEST GUST SPEED    18   HIGHEST GUST DIRECTION    SE (140)
  AVERAGE WIND SPEED     3.7


SKY COVER
  AVERAGE SKY COVER 0.0


WEATHER CONDITIONS
 THE FOLLOWING WEATHER WAS RECORDED TODAY.
  NO SIGNIFICANT WEATHER WAS OBSERVED.


RELATIVE HUMIDITY (PERCENT)
 HIGHEST    93           500 AM
 LOWEST     39           400 PM
 AVERAGE    66

..........................................................


THE HASTINGS NE CLIMATE NORMALS FOR TOMORROW
                         NORMAL    RECORD    YEAR
 MAXIMUM TEMPERATURE (F)   82       104      1947
 MINIMUM TEMPERATURE (F)   59        37      1974


SUNRISE AND SUNSET
SEPTEMBER  2 2014.....SUNRISE   702 AM CDT   SUNSET   804 PM CDT
SEPTEMBER  3 2014.....SUNRISE   703 AM CDT   SUNSET   803 PM CDT


-  INDICATES NEGATIVE NUMBERS.
R  INDICATES RECORD WAS SET OR TIED.
MM INDICATES DATA IS MISSING.
T  INDICATES TRACE AMOUNT.




$$
