000
CDUS43 KGID 312235
CLIHSI


CLIMATE REPORT
NATIONAL WEATHER SERVICE HASTINGS NE
535 PM CDT THU JUL 31 2014


...................................

...THE HASTINGS NE CLIMATE SUMMARY FOR JULY 31 2014...
VALID TODAY AS OF 0500 PM LOCAL TIME.

CLIMATE NORMAL PERIOD 1981 TO 2010
CLIMATE RECORD PERIOD 1894 TO 2014


WEATHER ITEM   OBSERVED TIME   RECORD YEAR NORMAL DEPARTURE LAST
                VALUE   (LST)  VALUE       VALUE  FROM      YEAR
                                                  NORMAL
..................................................................
TEMPERATURE (F)
 TODAY
  MAXIMUM         89    215 PM 105    1935  87      2       84
                                      1934
  MINIMUM         59    408 AM  53    2009  66     -7       61
                                      1992
                                      1971
  AVERAGE         74                        77     -3       73

PRECIPITATION (IN)
  TODAY            T             1.64 1989   0.12  -0.12     0.00
  MONTH TO DATE    1.48                      3.74  -2.26     1.77
  SINCE JUN 1     10.17                      7.54   2.63     3.01
  SINCE JAN 1     17.11                     17.36  -0.25    14.81

SNOWFALL (IN)
  TODAY            0.0                       0.0    0.0      0.0
  MONTH TO DATE    0.0                       0.0    0.0      0.0
  SINCE JUN 1      0.0                       0.0    0.0      0.0
  SINCE JUL 1      0.0                       0.0    0.0      0.0
  SNOW DEPTH       0

DEGREE DAYS
 HEATING
  TODAY            0                         0      0        0
  MONTH TO DATE    6                         0      6        6
  SINCE JUN 1     14                        22     -8       33
  SINCE JUL 1      6                         1      5        6

 COOLING
  TODAY            9                        12     -3        8
  MONTH TO DATE  280                       376    -96      333
  SINCE JUN 1    511                       601    -90      569
  SINCE JAN 1    629                       660    -31      643
..................................................................


WIND (MPH)
  HIGHEST WIND SPEED    17   HIGHEST WIND DIRECTION     W (290)
  HIGHEST GUST SPEED    29   HIGHEST GUST DIRECTION    NW (300)
  AVERAGE WIND SPEED     6.4


SKY COVER
  AVERAGE SKY COVER 0.2


WEATHER CONDITIONS
 THE FOLLOWING WEATHER WAS RECORDED TODAY.
  THUNDERSTORM
  LIGHT RAIN


RELATIVE HUMIDITY (PERCENT)
 HIGHEST    78           300 AM
 LOWEST     29           200 PM
 AVERAGE    54

..........................................................


THE HASTINGS NE CLIMATE NORMALS FOR TOMORROW
                         NORMAL    RECORD    YEAR
 MAXIMUM TEMPERATURE (F)   87       105      1935
                                             1930
 MINIMUM TEMPERATURE (F)   66        51      1995


SUNRISE AND SUNSET
JULY 31 2014..........SUNRISE   630 AM CDT   SUNSET   850 PM CDT
AUGUST  1 2014........SUNRISE   631 AM CDT   SUNSET   849 PM CDT


-  INDICATES NEGATIVE NUMBERS.
R  INDICATES RECORD WAS SET OR TIED.
MM INDICATES DATA IS MISSING.
T  INDICATES TRACE AMOUNT.




$$
