000
CDUS43 KGID 302223
CLIHSI


CLIMATE REPORT
NATIONAL WEATHER SERVICE HASTINGS NE
522 PM CDT SUN AUG 30 2015


...................................

...THE HASTINGS NE CLIMATE SUMMARY FOR AUGUST 30 2015...
VALID TODAY AS OF 0500 PM LOCAL TIME.

CLIMATE NORMAL PERIOD 1981 TO 2010
CLIMATE RECORD PERIOD 1894 TO 2015


WEATHER ITEM   OBSERVED TIME   RECORD YEAR NORMAL DEPARTURE LAST
                VALUE   (LST)  VALUE       VALUE  FROM      YEAR
                                                  NORMAL
..................................................................
TEMPERATURE (F)
 TODAY
  MAXIMUM         81    359 PM 103    1947  83     -2       83
                                      1913
  MINIMUM         61    749 AM  40    1911  60      1       59
  AVERAGE         71                        71      0       71

PRECIPITATION (IN)
  TODAY            0.00          1.32 1944   0.14  -0.14     0.00
  MONTH TO DATE    2.15                      3.16  -1.01     7.79
  SINCE JUN 1     14.33                     10.70   3.63    17.96
  SINCE JAN 1     23.05                     20.52   2.53    24.90

SNOWFALL (IN)
  TODAY            0.0                       0.0    0.0      0.0
  MONTH TO DATE    0.0                       0.0    0.0      0.0
  SINCE JUN 1      0.0                       0.0    0.0      0.0
  SINCE JUL 1      0.0                       0.0    0.0      0.0
  SNOW DEPTH       0

DEGREE DAYS
 HEATING
  TODAY            0                         1     -1        0
  MONTH TO DATE   11                         1     10        0
  SINCE JUN 1     18                        23     -5       14
  SINCE JUL 1     15                         2     13        6

 COOLING
  TODAY            6                         7     -1        6
  MONTH TO DATE  236                       286    -50      281
  SINCE JUN 1    800                       887    -87      792
  SINCE JAN 1    831                       946   -115      910
..................................................................


WIND (MPH)
  HIGHEST WIND SPEED    18   HIGHEST WIND DIRECTION     S (160)
  HIGHEST GUST SPEED    22   HIGHEST GUST DIRECTION    SE (140)
  AVERAGE WIND SPEED     8.6


SKY COVER
  AVERAGE SKY COVER 0.5


WEATHER CONDITIONS
 THE FOLLOWING WEATHER WAS RECORDED TODAY.
  FOG
  FOG W/VISIBILITY <= 1/4 MILE


RELATIVE HUMIDITY (PERCENT)
 HIGHEST   100           500 AM
 LOWEST     54           400 PM
 AVERAGE    77

..........................................................


THE HASTINGS NE CLIMATE NORMALS FOR TOMORROW
                         NORMAL    RECORD    YEAR
 MAXIMUM TEMPERATURE (F)   83       103      1984
 MINIMUM TEMPERATURE (F)   60        44      1915


SUNRISE AND SUNSET
AUGUST 30 2015........SUNRISE   659 AM CDT   SUNSET   809 PM CDT
AUGUST 31 2015........SUNRISE   700 AM CDT   SUNSET   808 PM CDT


-  INDICATES NEGATIVE NUMBERS.
R  INDICATES RECORD WAS SET OR TIED.
MM INDICATES DATA IS MISSING.
T  INDICATES TRACE AMOUNT.




$$
