000
CDUS43 KGID 010639
CLIHSI


CLIMATE REPORT
NATIONAL WEATHER SERVICE HASTINGS NE
139 AM CDT WED OCT 1 2014


...................................

...THE HASTINGS NE CLIMATE SUMMARY FOR SEPTEMBER 30 2014...

CLIMATE NORMAL PERIOD 1981 TO 2010
CLIMATE RECORD PERIOD 1894 TO 2014


WEATHER ITEM   OBSERVED TIME   RECORD YEAR NORMAL DEPARTURE LAST
                VALUE   (LST)  VALUE       VALUE  FROM      YEAR
                                                  NORMAL
..................................................................
TEMPERATURE (F)
 YESTERDAY
  MAXIMUM         74    346 PM  94    1952  72      2       82
  MINIMUM         62   1008 PM  28    1920  48     14       51
                                      1912
  AVERAGE         68                        60      8       67

PRECIPITATION (IN)
  YESTERDAY        0.01          1.50 1919   0.07  -0.06     0.00
  MONTH TO DATE    1.78                      2.56  -0.78     1.26
  SINCE SEP 1      1.78                      2.56  -0.78     1.26
  SINCE JAN 1     26.68                     23.22   3.46    19.32

SNOWFALL (IN)
  YESTERDAY        0.0          MM      MM   0.0    0.0      0.0
  MONTH TO DATE    0.0                       0.2   -0.2      0.0
  SINCE SEP 1      0.0                       0.2   -0.2      0.0
  SINCE JUL 1      0.0                       0.2   -0.2      0.0
  SNOW DEPTH       0

DEGREE DAYS
 HEATING
  YESTERDAY        0                         7     -7        0
  MONTH TO DATE  109                        89     20       29
  SINCE SEP 1    109                        90     19       29
  SINCE JUL 1    115                        96     19       35

 COOLING
  YESTERDAY        3                         2      1        2
  MONTH TO DATE   95                       110    -15      185
  SINCE SEP 1     95                       110    -15      185
  SINCE JAN 1   1015                      1063    -48     1143
..................................................................


WIND (MPH)
  HIGHEST WIND SPEED    20   HIGHEST WIND DIRECTION    SE (140)
  HIGHEST GUST SPEED    26   HIGHEST GUST DIRECTION     S (160)
  AVERAGE WIND SPEED    10.8


SKY COVER
  AVERAGE SKY COVER 0.6


WEATHER CONDITIONS
 THE FOLLOWING WEATHER WAS RECORDED YESTERDAY.
  LIGHT RAIN
  FOG


RELATIVE HUMIDITY (PERCENT)
 HIGHEST    93           900 PM
 LOWEST     57           100 AM
 AVERAGE    75

..........................................................


THE HASTINGS NE CLIMATE NORMALS FOR TODAY
                         NORMAL    RECORD    YEAR
 MAXIMUM TEMPERATURE (F)   71        92      2006
                                             1963
                                             1924
 MINIMUM TEMPERATURE (F)   48        27      1985


SUNRISE AND SUNSET
OCTOBER  1 2014.......SUNRISE   730 AM CDT   SUNSET   716 PM CDT
OCTOBER  2 2014.......SUNRISE   731 AM CDT   SUNSET   714 PM CDT


-  INDICATES NEGATIVE NUMBERS.
R  INDICATES RECORD WAS SET OR TIED.
MM INDICATES DATA IS MISSING.
T  INDICATES TRACE AMOUNT.




$$
