000
CDUS43 KGID 282226
CLIHSI


CLIMATE REPORT
NATIONAL WEATHER SERVICE HASTINGS NE
524 PM CDT THU MAY 28 2015


...................................

...THE HASTINGS NE CLIMATE SUMMARY FOR MAY 28 2015...
VALID TODAY AS OF 0500 PM LOCAL TIME.

CLIMATE NORMAL PERIOD 1981 TO 2010
CLIMATE RECORD PERIOD 1894 TO 2015


WEATHER ITEM   OBSERVED TIME   RECORD YEAR NORMAL DEPARTURE LAST
                VALUE   (LST)  VALUE       VALUE  FROM      YEAR
                                                  NORMAL
..................................................................
TEMPERATURE (F)
 TODAY
  MAXIMUM         77    359 PM  96    2006  76      1       91
                                      1934
  MINIMUM         60    559 AM  33    1915  55      5       61
  AVERAGE         69                        66      3       76

PRECIPITATION (IN)
  TODAY            0.00          1.03 1930   0.11  -0.11     0.00
  MONTH TO DATE    3.48                      4.20  -0.72     2.15
  SINCE MAR 1      7.23                      8.55  -1.32     6.23
  SINCE JAN 1      8.34                      9.45  -1.11     6.94

SNOWFALL (IN)
  TODAY            0.0          MM      MM   0.0    0.0      0.0
  MONTH TO DATE    0.0                       0.0    0.0      0.0
  SINCE MAR 1      0.8                       6.4   -5.6      3.4
  SINCE JUL 1     17.0                      28.8  -11.8     21.7
  SNOW DEPTH       0

DEGREE DAYS
 HEATING
  TODAY            0                         3     -3        0
  MONTH TO DATE  170                       163      7      174
  SINCE MAR 1   1161                      1372   -211     1437
  SINCE JUL 1   5784                      6002   -218     6317

 COOLING
  TODAY            4                         3      1       11
  MONTH TO DATE   27                        45    -18       78
  SINCE MAR 1     31                        50    -19       86
  SINCE JAN 1     31                        50    -19       86
..................................................................


WIND (MPH)
  HIGHEST WIND SPEED    16   HIGHEST WIND DIRECTION     S (200)
  HIGHEST GUST SPEED    24   HIGHEST GUST DIRECTION     S (200)
  AVERAGE WIND SPEED     9.4


SKY COVER
  AVERAGE SKY COVER 0.1


WEATHER CONDITIONS
 THE FOLLOWING WEATHER WAS RECORDED TODAY.
  NO SIGNIFICANT WEATHER WAS OBSERVED.


RELATIVE HUMIDITY (PERCENT)
 HIGHEST    97           500 AM
 LOWEST     54           400 PM
 AVERAGE    76

..........................................................


THE HASTINGS NE CLIMATE NORMALS FOR TOMORROW
                         NORMAL    RECORD    YEAR
 MAXIMUM TEMPERATURE (F)   77       105      1934
 MINIMUM TEMPERATURE (F)   56        29      1947


SUNRISE AND SUNSET
MAY 28 2015...........SUNRISE   607 AM CDT   SUNSET   855 PM CDT
MAY 29 2015...........SUNRISE   607 AM CDT   SUNSET   856 PM CDT


-  INDICATES NEGATIVE NUMBERS.
R  INDICATES RECORD WAS SET OR TIED.
MM INDICATES DATA IS MISSING.
T  INDICATES TRACE AMOUNT.




$$
