000
CDUS43 KGID 260632
CLIHSI


CLIMATE REPORT
NATIONAL WEATHER SERVICE HASTINGS NE
130 AM CDT FRI MAY 26 2017


...................................

...THE HASTINGS NE CLIMATE SUMMARY FOR MAY 25 2017...

CLIMATE NORMAL PERIOD 1981 TO 2010
CLIMATE RECORD PERIOD 1894 TO 2017


WEATHER ITEM   OBSERVED TIME   RECORD YEAR NORMAL DEPARTURE LAST
                VALUE   (LST)  VALUE       VALUE  FROM      YEAR
                                                  NORMAL
..................................................................
TEMPERATURE (F)
 YESTERDAY
  MAXIMUM         76    429 PM  96    1967  75      1       76
  MINIMUM         51    510 AM  38    1940  54     -3       59
  AVERAGE         64                        65     -1       68

PRECIPITATION (IN)
  YESTERDAY        0.00          2.76 1903   0.15  -0.15     0.68
  MONTH TO DATE    6.06                      3.86   2.20     2.07
  SINCE MAR 1     10.38                      8.21   2.17     8.30
  SINCE JAN 1     11.48                      9.11   2.37    10.22

SNOWFALL (IN)
  YESTERDAY        0.0          MM      MM   0.0    0.0      0.0
  MONTH TO DATE    0.6                       0.0    0.6      0.0
  SINCE MAR 1      2.0                       6.4   -4.4      2.1
  SINCE JUL 1     11.1                      28.8  -17.7     32.4
  SNOW DEPTH       0

DEGREE DAYS
 HEATING
  YESTERDAY        1                         3     -2        0
  MONTH TO DATE  163                       154      9      173
  SINCE MAR 1   1213                      1363   -150     1103
  SINCE JUL 1   5143                      5993   -850     5013

 COOLING
  YESTERDAY        0                         3     -3        3
  MONTH TO DATE   46                        36     10       17
  SINCE MAR 1     54                        41     13       17
  SINCE JAN 1     54                        41     13       17
..................................................................


WIND (MPH)
  HIGHEST WIND SPEED    22   HIGHEST WIND DIRECTION     S (180)
  HIGHEST GUST SPEED    31   HIGHEST GUST DIRECTION     S (190)
  AVERAGE WIND SPEED    10.0


SKY COVER
  AVERAGE SKY COVER 0.0


WEATHER CONDITIONS
 THE FOLLOWING WEATHER WAS RECORDED YESTERDAY.
  NO SIGNIFICANT WEATHER WAS OBSERVED.


RELATIVE HUMIDITY (PERCENT)
 HIGHEST    73          1100 PM
 LOWEST     46           300 PM
 AVERAGE    60

..........................................................


THE HASTINGS NE CLIMATE NORMALS FOR TODAY
                         NORMAL    RECORD    YEAR
 MAXIMUM TEMPERATURE (F)   75       100      2012
 MINIMUM TEMPERATURE (F)   55        38      1992


SUNRISE AND SUNSET
MAY 26 2017...........SUNRISE   608 AM CDT   SUNSET   854 PM CDT
MAY 27 2017...........SUNRISE   608 AM CDT   SUNSET   855 PM CDT


-  INDICATES NEGATIVE NUMBERS.
R  INDICATES RECORD WAS SET OR TIED.
MM INDICATES DATA IS MISSING.
T  INDICATES TRACE AMOUNT.

$$

KELLEY
