000
CDUS43 KGID 290644
CLIHSI


CLIMATE REPORT
NATIONAL WEATHER SERVICE HASTINGS NE
1243 AM CST MON DEC 29 2014


...................................

...THE HASTINGS NE CLIMATE SUMMARY FOR DECEMBER 28 2014...

CLIMATE NORMAL PERIOD 1981 TO 2010
CLIMATE RECORD PERIOD 1894 TO 2014


WEATHER ITEM   OBSERVED TIME   RECORD YEAR NORMAL DEPARTURE LAST
                VALUE   (LST)  VALUE       VALUE  FROM      YEAR
                                                  NORMAL
..................................................................
TEMPERATURE (F)
 YESTERDAY
  MAXIMUM         30    347 PM  67    2002  35     -5       56
  MINIMUM          8    701 AM -12    1924  16     -8       14
  AVERAGE         19                        26     -7       35

PRECIPITATION (IN)
  YESTERDAY        0.00          0.60 1966   0.02  -0.02     0.00
  MONTH TO DATE    0.49                      0.57  -0.08     0.14
  SINCE DEC 1      0.49                      0.57  -0.08     0.14
  SINCE JAN 1     29.16                     27.07   2.09    25.21

SNOWFALL (IN)
  YESTERDAY        0.0           7.0  1966   0.2   -0.2      0.0
  MONTH TO DATE    2.4                       5.5   -3.1      5.0
  SINCE DEC 1      2.4                       5.5   -3.1      5.0
  SINCE JUL 1      4.1                       9.3   -5.2      5.4
  SNOW DEPTH       2

DEGREE DAYS
 HEATING
  YESTERDAY       46                        39      7       30
  MONTH TO DATE  898                      1040   -142     1139
  SINCE DEC 1    898                      1040   -142     1139
  SINCE JUL 1   2236                      2321    -85     2404

 COOLING
  YESTERDAY        0                         0      0        0
  MONTH TO DATE    0                         0      0        0
  SINCE DEC 1      0                         0      0        0
  SINCE JAN 1   1018                      1077    -59     1158
..................................................................


WIND (MPH)
  HIGHEST WIND SPEED    15   HIGHEST WIND DIRECTION     W (260)
  HIGHEST GUST SPEED    19   HIGHEST GUST DIRECTION     W (260)
  AVERAGE WIND SPEED     5.6


SKY COVER
  AVERAGE SKY COVER 0.4


WEATHER CONDITIONS
 THE FOLLOWING WEATHER WAS RECORDED YESTERDAY.
  NO SIGNIFICANT WEATHER WAS OBSERVED.


RELATIVE HUMIDITY (PERCENT)
 HIGHEST    84           500 AM
 LOWEST     58           300 PM
 AVERAGE    71

..........................................................


THE HASTINGS NE CLIMATE NORMALS FOR TODAY
                         NORMAL    RECORD    YEAR
 MAXIMUM TEMPERATURE (F)   35        65      1999
 MINIMUM TEMPERATURE (F)   16       -14      1917


SUNRISE AND SUNSET
DECEMBER 29 2014......SUNRISE   757 AM CST   SUNSET   515 PM CST
DECEMBER 30 2014......SUNRISE   757 AM CST   SUNSET   516 PM CST


-  INDICATES NEGATIVE NUMBERS.
R  INDICATES RECORD WAS SET OR TIED.
MM INDICATES DATA IS MISSING.
T  INDICATES TRACE AMOUNT.




$$
