000
CDUS43 KGID 170714
CLIHSI


CLIMATE REPORT
NATIONAL WEATHER SERVICE HASTINGS NE
112 AM CST WED JAN 17 2018


...................................

...THE HASTINGS NE CLIMATE SUMMARY FOR JANUARY 16 2018...

CLIMATE NORMAL PERIOD 1981 TO 2010
CLIMATE RECORD PERIOD 1894 TO 2018


WEATHER ITEM   OBSERVED TIME   RECORD YEAR NORMAL DEPARTURE LAST
                VALUE   (LST)  VALUE       VALUE  FROM      YEAR
                                                  NORMAL
..................................................................
TEMPERATURE (F)
 YESTERDAY
  MAXIMUM         12    444 PM  64    1996  36    -24       33
  MINIMUM         -3    641 AM -12    1930  16    -19       30
  AVERAGE          5                        26    -21       32

PRECIPITATION (IN)
  YESTERDAY        0.00          0.53 2017   0.02  -0.02     0.53
  MONTH TO DATE    0.10                      0.15  -0.05     0.82
  SINCE DEC 1      0.38                      0.76  -0.38     1.43
  SINCE JAN 1      0.10                      0.15  -0.05     0.82

SNOWFALL (IN)
  YESTERDAY        0.0           2.0  1917   0.2   -0.2      0.0
  MONTH TO DATE    2.3                       2.8   -0.5      3.7
  SINCE DEC 1      8.1                       8.9   -0.8      4.7
  SINCE JUL 1      8.3                      12.7   -4.4      4.8
  SNOW DEPTH       1

DEGREE DAYS
 HEATING
  YESTERDAY       60                        39     21       33
  MONTH TO DATE  738                       628    110      716
  SINCE DEC 1   1913                      1787    126     1898
  SINCE JUL 1   3056                      3068    -12     2765

 COOLING
  YESTERDAY        0                         0      0        0
  MONTH TO DATE    0                         0      0        0
  SINCE DEC 1      0                         0      0        0
  SINCE JAN 1      0                         0      0        0
..................................................................


WIND (MPH)
  HIGHEST WIND SPEED    22   HIGHEST WIND DIRECTION     N (340)
  HIGHEST GUST SPEED    27   HIGHEST GUST DIRECTION    NW (330)
  AVERAGE WIND SPEED    10.9


SKY COVER
  AVERAGE SKY COVER 0.2


WEATHER CONDITIONS
 THE FOLLOWING WEATHER WAS RECORDED YESTERDAY.
  HAZE


RELATIVE HUMIDITY (PERCENT)
 HIGHEST    79           700 AM
 LOWEST     61           400 PM
 AVERAGE    70

..........................................................


THE HASTINGS NE CLIMATE NORMALS FOR TODAY
                         NORMAL    RECORD    YEAR
 MAXIMUM TEMPERATURE (F)   36        58      1986
 MINIMUM TEMPERATURE (F)   16       -18      1930


SUNRISE AND SUNSET
JANUARY 17 2018.......SUNRISE   754 AM CST   SUNSET   534 PM CST
JANUARY 18 2018.......SUNRISE   754 AM CST   SUNSET   535 PM CST


-  INDICATES NEGATIVE NUMBERS.
R  INDICATES RECORD WAS SET OR TIED.
MM INDICATES DATA IS MISSING.
T  INDICATES TRACE AMOUNT.




$$
