000
CDUS44 KHUN 252225
CLIHSV


CLIMATE REPORT
NATIONAL WEATHER SERVICE HUNTSVILLE AL
424 PM CST SUN JAN 25 2015


...................................

...THE HUNTSVILLE CLIMATE SUMMARY FOR JANUARY 25 2015...
VALID TODAY AS OF 0400 PM LOCAL TIME.

CLIMATE NORMAL PERIOD 1981 TO 2010
CLIMATE RECORD PERIOD 1894 TO 2015


WEATHER ITEM   OBSERVED TIME   RECORD YEAR NORMAL DEPARTURE LAST
                VALUE   (LST)  VALUE       VALUE  FROM      YEAR
                                                  NORMAL
..................................................................
TEMPERATURE (F)
 TODAY
  MAXIMUM         59    204 PM  77    1950  52      7       46
  MINIMUM         30    504 AM   4    1940  32     -2       19
  AVERAGE         45                        42      3       33

PRECIPITATION (IN)
  TODAY            T             2.55 1929   0.15  -0.15     0.00
  MONTH TO DATE    3.97                      3.96   0.01     3.30
  SINCE DEC 1      9.70                      9.73  -0.03     9.87
  SINCE JAN 1      3.97                      3.96   0.01     3.30

SNOWFALL (IN)
  TODAY            0.0
  MONTH TO DATE    T
  SINCE DEC 1      T
  SINCE JUL 1      T
  SNOW DEPTH       0

DEGREE DAYS
 HEATING
  TODAY           20                        23     -3       32
  MONTH TO DATE  609                       596     13      744
  SINCE DEC 1   1152                      1250    -98     1376
  SINCE JUL 1   1768                      1777     -9     2011

 COOLING
  TODAY            0                         0      0        0
  MONTH TO DATE    0                         0      0        0
  SINCE DEC 1      0                         2     -2        5
  SINCE JAN 1      0                         0      0        0
..................................................................


WIND (MPH)
  HIGHEST WIND SPEED    20   HIGHEST WIND DIRECTION    SW (230)
  HIGHEST GUST SPEED    25   HIGHEST GUST DIRECTION     S (200)
  AVERAGE WIND SPEED     8.0


SKY COVER
  POSSIBLE SUNSHINE  MM
  AVERAGE SKY COVER 0.3


WEATHER CONDITIONS
 THE FOLLOWING WEATHER WAS RECORDED TODAY.
  LIGHT RAIN


RELATIVE HUMIDITY (PERCENT)
 HIGHEST    85           500 AM
 LOWEST     44           200 PM
 AVERAGE    65

..........................................................


THE HUNTSVILLE CLIMATE NORMALS FOR TOMORROW
                         NORMAL    RECORD    YEAR
 MAXIMUM TEMPERATURE (F)   52        75      1950
 MINIMUM TEMPERATURE (F)   32        -4      1940


SUNRISE AND SUNSET
JANUARY 25 2015.......SUNRISE   650 AM CST   SUNSET   509 PM CST
JANUARY 26 2015.......SUNRISE   649 AM CST   SUNSET   510 PM CST


-  INDICATES NEGATIVE NUMBERS.
R  INDICATES RECORD WAS SET OR TIED.
MM INDICATES DATA IS MISSING.
T  INDICATES TRACE AMOUNT.




$$
