000
CDUS44 KHUN 210807
CLIHSV


CLIMATE REPORT
NATIONAL WEATHER SERVICE HUNTSVILLE AL
206 AM CST SAT JAN 21 2017


...................................

...THE HUNTSVILLE CLIMATE SUMMARY FOR JANUARY 20 2017...

CLIMATE NORMAL PERIOD 1981 TO 2010
CLIMATE RECORD PERIOD 1894 TO 2017


WEATHER ITEM   OBSERVED TIME   RECORD YEAR NORMAL DEPARTURE LAST
                VALUE   (LST)  VALUE       VALUE  FROM      YEAR
                                                  NORMAL
..................................................................
TEMPERATURE (F)
 YESTERDAY
  MAXIMUM         71    347 PM  73    1933  51     20       40
  MINIMUM         58   1155 PM  -9    1985  32     26       33
  AVERAGE         65                        41     24       37

PRECIPITATION (IN)
  YESTERDAY        0.00          2.01 1895   0.16  -0.16     0.27
  MONTH TO DATE    2.36                      3.18  -0.82     0.86
  SINCE DEC 1      8.27                      8.95  -0.68    11.54
  SINCE JAN 1      2.36                      3.18  -0.82     0.86

SNOWFALL (IN)
  YESTERDAY        0.0
  MONTH TO DATE    T
  SINCE DEC 1      T
  SINCE JUL 1      T
  SNOW DEPTH       0

DEGREE DAYS
 HEATING
  YESTERDAY        0                        24    -24       28
  MONTH TO DATE  264                       480   -216      518
  SINCE DEC 1    812                      1134   -322      839
  SINCE JUL 1   1076                      1661   -585     1133

 COOLING
  YESTERDAY        0                         0      0        0
  MONTH TO DATE    1                         0      1        0
  SINCE DEC 1      5                         2      3       23
  SINCE JAN 1      1                         0      1        0
..................................................................


WIND (MPH)
  HIGHEST WIND SPEED    18   HIGHEST WIND DIRECTION    SW (220)
  HIGHEST GUST SPEED    23   HIGHEST GUST DIRECTION    SW (220)
  AVERAGE WIND SPEED     7.2


SKY COVER
  POSSIBLE SUNSHINE  MM
  AVERAGE SKY COVER 0.8


WEATHER CONDITIONS
 THE FOLLOWING WEATHER WAS RECORDED YESTERDAY.
  NO SIGNIFICANT WEATHER WAS OBSERVED.


RELATIVE HUMIDITY (PERCENT)
 HIGHEST   100           300 AM
 LOWEST     57           300 PM
 AVERAGE    79

..........................................................


THE HUNTSVILLE CLIMATE NORMALS FOR TODAY
                         NORMAL    RECORD    YEAR
 MAXIMUM TEMPERATURE (F)   51        73      1937
 MINIMUM TEMPERATURE (F)   32       -11      1985


SUNRISE AND SUNSET
JANUARY 21 2017.......SUNRISE   652 AM CST   SUNSET   506 PM CST
JANUARY 22 2017.......SUNRISE   651 AM CST   SUNSET   507 PM CST


-  INDICATES NEGATIVE NUMBERS.
R  INDICATES RECORD WAS SET OR TIED.
MM INDICATES DATA IS MISSING.
T  INDICATES TRACE AMOUNT.




$$
