000
CDUS44 KHUN 270705
CLIHSV


CLIMATE REPORT
NATIONAL WEATHER SERVICE HUNTSVILLE AL
204 AM CDT MON MAR 27 2017


...................................

...THE HUNTSVILLE CLIMATE SUMMARY FOR MARCH 26 2017...

CLIMATE NORMAL PERIOD 1981 TO 2010
CLIMATE RECORD PERIOD 1894 TO 2017


WEATHER ITEM   OBSERVED TIME   RECORD YEAR NORMAL DEPARTURE LAST
                VALUE   (LST)  VALUE       VALUE  FROM      YEAR
                                                  NORMAL
..................................................................
TEMPERATURE (F)
 YESTERDAY
  MAXIMUM         74    338 PM  88    2007  68      6       77
  MINIMUM         56   1247 AM  20    1955  44     12       38
  AVERAGE         65                        56      9       58

PRECIPITATION (IN)
  YESTERDAY        T             2.09 2011   0.18  -0.18     0.00
  MONTH TO DATE    3.07                      4.36  -1.29     2.64
  SINCE MAR 1      3.07                      4.36  -1.29     2.64
  SINCE JAN 1     11.94                     14.09  -2.15    12.59

SNOWFALL (IN)
  YESTERDAY        0.0
  MONTH TO DATE    T
  SINCE MAR 1      T
  SINCE JUL 1      T
  SNOW DEPTH       0

DEGREE DAYS
 HEATING
  YESTERDAY        0                         9     -9        7
  MONTH TO DATE  307                       325    -18      214
  SINCE MAR 1    307                       325    -18      214
  SINCE JUL 1   1874                      2777   -903     2110

 COOLING
  YESTERDAY        0                         1     -1        0
  MONTH TO DATE   14                         4     10       23
  SINCE MAR 1     14                         4     10       23
  SINCE JAN 1     19                         5     14       24
..................................................................


WIND (MPH)
  HIGHEST WIND SPEED    18   HIGHEST WIND DIRECTION    SW (220)
  HIGHEST GUST SPEED    23   HIGHEST GUST DIRECTION    SW (220)
  AVERAGE WIND SPEED     8.6


SKY COVER
  POSSIBLE SUNSHINE  MM
  AVERAGE SKY COVER 0.6


WEATHER CONDITIONS
 THE FOLLOWING WEATHER WAS RECORDED YESTERDAY.
  LIGHT RAIN
  FOG


RELATIVE HUMIDITY (PERCENT)
 HIGHEST   100          1200 AM
 LOWEST     61           400 PM
 AVERAGE    81

..........................................................


THE HUNTSVILLE CLIMATE NORMALS FOR TODAY
                         NORMAL    RECORD    YEAR
 MAXIMUM TEMPERATURE (F)   68        86      1910
                                             1907
 MINIMUM TEMPERATURE (F)   45        16      1955


SUNRISE AND SUNSET
MARCH 27 2017.........SUNRISE   641 AM CDT   SUNSET   704 PM CDT
MARCH 28 2017.........SUNRISE   639 AM CDT   SUNSET   705 PM CDT


-  INDICATES NEGATIVE NUMBERS.
R  INDICATES RECORD WAS SET OR TIED.
MM INDICATES DATA IS MISSING.
T  INDICATES TRACE AMOUNT.




$$
