000
CDUS44 KHUN 190710
CLIHSV


CLIMATE REPORT
NATIONAL WEATHER SERVICE HUNTSVILLE AL
210 AM CDT SAT AUG 19 2017


...................................

...THE HUNTSVILLE CLIMATE SUMMARY FOR AUGUST 18 2017...

CLIMATE NORMAL PERIOD 1981 TO 2010
CLIMATE RECORD PERIOD 1894 TO 2017


WEATHER ITEM   OBSERVED TIME   RECORD YEAR NORMAL DEPARTURE LAST
                VALUE   (LST)  VALUE       VALUE  FROM      YEAR
                                                  NORMAL
..................................................................
TEMPERATURE (F)
 YESTERDAY
  MAXIMUM         90    257 PM 101    1999  91     -1       93
                                      1990
                                      1936
  MINIMUM         70   1159 PM  54    1943  70      0       73
  AVERAGE         80                        80      0       83

PRECIPITATION (IN)
  YESTERDAY        0.00          1.95 1981   0.12  -0.12     0.09
  MONTH TO DATE    2.43                      2.16   0.27     1.79
  SINCE JUN 1     16.06                     10.50   5.56    11.12
  SINCE JAN 1     38.78                     34.87   3.91    29.42

SNOWFALL (IN)
  YESTERDAY        0.0
  MONTH TO DATE    0.0
  SINCE JUN 1      0.0
  SINCE JUL 1      0.0
  SNOW DEPTH       0

DEGREE DAYS
 HEATING
  YESTERDAY        0                         0      0        0
  MONTH TO DATE    0                         0      0        0
  SINCE JUN 1      0                         1     -1        0
  SINCE JUL 1      0                         0      0        0

 COOLING
  YESTERDAY       15                        15      0       18
  MONTH TO DATE  266                       284    -18      335
  SINCE JUN 1   1168                      1146     22     1390
  SINCE JAN 1   1557                      1409    148     1677
..................................................................


WIND (MPH)
  HIGHEST WIND SPEED    14   HIGHEST WIND DIRECTION     W (290)
  HIGHEST GUST SPEED    17   HIGHEST GUST DIRECTION    NW (310)
  AVERAGE WIND SPEED     4.8


SKY COVER
  POSSIBLE SUNSHINE  MM
  AVERAGE SKY COVER 0.5


WEATHER CONDITIONS
 THE FOLLOWING WEATHER WAS RECORDED YESTERDAY.
  NO SIGNIFICANT WEATHER WAS OBSERVED.


RELATIVE HUMIDITY (PERCENT)
 HIGHEST   100           100 AM
 LOWEST     47           300 PM
 AVERAGE    74

..........................................................


THE HUNTSVILLE CLIMATE NORMALS FOR TODAY
                         NORMAL    RECORD    YEAR
 MAXIMUM TEMPERATURE (F)   91       103      1925
 MINIMUM TEMPERATURE (F)   69        56      1943


SUNRISE AND SUNSET
AUGUST 19 2017........SUNRISE   611 AM CDT   SUNSET   730 PM CDT
AUGUST 20 2017........SUNRISE   612 AM CDT   SUNSET   729 PM CDT


-  INDICATES NEGATIVE NUMBERS.
R  INDICATES RECORD WAS SET OR TIED.
MM INDICATES DATA IS MISSING.
T  INDICATES TRACE AMOUNT.




$$
