000
CDUS44 KHUN 221253
CLIHSV


CLIMATE REPORT...CORRECTED
NATIONAL WEATHER SERVICE HUNTSVILLE AL
752 AM CDT THU JUN 22 2017


...................................

...THE HUNTSVILLE CLIMATE SUMMARY FOR JUNE 21 2017...

CLIMATE NORMAL PERIOD 1981 TO 2010
CLIMATE RECORD PERIOD 1894 TO 2017


WEATHER ITEM   OBSERVED TIME   RECORD YEAR NORMAL DEPARTURE LAST
                VALUE   (LST)  VALUE       VALUE  FROM      YEAR
                                                  NORMAL
..................................................................
TEMPERATURE (F)
 YESTERDAY
  MAXIMUM         83    136 PM 105    1933  89     -6       93
  MINIMUM         72    505 AM  55    2003  68      4       69
                                      1944
  AVERAGE         78                        79     -1       81

PRECIPITATION (IN)
  YESTERDAY        0.01          1.27 1909   0.14  -0.13     0.00
  MONTH TO DATE    2.42                      2.97  -0.55     2.82
  SINCE JUN 1      2.42                      2.97  -0.55     2.82
  SINCE JAN 1     25.14                     27.34  -2.20    21.12

SNOWFALL (IN)
  YESTERDAY        0.0
  MONTH TO DATE    0.0
  SINCE JUN 1      0.0
  SINCE JUL 1      T
  SNOW DEPTH       0

DEGREE DAYS
 HEATING
  YESTERDAY        0                         0      0        0
  MONTH TO DATE    0                         0      0        0
  SINCE JUN 1      0                         0      0        0
  SINCE JUL 1   1967                      3001  -1034     2253

 COOLING
  YESTERDAY       13                        14     -1       16
  MONTH TO DATE  267                       250     17      310
  SINCE JUN 1    267                       250     17      310
  SINCE JAN 1    656                       513    143      597
..................................................................


WIND (MPH)
  HIGHEST WIND SPEED    16   HIGHEST WIND DIRECTION    SE (150)
  HIGHEST GUST SPEED    21   HIGHEST GUST DIRECTION    SE (150)
  AVERAGE WIND SPEED     7.5


SKY COVER
  POSSIBLE SUNSHINE  MM
  AVERAGE SKY COVER 0.8


WEATHER CONDITIONS
 THE FOLLOWING WEATHER WAS RECORDED YESTERDAY.
  LIGHT RAIN


RELATIVE HUMIDITY (PERCENT)
 HIGHEST   100           300 AM
 LOWEST     65          1200 PM
 AVERAGE    83

..........................................................


THE HUNTSVILLE CLIMATE NORMALS FOR TODAY
                         NORMAL    RECORD    YEAR
 MAXIMUM TEMPERATURE (F)   89       105      1933
 MINIMUM TEMPERATURE (F)   69        51      1992


SUNRISE AND SUNSET
JUNE 22 2017..........SUNRISE   535 AM CDT   SUNSET   804 PM CDT
JUNE 23 2017..........SUNRISE   535 AM CDT   SUNSET   804 PM CDT


-  INDICATES NEGATIVE NUMBERS.
R  INDICATES RECORD WAS SET OR TIED.
MM INDICATES DATA IS MISSING.
T  INDICATES TRACE AMOUNT.




$$
