000
CDUS44 KHUN 170706
CLIHSV


CLIMATE REPORT
NATIONAL WEATHER SERVICE HUNTSVILLE AL
206 AM CDT TUE OCT 17 2017


...................................

...THE HUNTSVILLE CLIMATE SUMMARY FOR OCTOBER 16 2017...

CLIMATE NORMAL PERIOD 1981 TO 2010
CLIMATE RECORD PERIOD 1894 TO 2017


WEATHER ITEM   OBSERVED TIME   RECORD YEAR NORMAL DEPARTURE LAST
                VALUE   (LST)  VALUE       VALUE  FROM      YEAR
                                                  NORMAL
..................................................................
TEMPERATURE (F)
 YESTERDAY
  MAXIMUM         68    318 PM  89    1915  75     -7       83
  MINIMUM         49   1135 PM  33    1943  51     -2       65
  AVERAGE         59                        63     -4       74

PRECIPITATION (IN)
  YESTERDAY        0.00          4.91 1932   0.11  -0.11      T
  MONTH TO DATE    3.32                      1.78   1.54      T
  SINCE SEP 1      6.03                      5.50   0.53     0.47
  SINCE JAN 1     46.24                     41.82   4.42    32.98

SNOWFALL (IN)
  YESTERDAY        0.0
  MONTH TO DATE    0.0
  SINCE SEP 1      0.0
  SINCE JUL 1      0.0
  SNOW DEPTH       0

DEGREE DAYS
 HEATING
  YESTERDAY        6                         4      2        0
  MONTH TO DATE    6                        47    -41        0
  SINCE SEP 1     17                        60    -43        3
  SINCE JUL 1     17                        60    -43        3

 COOLING
  YESTERDAY        0                         2     -2        9
  MONTH TO DATE  110                        50     60       92
  SINCE SEP 1    351                       325     26      537
  SINCE JAN 1   2079                      1920    159     2442
..................................................................


WIND (MPH)
  HIGHEST WIND SPEED    23   HIGHEST WIND DIRECTION    NE (30)
  HIGHEST GUST SPEED    28   HIGHEST GUST DIRECTION     N (20)
  AVERAGE WIND SPEED    11.8


SKY COVER
  POSSIBLE SUNSHINE  MM
  AVERAGE SKY COVER 0.3


WEATHER CONDITIONS
 THE FOLLOWING WEATHER WAS RECORDED YESTERDAY.
  NO SIGNIFICANT WEATHER WAS OBSERVED.


RELATIVE HUMIDITY (PERCENT)
 HIGHEST    86          1200 AM
 LOWEST     39           300 PM
 AVERAGE    63

..........................................................


THE HUNTSVILLE CLIMATE NORMALS FOR TODAY
                         NORMAL    RECORD    YEAR
 MAXIMUM TEMPERATURE (F)   74        89      1938
                                             1915
 MINIMUM TEMPERATURE (F)   51        28      1943


SUNRISE AND SUNSET
OCTOBER 17 2017.......SUNRISE   655 AM CDT   SUNSET   610 PM CDT
OCTOBER 18 2017.......SUNRISE   655 AM CDT   SUNSET   608 PM CDT


-  INDICATES NEGATIVE NUMBERS.
R  INDICATES RECORD WAS SET OR TIED.
MM INDICATES DATA IS MISSING.
T  INDICATES TRACE AMOUNT.




$$
