000
CDUS44 KHUN 172224
CLIHSV


CLIMATE REPORT
NATIONAL WEATHER SERVICE HUNTSVILLE AL
424 PM CST WED DEC 17 2014


...................................

...THE HUNTSVILLE CLIMATE SUMMARY FOR DECEMBER 17 2014...
VALID TODAY AS OF 0400 PM LOCAL TIME.

CLIMATE NORMAL PERIOD 1981 TO 2010
CLIMATE RECORD PERIOD 1894 TO 2014


WEATHER ITEM   OBSERVED TIME   RECORD YEAR NORMAL DEPARTURE LAST
                VALUE   (LST)  VALUE       VALUE  FROM      YEAR
                                                  NORMAL
..................................................................
TEMPERATURE (F)
 TODAY
  MAXIMUM         47    244 PM  77    1924  53     -6       63
  MINIMUM         43    926 AM  14    1945  34      9       32
  AVERAGE         45                        43      2       48

PRECIPITATION (IN)
  TODAY            0.00          3.12 1961   0.19  -0.19     0.00
  MONTH TO DATE    2.53                      3.34  -0.81     4.29
  SINCE DEC 1      2.53                      3.34  -0.81     4.29
  SINCE JAN 1     50.27                     51.91  -1.64    56.01

SNOWFALL (IN)
  TODAY            0.0
  MONTH TO DATE    0.0
  SINCE DEC 1      0.0
  SINCE JUL 1      T
  SNOW DEPTH       0

DEGREE DAYS
 HEATING
  TODAY           20                        22     -2       17
  MONTH TO DATE  271                       337    -66      351
  SINCE DEC 1    271                       337    -66      351
  SINCE JUL 1    887                       864     23      986

 COOLING
  TODAY            0                         0      0        0
  MONTH TO DATE    0                         0      0        1
  SINCE DEC 1      0                         0      0        1
  SINCE JAN 1   2032                      1949     83     1835
..................................................................


WIND (MPH)
  HIGHEST WIND SPEED    12   HIGHEST WIND DIRECTION    NE (40)
  HIGHEST GUST SPEED    22   HIGHEST GUST DIRECTION    NW (300)
  AVERAGE WIND SPEED     6.4


SKY COVER
  POSSIBLE SUNSHINE  MM
  AVERAGE SKY COVER 1.0


WEATHER CONDITIONS
 THE FOLLOWING WEATHER WAS RECORDED TODAY.
  NO SIGNIFICANT WEATHER WAS OBSERVED.


RELATIVE HUMIDITY (PERCENT)
 HIGHEST    82          1200 AM
 LOWEST     65           100 PM
 AVERAGE    74

..........................................................


THE HUNTSVILLE CLIMATE NORMALS FOR TOMORROW
                         NORMAL    RECORD    YEAR
 MAXIMUM TEMPERATURE (F)   53        74      1915
 MINIMUM TEMPERATURE (F)   34        12      1943


SUNRISE AND SUNSET
DECEMBER 17 2014......SUNRISE   648 AM CST   SUNSET   438 PM CST
DECEMBER 18 2014......SUNRISE   649 AM CST   SUNSET   439 PM CST


-  INDICATES NEGATIVE NUMBERS.
R  INDICATES RECORD WAS SET OR TIED.
MM INDICATES DATA IS MISSING.
T  INDICATES TRACE AMOUNT.




$$
