000
CDUS44 KHUN 280704
CLIHSV


CLIMATE REPORT
NATIONAL WEATHER SERVICE HUNTSVILLE AL
204 AM CDT SAT MAR 28 2015


...................................

...THE HUNTSVILLE CLIMATE SUMMARY FOR MARCH 27 2015...

CLIMATE NORMAL PERIOD 1981 TO 2010
CLIMATE RECORD PERIOD 1894 TO 2015


WEATHER ITEM   OBSERVED TIME   RECORD YEAR NORMAL DEPARTURE LAST
                VALUE   (LST)  VALUE       VALUE  FROM      YEAR
                                                  NORMAL
..................................................................
TEMPERATURE (F)
 YESTERDAY
  MAXIMUM         55   1235 PM  86    1910  68    -13       70
                                      1907
  MINIMUM         37   1117 PM  16    1955  45     -8       39
  AVERAGE         46                        56    -10       55

PRECIPITATION (IN)
  YESTERDAY        0.07          4.30 1994   0.17  -0.10     0.20
  MONTH TO DATE    4.68                      4.53   0.15     2.45
  SINCE MAR 1      4.68                      4.53   0.15     2.45
  SINCE JAN 1     12.42                     14.26  -1.84    12.32

SNOWFALL (IN)
  YESTERDAY        0.0
  MONTH TO DATE    1.0
  SINCE MAR 1      1.0
  SINCE JUL 1      9.8
  SNOW DEPTH       0

DEGREE DAYS
 HEATING
  YESTERDAY       19                         9     10       10
  MONTH TO DATE  254                       334    -80      427
  SINCE MAR 1    254                       334    -80      427
  SINCE JUL 1   2895                      2786    109     3262

 COOLING
  YESTERDAY        0                         1     -1        0
  MONTH TO DATE    2                         5     -3        0
  SINCE MAR 1      2                         5     -3        0
  SINCE JAN 1      2                         6     -4        1
..................................................................


WIND (MPH)
  HIGHEST WIND SPEED    28   HIGHEST WIND DIRECTION     N (340)
  HIGHEST GUST SPEED    36   HIGHEST GUST DIRECTION    NW (330)
  AVERAGE WIND SPEED    11.1


SKY COVER
  POSSIBLE SUNSHINE  MM
  AVERAGE SKY COVER 0.8


WEATHER CONDITIONS
 THE FOLLOWING WEATHER WAS RECORDED YESTERDAY.
  HEAVY RAIN
  RAIN
  LIGHT RAIN


RELATIVE HUMIDITY (PERCENT)
 HIGHEST    86           700 PM
 LOWEST     41           100 PM
 AVERAGE    64

..........................................................


THE HUNTSVILLE CLIMATE NORMALS FOR TODAY
                         NORMAL    RECORD    YEAR
 MAXIMUM TEMPERATURE (F)   69        87      1910
 MINIMUM TEMPERATURE (F)   45        25      1926


SUNRISE AND SUNSET
MARCH 28 2015.........SUNRISE   640 AM CDT   SUNSET   705 PM CDT
MARCH 29 2015.........SUNRISE   639 AM CDT   SUNSET   706 PM CDT


-  INDICATES NEGATIVE NUMBERS.
R  INDICATES RECORD WAS SET OR TIED.
MM INDICATES DATA IS MISSING.
T  INDICATES TRACE AMOUNT.




$$
