000
CDUS44 KHUN 060717
CLIHSV


CLIMATE REPORT
NATIONAL WEATHER SERVICE HUNTSVILLE AL
217 AM CDT MON JUL 6 2015


...................................

...THE HUNTSVILLE CLIMATE SUMMARY FOR JULY 5 2015...

CLIMATE NORMAL PERIOD 1981 TO 2010
CLIMATE RECORD PERIOD 1894 TO 2015


WEATHER ITEM   OBSERVED TIME   RECORD YEAR NORMAL DEPARTURE LAST
                VALUE   (LST)  VALUE       VALUE  FROM      YEAR
                                                  NORMAL
..................................................................
TEMPERATURE (F)
 YESTERDAY
  MAXIMUM         84    422 PM 100    2012  91     -7       89
                                      1928
  MINIMUM         70    536 AM  57    2014  70      0       57
                                      1915
  AVERAGE         77                        80     -3       73

PRECIPITATION (IN)
  YESTERDAY        0.09          4.81 2001   0.14  -0.05     0.00
  MONTH TO DATE    3.47                      0.72   2.75      T
  SINCE JUN 1      5.85                      5.01   0.84     7.13
  SINCE JAN 1     31.23                     29.38   1.85    30.60

SNOWFALL (IN)
  YESTERDAY        0.0
  MONTH TO DATE    0.0
  SINCE JUN 1      0.0
  SINCE JUL 1      0.0
  SNOW DEPTH       0

DEGREE DAYS
 HEATING
  YESTERDAY        0                         0      0        0
  MONTH TO DATE    0                         0      0        0
  SINCE JUN 1      0                         1     -1        0
  SINCE JUL 1      0                         0      0        0

 COOLING
  YESTERDAY       12                        15     -3        8
  MONTH TO DATE   61                        75    -14       63
  SINCE JUN 1    558                       455    103      464
  SINCE JAN 1    883                       718    165      735
..................................................................


WIND (MPH)
  HIGHEST WIND SPEED    15   HIGHEST WIND DIRECTION    SW (210)
  HIGHEST GUST SPEED    19   HIGHEST GUST DIRECTION    SW (220)
  AVERAGE WIND SPEED     5.8


SKY COVER
  POSSIBLE SUNSHINE  MM
  AVERAGE SKY COVER 0.8


WEATHER CONDITIONS
 THE FOLLOWING WEATHER WAS RECORDED YESTERDAY.
  HEAVY RAIN
  RAIN
  LIGHT RAIN
  FOG


RELATIVE HUMIDITY (PERCENT)
 HIGHEST    90           100 AM
 LOWEST     63          1200 PM
 AVERAGE    77

..........................................................


THE HUNTSVILLE CLIMATE NORMALS FOR TODAY
                         NORMAL    RECORD    YEAR
 MAXIMUM TEMPERATURE (F)   91       102      1930
 MINIMUM TEMPERATURE (F)   70        55      1972


SUNRISE AND SUNSET
JULY  6 2015..........SUNRISE   540 AM CDT   SUNSET   803 PM CDT
JULY  7 2015..........SUNRISE   540 AM CDT   SUNSET   803 PM CDT


-  INDICATES NEGATIVE NUMBERS.
R  INDICATES RECORD WAS SET OR TIED.
MM INDICATES DATA IS MISSING.
T  INDICATES TRACE AMOUNT.




$$
