000
CDUS43 KAPX 110534
CLIHTL


CLIMATE REPORT
NATIONAL WEATHER SERVICE GAYLORD MI
1231 AM EST MON DEC 11 2017


...................................

...THE HOUGHTON LAKE MI CLIMATE SUMMARY FOR DECEMBER 10 2017...

CLIMATE NORMAL PERIOD 1981 TO 2010
CLIMATE RECORD PERIOD 1913 TO 2017


WEATHER ITEM   OBSERVED TIME   RECORD YEAR NORMAL DEPARTURE LAST
                VALUE   (LST)  VALUE       VALUE  FROM      YEAR
                                                  NORMAL
..................................................................
TEMPERATURE (F)
 YESTERDAY
  MAXIMUM         25    455 PM  55    1971  32     -7       21
  MINIMUM         17   1159 PM -10    1932  19     -2       16
  AVERAGE         21                        26     -5       19

PRECIPITATION (IN)
  YESTERDAY        0.03          2.02 1953   0.06  -0.03     0.06
  MONTH TO DATE    0.58                      0.62  -0.04     0.62
  SINCE DEC 1      0.58                      0.62  -0.04     0.62
  SINCE JAN 1     36.18                     27.72   8.46    31.67

SNOWFALL (IN)
  YESTERDAY        0.5           4.0  1953   0.5    0.0      0.8
  MONTH TO DATE    2.8                       5.0   -2.2     12.2
  SINCE OCT 1      8.2                      14.1   -5.9     23.2
  SINCE JUL 1      8.2                      14.1   -5.9     23.2
  SNOW DEPTH       2

DEGREE DAYS
 HEATING
  YESTERDAY       44                        39      5       46
  MONTH TO DATE  348                       378    -30      346
  SINCE DEC 1    348                       378    -30      346
  SINCE JUL 1   1949                      2261   -312     1666
..................................................................


WIND (MPH)
  HIGHEST WIND SPEED    15   HIGHEST WIND DIRECTION     N (340)
  HIGHEST GUST SPEED    24   HIGHEST GUST DIRECTION     N (360)
  AVERAGE WIND SPEED     9.9




RELATIVE HUMIDITY (PERCENT)
 HIGHEST    84
 LOWEST     67
 AVERAGE    76

..........................................................


THE HOUGHTON LAKE MI CLIMATE NORMALS FOR TODAY
                         NORMAL    RECORD    YEAR
 MAXIMUM TEMPERATURE (F)   32        48      1979
                                             1928
 MINIMUM TEMPERATURE (F)   19       -16      1977


SUNRISE AND SUNSET
DECEMBER 11 2017......SUNRISE   805 AM EST   SUNSET   459 PM EST
DECEMBER 12 2017......SUNRISE   806 AM EST   SUNSET   459 PM EST


-  INDICATES NEGATIVE NUMBERS.
R  INDICATES RECORD WAS SET OR TIED.
MM INDICATES DATA IS MISSING.
T  INDICATES TRACE AMOUNT.




$$
