000
CDUS43 KAPX 282133
CLIHTL


CLIMATE REPORT
NATIONAL WEATHER SERVICE GAYLORD MI
533 PM EDT SAT MAR 28 2015


...................................

...THE HOUGHTON LAKE MI CLIMATE SUMMARY FOR MARCH 28 2015...
VALID TODAY AS OF 0500 PM LOCAL TIME.

CLIMATE NORMAL PERIOD 1981 TO 2010
CLIMATE RECORD PERIOD 1913 TO 2015


WEATHER ITEM   OBSERVED TIME   RECORD YEAR NORMAL DEPARTURE LAST
                VALUE   (LST)  VALUE       VALUE  FROM      YEAR
                                                  NORMAL
..................................................................
TEMPERATURE (F)
 TODAY
  MAXIMUM         34    359 PM  80    1946  45    -11       37
  MINIMUM          3    358 AM  -4    1926  23    -20       28
  AVERAGE         19                        34    -15       33

PRECIPITATION (IN)
  TODAY            0.00          0.79 1985   0.07  -0.07     0.35
  MONTH TO DATE    0.41                      1.63  -1.22     1.15
  SINCE MAR 1      0.41                      1.63  -1.22     1.15
  SINCE JAN 1      2.22                      4.35  -2.13     3.95

SNOWFALL (IN)
  TODAY            0.0           2.5  1922   0.3              T
  MONTH TO DATE    1.4                       7.7             6.1
  SINCE OCT 1     43.0                      62.2            58.4
  SINCE JUL 1     43.0                      62.2            58.4

DEGREE DAYS
 HEATING
  TODAY           46                        31     15       32
  MONTH TO DATE 1079                      1024     55     1316
  SINCE MAR 1   1079                      1024     55     1316
  SINCE JUL 1   7446                      6896    550     7764

 COOLING
  TODAY            0                         0      0        0
  MONTH TO DATE    0                         0      0        0
  SINCE MAR 1      0                         0      0        0
  SINCE JAN 1      0                         0      0        0
..................................................................


WIND (MPH)
  RESULTANT WIND SPEED   4   RESULTANT WIND DIRECTION   W (250)
  HIGHEST WIND SPEED    10   HIGHEST WIND DIRECTION    SW (230)
  HIGHEST GUST SPEED    13   HIGHEST GUST DIRECTION     W (260)
  AVERAGE WIND SPEED     4.4


SKY COVER
  POSSIBLE SUNSHINE  MM
  AVERAGE SKY COVER 0.0


WEATHER CONDITIONS
 THE FOLLOWING WEATHER WAS RECORDED TODAY.
  NO SIGNIFICANT WEATHER WAS OBSERVED.


RELATIVE HUMIDITY (PERCENT)
 HIGHEST    86           400 AM
 LOWEST     26           200 PM
 AVERAGE    56

..........................................................


THE HOUGHTON LAKE MI CLIMATE NORMALS FOR TOMORROW
                         NORMAL    RECORD    YEAR
 MAXIMUM TEMPERATURE (F)   46        78      1946
 MINIMUM TEMPERATURE (F)   24       -12      1923


SUNRISE AND SUNSET
MARCH 28 2015.........SUNRISE   728 AM EDT   SUNSET   801 PM EDT
MARCH 29 2015.........SUNRISE   726 AM EDT   SUNSET   802 PM EDT


-  INDICATES NEGATIVE NUMBERS.
R  INDICATES RECORD WAS SET OR TIED.
MM INDICATES DATA IS MISSING.
T  INDICATES TRACE AMOUNT.




$$
