430
CDUS43 KAPX 040540
CLIHTL


CLIMATE REPORT
NATIONAL WEATHER SERVICE GAYLORD MI
139 AM EDT WED MAY 4 2016


...................................

...THE HOUGHTON LAKE MI CLIMATE SUMMARY FOR MAY 3 2016...

CLIMATE NORMAL PERIOD 1981 TO 2010
CLIMATE RECORD PERIOD 1913 TO 2016


WEATHER ITEM   OBSERVED TIME   RECORD YEAR NORMAL DEPARTURE LAST
                VALUE   (LST)  VALUE       VALUE  FROM      YEAR
                                                  NORMAL
..................................................................
TEMPERATURE (F)
 YESTERDAY
  MAXIMUM         65    310 PM  89    1928  62      3       76
  MINIMUM         32    602 AM  20    1920  38     -6       53
  AVERAGE         49                        50     -1       65

PRECIPITATION (IN)
  YESTERDAY        0.00          2.56 2012   0.08  -0.08     0.00
  MONTH TO DATE    0.06                      0.24  -0.18     0.00
  SINCE MAR 1      6.93                      4.56   2.37     2.73
  SINCE JAN 1     10.05                      7.28   2.77     4.54

DEGREE DAYS
 HEATING
  YESTERDAY       16                        15      1        0
  MONTH TO DATE   53                        47      6       21
  SINCE MAR 1   1736                      1836   -100     1875
  SINCE JUL 1   6649                      7708  -1059     8242

 COOLING
  YESTERDAY        0                         0      0        0
  MONTH TO DATE    0                         0      0        0
  SINCE MAR 1      0                         2     -2        0
  SINCE JAN 1      0                         2     -2        0
..................................................................


WIND (MPH)
  HIGHEST WIND SPEED    16   HIGHEST WIND DIRECTION     W (260)
  HIGHEST GUST SPEED    23   HIGHEST GUST DIRECTION     W (260)
  AVERAGE WIND SPEED     5.7




RELATIVE HUMIDITY (PERCENT)
 HIGHEST   100
 LOWEST     32
 AVERAGE    66

..........................................................


THE HOUGHTON LAKE MI CLIMATE NORMALS FOR TODAY
                         NORMAL    RECORD    YEAR
 MAXIMUM TEMPERATURE (F)   62        89      1934
 MINIMUM TEMPERATURE (F)   38        12      1926


SUNRISE AND SUNSET
MAY  4 2016...........SUNRISE   625 AM EDT   SUNSET   847 PM EDT
MAY  5 2016...........SUNRISE   623 AM EDT   SUNSET   848 PM EDT


-  INDICATES NEGATIVE NUMBERS.
R  INDICATES RECORD WAS SET OR TIED.
MM INDICATES DATA IS MISSING.
T  INDICATES TRACE AMOUNT.




$$
