427
CDUS43 KAPX 130534
CLIHTL


CLIMATE REPORT
NATIONAL WEATHER SERVICE GAYLORD MI
1233 AM EST SAT FEB 13 2016


...................................

...THE HOUGHTON LAKE MI CLIMATE SUMMARY FOR FEBRUARY 12 2016...

CLIMATE NORMAL PERIOD 1981 TO 2010
CLIMATE RECORD PERIOD 1913 TO 2016


WEATHER ITEM   OBSERVED TIME   RECORD YEAR NORMAL DEPARTURE LAST
                VALUE   (LST)  VALUE       VALUE  FROM      YEAR
                                                  NORMAL
..................................................................
TEMPERATURE (F)
 YESTERDAY
  MAXIMUM         18    118 PM  54    1932  29    -11       13
  MINIMUM          3   1159 PM -24    1981  10     -7       -8
                                      1967
  AVERAGE         11                        19     -8        3

PRECIPITATION (IN)
  YESTERDAY        0.08          0.60 1922   0.04   0.04      T
  MONTH TO DATE    0.88                      0.46   0.42     0.30
  SINCE DEC 1      6.21                      3.62   2.59     2.92
  SINCE JAN 1      2.64                      1.97   0.67     1.49

SNOWFALL (IN)
  YESTERDAY        1.0           6.0  1922   0.4    0.6       T
  MONTH TO DATE    4.9                       5.7   -0.8      4.1
  SINCE OCT 1     27.8                      47.8  -20.0     34.8
  SINCE JUL 1     27.8                      47.8  -20.0     34.8
  SNOW DEPTH      10

DEGREE DAYS
 HEATING
  YESTERDAY       54                        46      8       62
  MONTH TO DATE  503                       559    -56      626
  SINCE DEC 1   2743                      3288   -545     3339
  SINCE JUL 1   4222                      5171   -949     5342
..................................................................


WIND (MPH)
  HIGHEST WIND SPEED    25   HIGHEST WIND DIRECTION    NW (310)
  HIGHEST GUST SPEED    35   HIGHEST GUST DIRECTION     N (340)
  AVERAGE WIND SPEED    13.0




RELATIVE HUMIDITY (PERCENT)
 HIGHEST    79
 LOWEST     63
 AVERAGE    71

..........................................................


THE HOUGHTON LAKE MI CLIMATE NORMALS FOR TODAY
                         NORMAL    RECORD    YEAR
 MAXIMUM TEMPERATURE (F)   29        46      1984
 MINIMUM TEMPERATURE (F)   10       -22      1997


SUNRISE AND SUNSET
FEBRUARY 13 2016......SUNRISE   742 AM EST   SUNSET   604 PM EST
FEBRUARY 14 2016......SUNRISE   741 AM EST   SUNSET   606 PM EST


-  INDICATES NEGATIVE NUMBERS.
R  INDICATES RECORD WAS SET OR TIED.
MM INDICATES DATA IS MISSING.
T  INDICATES TRACE AMOUNT.




$$
