000
CDUS43 KAPX 260526
CLIHTL


CLIMATE REPORT
NATIONAL WEATHER SERVICE GAYLORD MI
126 AM EDT FRI MAY 26 2017


...................................

...THE HOUGHTON LAKE MI CLIMATE SUMMARY FOR MAY 25 2017...

CLIMATE NORMAL PERIOD 1981 TO 2010
CLIMATE RECORD PERIOD 1913 TO 2017


WEATHER ITEM   OBSERVED TIME   RECORD YEAR NORMAL DEPARTURE LAST
                VALUE   (LST)  VALUE       VALUE  FROM      YEAR
                                                  NORMAL
..................................................................
TEMPERATURE (F)
 YESTERDAY
  MAXIMUM         59    317 PM  87    1933  69    -10       86
  MINIMUM         53   1159 PM  23    1949  44      9       51
  AVERAGE         56                        57     -1       69

PRECIPITATION (IN)
  YESTERDAY        0.13          2.45 2016   0.10   0.03     2.45
  MONTH TO DATE    2.46                      2.23   0.23     3.67
  SINCE MAR 1     10.36                      6.55   3.81    10.54
  SINCE JAN 1     15.84                      9.27   6.57    13.66

DEGREE DAYS
 HEATING
  YESTERDAY        9                         9      0        0
  MONTH TO DATE  335                       309     26      307
  SINCE MAR 1   1954                      2098   -144     1990
  SINCE JUL 1   6804                      7970  -1166     6903

 COOLING
  YESTERDAY        0                         1     -1        4
  MONTH TO DATE   13                         6      7        4
  SINCE MAR 1     14                         8      6        4
  SINCE JAN 1     14                         8      6        4
..................................................................


WIND (MPH)
  HIGHEST WIND SPEED    15   HIGHEST WIND DIRECTION    NE (30)
  HIGHEST GUST SPEED    21   HIGHEST GUST DIRECTION    NE (30)
  AVERAGE WIND SPEED     9.4




RELATIVE HUMIDITY (PERCENT)
 HIGHEST    93
 LOWEST     80
 AVERAGE    87

..........................................................


THE HOUGHTON LAKE MI CLIMATE NORMALS FOR TODAY
                         NORMAL    RECORD    YEAR
 MAXIMUM TEMPERATURE (F)   69        90      1944
 MINIMUM TEMPERATURE (F)   45        26      1930


SUNRISE AND SUNSET
MAY 26 2017...........SUNRISE   601 AM EDT   SUNSET   911 PM EDT
MAY 27 2017...........SUNRISE   601 AM EDT   SUNSET   912 PM EDT


-  INDICATES NEGATIVE NUMBERS.
R  INDICATES RECORD WAS SET OR TIED.
MM INDICATES DATA IS MISSING.
T  INDICATES TRACE AMOUNT.




$$
