000
CDUS43 KAPX 180530
CLIHTL


CLIMATE REPORT
NATIONAL WEATHER SERVICE GAYLORD MI
1230 AM EST WED JAN 18 2017


...................................

...THE HOUGHTON LAKE MI CLIMATE SUMMARY FOR JANUARY 17 2017...

CLIMATE NORMAL PERIOD 1981 TO 2010
CLIMATE RECORD PERIOD 1913 TO 2017


WEATHER ITEM   OBSERVED TIME   RECORD YEAR NORMAL DEPARTURE LAST
                VALUE   (LST)  VALUE       VALUE  FROM      YEAR
                                                  NORMAL
..................................................................
TEMPERATURE (F)
 YESTERDAY
  MAXIMUM         35    437 PM  47    1990  26      9       15
  MINIMUM         31   1251 AM -19    1923   9     22        6
  AVERAGE         33                        18     15       11

PRECIPITATION (IN)
  YESTERDAY        0.48          0.52 1988   0.05   0.43     0.05
  MONTH TO DATE    1.87                      0.90   0.97     1.16
  SINCE DEC 1      4.09                      2.55   1.54     4.73
  SINCE JAN 1      1.87                      0.90   0.97     1.16

SNOWFALL (IN)
  YESTERDAY        0.0           7.4  2012   0.6   -0.6      0.4
  MONTH TO DATE   10.3                       9.3    1.0     11.9
  SINCE OCT 1     52.5                      34.3   18.2     19.8
  SINCE JUL 1     52.5                      34.3   18.2     19.8
  SNOW DEPTH      10

DEGREE DAYS
 HEATING
  YESTERDAY       32                        47    -15       54
  MONTH TO DATE  769                       790    -21      736
  SINCE DEC 1   2011                      2064    -53     1650
  SINCE JUL 1   3331                      3947   -616     3129
..................................................................


WIND (MPH)
  HIGHEST WIND SPEED    18   HIGHEST WIND DIRECTION     E (90)
  HIGHEST GUST SPEED    23   HIGHEST GUST DIRECTION     E (100)
  AVERAGE WIND SPEED     7.4




RELATIVE HUMIDITY (PERCENT)
 HIGHEST   100
 LOWEST     92
 AVERAGE    96

..........................................................


THE HOUGHTON LAKE MI CLIMATE NORMALS FOR TODAY
                         NORMAL    RECORD    YEAR
 MAXIMUM TEMPERATURE (F)   26        54      1996
 MINIMUM TEMPERATURE (F)    9       -28      1948


SUNRISE AND SUNSET
JANUARY 18 2017.......SUNRISE   809 AM EST   SUNSET   530 PM EST
JANUARY 19 2017.......SUNRISE   809 AM EST   SUNSET   531 PM EST


-  INDICATES NEGATIVE NUMBERS.
R  INDICATES RECORD WAS SET OR TIED.
MM INDICATES DATA IS MISSING.
T  INDICATES TRACE AMOUNT.




$$
