000
CDUS43 KAPX 240526
CLIHTL


CLIMATE REPORT
NATIONAL WEATHER SERVICE GAYLORD MI
126 AM EDT SUN SEP 24 2017


...................................

...THE HOUGHTON LAKE MI CLIMATE SUMMARY FOR SEPTEMBER 23 2017...

CLIMATE NORMAL PERIOD 1981 TO 2010
CLIMATE RECORD PERIOD 1913 TO 2017


WEATHER ITEM   OBSERVED TIME   RECORD YEAR NORMAL DEPARTURE LAST
                VALUE   (LST)  VALUE       VALUE  FROM      YEAR
                                                  NORMAL
..................................................................
TEMPERATURE (F)
 YESTERDAY
  MAXIMUM         91R   350 PM  88    1937  66     25       64
  MINIMUM         57    632 AM  26    1998  43     14       46
  AVERAGE         74                        54     20       55

PRECIPITATION (IN)
  YESTERDAY        0.00          1.72 1926   0.11  -0.11     0.00
  MONTH TO DATE    0.68                      2.38  -1.70     2.16
  SINCE SEP 1      0.68                      2.38  -1.70     2.16
  SINCE JAN 1     26.29                     21.50   4.79    25.77

DEGREE DAYS
 HEATING
  YESTERDAY        0                        11    -11       10
  MONTH TO DATE  128                       167    -39       63
  SINCE SEP 1    128                       167    -39       63
  SINCE JUL 1    218                       294    -76       96

 COOLING
  YESTERDAY        9                         0      9        0
  MONTH TO DATE   48                        18     30       48
  SINCE SEP 1     48                        18     30       48
  SINCE JAN 1    292                       283      9      457
..................................................................


WIND (MPH)
  HIGHEST WIND SPEED     8   HIGHEST WIND DIRECTION    NW (300)
  HIGHEST GUST SPEED    12   HIGHEST GUST DIRECTION    SW (230)
  AVERAGE WIND SPEED     2.7




RELATIVE HUMIDITY (PERCENT)
 HIGHEST    97
 LOWEST     41
 AVERAGE    69

..........................................................


THE HOUGHTON LAKE MI CLIMATE NORMALS FOR TODAY
                         NORMAL    RECORD    YEAR
 MAXIMUM TEMPERATURE (F)   65        86      2007
                                             1920
 MINIMUM TEMPERATURE (F)   43        22      1943


SUNRISE AND SUNSET
SEPTEMBER 24 2017.....SUNRISE   728 AM EDT   SUNSET   732 PM EDT
SEPTEMBER 25 2017.....SUNRISE   730 AM EDT   SUNSET   730 PM EDT


-  INDICATES NEGATIVE NUMBERS.
R  INDICATES RECORD WAS SET OR TIED.
MM INDICATES DATA IS MISSING.
T  INDICATES TRACE AMOUNT.




$$
