185
CDUS43 KAPX 250526
CLIHTL


CLIMATE REPORT
NATIONAL WEATHER SERVICE GAYLORD MI
1226 AM EST SUN FEB 25 2018


...................................

...THE HOUGHTON LAKE MI CLIMATE SUMMARY FOR FEBRUARY 24 2018...

CLIMATE NORMAL PERIOD 1981 TO 2010
CLIMATE RECORD PERIOD 1913 TO 2018


WEATHER ITEM   OBSERVED TIME   RECORD YEAR NORMAL DEPARTURE LAST
                VALUE   (LST)  VALUE       VALUE  FROM      YEAR
                                                  NORMAL
..................................................................
TEMPERATURE (F)
 YESTERDAY
  MAXIMUM         40    252 PM  61    1930  32      8       34
  MINIMUM         29   1003 PM -26    1913  12     17       28
  AVERAGE         35                        22     13       31

PRECIPITATION (IN)
  YESTERDAY        T             1.12 2017   0.05  -0.05     1.12
  MONTH TO DATE    2.22                      1.00   1.22     1.95
  SINCE DEC 1      5.47                      4.16   1.31     7.14
  SINCE JAN 1      3.99                      2.51   1.48     4.92

SNOWFALL (IN)
  YESTERDAY        0.0           7.3  2012   0.4   -0.4      1.0
  MONTH TO DATE    9.1                      10.9   -1.8      3.3
  SINCE OCT 1     34.9                      53.0  -18.1     65.7
  SINCE JUL 1     34.9                      53.0  -18.1     65.7
  SNOW DEPTH       0

DEGREE DAYS
 HEATING
  YESTERDAY       30                        43    -13       34
  MONTH TO DATE 1054                      1092    -38      891
  SINCE DEC 1   3844                      3821     23     3393
  SINCE JUL 1   5445                      5704   -259     4713
..................................................................


WIND (MPH)
  HIGHEST WIND SPEED    21   HIGHEST WIND DIRECTION     E (100)
  HIGHEST GUST SPEED    31   HIGHEST GUST DIRECTION     E (100)
  AVERAGE WIND SPEED    10.0




RELATIVE HUMIDITY (PERCENT)
 HIGHEST    85
 LOWEST     54
 AVERAGE    70

..........................................................


THE HOUGHTON LAKE MI CLIMATE NORMALS FOR TODAY
                         NORMAL    RECORD    YEAR
 MAXIMUM TEMPERATURE (F)   32        54      1930
 MINIMUM TEMPERATURE (F)   12       -23      1928


SUNRISE AND SUNSET
FEBRUARY 25 2018......SUNRISE   723 AM EST   SUNSET   621 PM EST
FEBRUARY 26 2018......SUNRISE   721 AM EST   SUNSET   623 PM EST


-  INDICATES NEGATIVE NUMBERS.
R  INDICATES RECORD WAS SET OR TIED.
MM INDICATES DATA IS MISSING.
T  INDICATES TRACE AMOUNT.




$$
