000
CDUS43 KAPX 040533
CLIHTL


CLIMATE REPORT
NATIONAL WEATHER SERVICE GAYLORD MI
1232 AM EST SUN DEC 4 2016


...................................

...THE HOUGHTON LAKE MI CLIMATE SUMMARY FOR DECEMBER 3 2016...

CLIMATE NORMAL PERIOD 1981 TO 2010
CLIMATE RECORD PERIOD 1913 TO 2016


WEATHER ITEM   OBSERVED TIME   RECORD YEAR NORMAL DEPARTURE LAST
                VALUE   (LST)  VALUE       VALUE  FROM      YEAR
                                                  NORMAL
..................................................................
TEMPERATURE (F)
 YESTERDAY
  MAXIMUM         38    202 PM  60    2012  34      4       39
                                      1982
                                      1962
  MINIMUM         33   1159 PM -10    1976  22     11       27
  AVERAGE         36                        28      8       33

PRECIPITATION (IN)
  YESTERDAY        T             0.84 1970   0.07  -0.07      T
  MONTH TO DATE    0.01                      0.20  -0.19     0.09
  SINCE DEC 1      0.01                      0.20  -0.19     0.09
  SINCE JAN 1     31.06                     27.30   3.76    24.65

SNOWFALL (IN)
  YESTERDAY        T             4.5  1991   0.5   -0.5       T
  MONTH TO DATE    T                         1.5   -1.5       T
  SINCE OCT 1     11.0                      10.6    0.4      2.2
  SINCE JUL 1     11.0                      10.6    0.4      2.2
  SNOW DEPTH       0

DEGREE DAYS
 HEATING
  YESTERDAY       29                        37     -8       32
  MONTH TO DATE   88                       110    -22       92
  SINCE DEC 1     88                       110    -22       92
  SINCE JUL 1   1408                      1993   -585     1571
..................................................................


WIND (MPH)
  HIGHEST WIND SPEED    13   HIGHEST WIND DIRECTION     W (270)
  HIGHEST GUST SPEED    16   HIGHEST GUST DIRECTION     W (270)
  AVERAGE WIND SPEED     6.9




RELATIVE HUMIDITY (PERCENT)
 HIGHEST    92
 LOWEST     76
 AVERAGE    84

..........................................................


THE HOUGHTON LAKE MI CLIMATE NORMALS FOR TODAY
                         NORMAL    RECORD    YEAR
 MAXIMUM TEMPERATURE (F)   34        58      2012
                                             1961
 MINIMUM TEMPERATURE (F)   22        -4      2002


SUNRISE AND SUNSET
DECEMBER  4 2016......SUNRISE   758 AM EST   SUNSET   500 PM EST
DECEMBER  5 2016......SUNRISE   759 AM EST   SUNSET   500 PM EST


-  INDICATES NEGATIVE NUMBERS.
R  INDICATES RECORD WAS SET OR TIED.
MM INDICATES DATA IS MISSING.
T  INDICATES TRACE AMOUNT.




$$
