000
CDUS41 KRLX 030717
CLIHTS


CLIMATE REPORT
NATIONAL WEATHER SERVICE CHARLESTON WV
317 AM EDT WED JUN 3 2015


...................................

...THE HUNTINGTON WV CLIMATE SUMMARY FOR JUNE 2 2015...

CLIMATE NORMAL PERIOD 1981 TO 2010
CLIMATE RECORD PERIOD 1897 TO 2015


WEATHER ITEM   OBSERVED TIME   RECORD YEAR NORMAL DEPARTURE LAST
                VALUE   (LST)  VALUE       VALUE  FROM      YEAR
                                                  NORMAL
..................................................................
TEMPERATURE (F)
 YESTERDAY
  MAXIMUM         60    418 PM  98    1919  79    -19       84
  MINIMUM         53    925 AM  41    1966  58     -5       63
  AVERAGE         57                        68    -11       74

PRECIPITATION (IN)
  YESTERDAY        0.00          1.89 1946   0.15  -0.15     0.01
  MONTH TO DATE    0.08                      0.31  -0.23     0.04
  SINCE JAN 1     20.51                     18.39   2.12    19.58

SNOWFALL (IN)
  YESTERDAY        0.0
  MONTH TO DATE    0.0
  SINCE SEP 1     36.6
  SNOW DEPTH       0

DEGREE DAYS
 HEATING
  YESTERDAY        8                         1      7        0
  MONTH TO DATE   14                         2     12        0
  SINCE JUN 1     14                         2     12        0
  SINCE JUL 1   4996                      4502    494     4817

 COOLING
  YESTERDAY        0                         5     -5        9
  MONTH TO DATE    0                        10    -10       14
  SINCE JUN 1      0                        10    -10       14
  SINCE JAN 1    166                       123     43      128
..................................................................


WIND (MPH)
  HIGHEST WIND SPEED     9   HIGHEST WIND DIRECTION     N (360)
  HIGHEST GUST SPEED    12   HIGHEST GUST DIRECTION    NE (50)
  AVERAGE WIND SPEED     3.6


SKY COVER
  POSSIBLE SUNSHINE  MM


WEATHER CONDITIONS
 THE FOLLOWING WEATHER WAS RECORDED YESTERDAY.
  FOG
  HAZE


RELATIVE HUMIDITY (PERCENT)
 HIGHEST   100           100 AM
 LOWEST     78           300 PM
 AVERAGE    89

..........................................................


THE HUNTINGTON WV CLIMATE NORMALS FOR TODAY
                         NORMAL    RECORD    YEAR
 MAXIMUM TEMPERATURE (F)   80        95      1951
                                             1921
                                             1919
 MINIMUM TEMPERATURE (F)   58        42      1966


SUNRISE AND SUNSET
JUNE  3 2015..........SUNRISE   608 AM EDT   SUNSET   849 PM EDT
JUNE  4 2015..........SUNRISE   607 AM EDT   SUNSET   850 PM EDT


-  INDICATES NEGATIVE NUMBERS.
R  INDICATES RECORD WAS SET OR TIED.
MM INDICATES DATA IS MISSING.
T  INDICATES TRACE AMOUNT.




$$
