390
CDUS41 KRLX 240826
CLIHTS


CLIMATE REPORT
NATIONAL WEATHER SERVICE CHARLESTON WV
325 AM EST FRI FEB 24 2017


...................................

...THE HUNTINGTON WV CLIMATE SUMMARY FOR FEBRUARY 23 2017...

CLIMATE NORMAL PERIOD 1981 TO 2010
CLIMATE RECORD PERIOD 1897 TO 2017


WEATHER ITEM   OBSERVED TIME   RECORD YEAR NORMAL DEPARTURE LAST
                VALUE   (LST)  VALUE       VALUE  FROM      YEAR
                                                  NORMAL
..................................................................
TEMPERATURE (F)
 YESTERDAY
  MAXIMUM         67    600 PM  76    1996  49     18       62
  MINIMUM         49    221 AM  -1    1963  30     19       43
  AVERAGE         58                        39     19       53

PRECIPITATION (IN)
  YESTERDAY        T             0.97 1962   0.12  -0.12     0.07
  MONTH TO DATE    1.16                      2.50  -1.34     5.02
  SINCE JAN 1      5.14                      5.47  -0.33     7.01

SNOWFALL (IN)
  YESTERDAY        0.0
  MONTH TO DATE    T
  SINCE SEP 1      5.9
  SNOW DEPTH       0

DEGREE DAYS
 HEATING
  YESTERDAY        7                        26    -19       12
  MONTH TO DATE  442                       652   -210      634
  SINCE DEC 1   1969                      2489   -520     2193
  SINCE JUL 1   2567                      3376   -809     2913

 COOLING
  YESTERDAY        0                         0      0        0
  MONTH TO DATE    0                         0      0        0
  SINCE DEC 1      0                         1     -1        0
  SINCE JAN 1      0                         0      0        0
..................................................................


WIND (MPH)
  HIGHEST WIND SPEED    13   HIGHEST WIND DIRECTION     S (180)
  HIGHEST GUST SPEED    16   HIGHEST GUST DIRECTION     S (180)
  AVERAGE WIND SPEED     4.7


SKY COVER
  POSSIBLE SUNSHINE  MM


WEATHER CONDITIONS
 THE FOLLOWING WEATHER WAS RECORDED YESTERDAY.
  FOG
  HAZE


RELATIVE HUMIDITY (PERCENT)
 HIGHEST   100           200 AM
 LOWEST     68           400 PM
 AVERAGE    84

..........................................................


THE HUNTINGTON WV CLIMATE NORMALS FOR TODAY
                         NORMAL    RECORD    YEAR
 MAXIMUM TEMPERATURE (F)   49        73      1930
                                             1909
 MINIMUM TEMPERATURE (F)   30         3      2015
                                             1967


SUNRISE AND SUNSET
FEBRUARY 24 2017......SUNRISE   709 AM EST   SUNSET   618 PM EST
FEBRUARY 25 2017......SUNRISE   707 AM EST   SUNSET   619 PM EST


-  INDICATES NEGATIVE NUMBERS.
R  INDICATES RECORD WAS SET OR TIED.
MM INDICATES DATA IS MISSING.
T  INDICATES TRACE AMOUNT.




$$
