000
CDUS41 KRLX 122224
CLIHTS


CLIMATE REPORT
NATIONAL WEATHER SERVICE CHARLESTON WV
523 PM EST FRI FEB 12 2016


...................................

...THE HUNTINGTON WV CLIMATE SUMMARY FOR FEBRUARY 12 2016...
VALID TODAY AS OF 0500 PM LOCAL TIME.

CLIMATE NORMAL PERIOD 1981 TO 2010
CLIMATE RECORD PERIOD 1897 TO 2016


WEATHER ITEM   OBSERVED TIME   RECORD YEAR NORMAL DEPARTURE LAST
                VALUE   (LST)  VALUE       VALUE  FROM      YEAR
                                                  NORMAL
..................................................................
TEMPERATURE (F)
 TODAY
  MAXIMUM         32    359 PM  73    1932  46    -14       36
  MINIMUM         16    351 AM -10    1899  27    -11       15
  AVERAGE         24                        36    -12       26

PRECIPITATION (IN)
  TODAY            0.00          1.27 1985   0.11  -0.11     0.06
  MONTH TO DATE    1.62                      1.28   0.34     0.62
  SINCE DEC 1     10.02                      7.56   2.46     6.10
  SINCE JAN 1      3.61                      4.25  -0.64     2.79

DEGREE DAYS
 HEATING
  TODAY           41                        29     12       39
  MONTH TO DATE  346                       354     -8      367
  SINCE DEC 1   1905                      2191   -286     2196
  SINCE JUL 1   2625                      3078   -453     3275

 COOLING
  TODAY            0                         0      0        0
  MONTH TO DATE    0                         0      0        0
  SINCE DEC 1      0                         1     -1        0
  SINCE JAN 1      0                         0      0        0
..................................................................


WIND (MPH)
  HIGHEST WIND SPEED    10   HIGHEST WIND DIRECTION     W (250)
  HIGHEST GUST SPEED    14   HIGHEST GUST DIRECTION     W (260)
  AVERAGE WIND SPEED     4.0


SKY COVER
  POSSIBLE SUNSHINE  MM
  AVERAGE SKY COVER 0.8


WEATHER CONDITIONS
 THE FOLLOWING WEATHER WAS RECORDED TODAY.
  NO SIGNIFICANT WEATHER WAS OBSERVED.


RELATIVE HUMIDITY (PERCENT)
 HIGHEST    67           800 AM
 LOWEST     36           200 PM
 AVERAGE    52

..........................................................


THE HUNTINGTON WV CLIMATE NORMALS FOR TOMORROW
                         NORMAL    RECORD    YEAR
 MAXIMUM TEMPERATURE (F)   46        73      1950
 MINIMUM TEMPERATURE (F)   28        -9      1899


SUNRISE AND SUNSET
FEBRUARY 12 2016......SUNRISE   725 AM EST   SUNSET   605 PM EST
FEBRUARY 13 2016......SUNRISE   724 AM EST   SUNSET   606 PM EST


-  INDICATES NEGATIVE NUMBERS.
R  INDICATES RECORD WAS SET OR TIED.
MM INDICATES DATA IS MISSING.
T  INDICATES TRACE AMOUNT.




$$
