000
CDUS41 KRLX 010818
CLIHTS


CLIMATE REPORT
NATIONAL WEATHER SERVICE CHARLESTON WV
317 AM EST SUN FEB 1 2015


...................................

...THE HUNTINGTON WV CLIMATE SUMMARY FOR JANUARY 31 2015...

CLIMATE NORMAL PERIOD 1981 TO 2010
CLIMATE RECORD PERIOD 1897 TO 2015


WEATHER ITEM   OBSERVED TIME   RECORD YEAR NORMAL DEPARTURE LAST
                VALUE   (LST)  VALUE       VALUE  FROM      YEAR
                                                  NORMAL
..................................................................
TEMPERATURE (F)
 YESTERDAY
  MAXIMUM         38    508 PM  78    2002  43     -5       44
  MINIMUM         13    754 AM  -4    1899  26    -13       33
  AVERAGE         26                        34     -8       39

PRECIPITATION (IN)
  YESTERDAY        T             1.80 1951   0.11  -0.11     0.00
  MONTH TO DATE    2.17                      2.97  -0.80     2.30
  SINCE JAN 1      2.17                      2.97  -0.80     2.30

SNOWFALL (IN)
  YESTERDAY        0.0
  MONTH TO DATE    0.8
  SINCE SEP 1      0.8
  SNOW DEPTH       0

DEGREE DAYS
 HEATING
  YESTERDAY       39                        31      8       26
  MONTH TO DATE 1036                       967     69     1163
  SINCE DEC 1   1829                      1837     -8     1960
  SINCE JUL 1   2908                      2724    184     2911

 COOLING
  YESTERDAY        0                         0      0        0
  MONTH TO DATE    0                         0      0        0
  SINCE DEC 1      0                         1     -1        2
  SINCE JAN 1      0                         0      0        0
..................................................................


WIND (MPH)
  HIGHEST WIND SPEED     8   HIGHEST WIND DIRECTION     S (200)
  HIGHEST GUST SPEED    13   HIGHEST GUST DIRECTION     S (160)
  AVERAGE WIND SPEED     2.4


SKY COVER
  POSSIBLE SUNSHINE  MM


WEATHER CONDITIONS
 THE FOLLOWING WEATHER WAS RECORDED YESTERDAY.
  NO SIGNIFICANT WEATHER WAS OBSERVED.


RELATIVE HUMIDITY (PERCENT)
 HIGHEST    96           500 AM
 LOWEST     40           400 PM
 AVERAGE    68

..........................................................


THE HUNTINGTON WV CLIMATE NORMALS FOR TODAY
                         NORMAL    RECORD    YEAR
 MAXIMUM TEMPERATURE (F)   43        73      1917
 MINIMUM TEMPERATURE (F)   26        -2      1936


SUNRISE AND SUNSET
FEBRUARY  1 2015......SUNRISE   736 AM EST   SUNSET   552 PM EST
FEBRUARY  2 2015......SUNRISE   735 AM EST   SUNSET   554 PM EST


-  INDICATES NEGATIVE NUMBERS.
R  INDICATES RECORD WAS SET OR TIED.
MM INDICATES DATA IS MISSING.
T  INDICATES TRACE AMOUNT.




$$
