000
CDUS41 KRLX 030825
CLIHTS


CLIMATE REPORT
NATIONAL WEATHER SERVICE CHARLESTON WV
324 AM EST TUE MAR 3 2015


...................................

...THE HUNTINGTON WV CLIMATE SUMMARY FOR MARCH 2 2015...

CLIMATE NORMAL PERIOD 1981 TO 2010
CLIMATE RECORD PERIOD 1897 TO 2015


WEATHER ITEM   OBSERVED TIME   RECORD YEAR NORMAL DEPARTURE LAST
                VALUE   (LST)  VALUE       VALUE  FROM      YEAR
                                                  NORMAL
..................................................................
TEMPERATURE (F)
 YESTERDAY
  MAXIMUM         39    437 PM  79    1991  51    -12       50
  MINIMUM         28   1106 PM   5    1980  31     -3       24
  AVERAGE         34                        41     -7       37

PRECIPITATION (IN)
  YESTERDAY        0.01          1.24 1972   0.12  -0.11     0.74
  MONTH TO DATE    0.41                      0.24   0.17     0.74
  SINCE JAN 1      5.85                      6.28  -0.43     8.10

SNOWFALL (IN)
  YESTERDAY        0.0
  MONTH TO DATE    0.0
  SINCE SEP 1     23.8
  SNOW DEPTH       0

DEGREE DAYS
 HEATING
  YESTERDAY       31                        24      7       28
  MONTH TO DATE   61                        48     13       56
  SINCE MAR 1     61                        48     13       56
  SINCE JUL 1   4077                      3549    528     3817

 COOLING
  YESTERDAY        0                         0      0        0
  MONTH TO DATE    0                         0      0        0
  SINCE MAR 1      0                         0      0        0
  SINCE JAN 1      0                         0      0        0
..................................................................


WIND (MPH)
  HIGHEST WIND SPEED    14   HIGHEST WIND DIRECTION    NW (310)
  HIGHEST GUST SPEED    22   HIGHEST GUST DIRECTION    NW (320)
  AVERAGE WIND SPEED     5.7


SKY COVER
  POSSIBLE SUNSHINE  MM


WEATHER CONDITIONS
 THE FOLLOWING WEATHER WAS RECORDED YESTERDAY.
  FOG


RELATIVE HUMIDITY (PERCENT)
 HIGHEST   100           100 AM
 LOWEST     44           400 PM
 AVERAGE    72

..........................................................


THE HUNTINGTON WV CLIMATE NORMALS FOR TODAY
                         NORMAL    RECORD    YEAR
 MAXIMUM TEMPERATURE (F)   52        80      1976
 MINIMUM TEMPERATURE (F)   32        -2      1980


SUNRISE AND SUNSET
MARCH  3 2015.........SUNRISE   700 AM EST   SUNSET   625 PM EST
MARCH  4 2015.........SUNRISE   658 AM EST   SUNSET   626 PM EST


-  INDICATES NEGATIVE NUMBERS.
R  INDICATES RECORD WAS SET OR TIED.
MM INDICATES DATA IS MISSING.
T  INDICATES TRACE AMOUNT.




$$
