000
CDUS41 KRLX 290735
CLIHTS


CLIMATE REPORT
NATIONAL WEATHER SERVICE CHARLESTON WV
334 AM EDT SUN MAY 29 2016


...................................

...THE HUNTINGTON WV CLIMATE SUMMARY FOR MAY 28 2016...

CLIMATE NORMAL PERIOD 1981 TO 2010
CLIMATE RECORD PERIOD 1897 TO 2016


WEATHER ITEM   OBSERVED TIME   RECORD YEAR NORMAL DEPARTURE LAST
                VALUE   (LST)  VALUE       VALUE  FROM      YEAR
                                                  NORMAL
..................................................................
TEMPERATURE (F)
 YESTERDAY
  MAXIMUM         87    411 PM  95    1941  78      9       83
  MINIMUM         66    515 AM  37    1994  56     10       60
  AVERAGE         77                        67     10       72

PRECIPITATION (IN)
  YESTERDAY        0.00          3.73 1990   0.16  -0.16      T
  MONTH TO DATE    5.36                      4.21   1.15     0.93
  SINCE JAN 1     19.73                     17.59   2.14    20.27

SNOWFALL (IN)
  YESTERDAY        0.0
  MONTH TO DATE    0.0
  SINCE SEP 1     23.8
  SNOW DEPTH       0

DEGREE DAYS
 HEATING
  YESTERDAY        0                         2     -2        0
  MONTH TO DATE  127                       108     19       64
  SINCE MAR 1    753                       995   -242      966
  SINCE JUL 1   3788                      4496   -708     4982

 COOLING
  YESTERDAY       12                         4      8        7
  MONTH TO DATE   65                        68     -3      126
  SINCE MAR 1    112                       100     12      135
  SINCE JAN 1    112                       100     12      135
..................................................................


WIND (MPH)
  HIGHEST WIND SPEED    10   HIGHEST WIND DIRECTION    SE (150)
  HIGHEST GUST SPEED    14   HIGHEST GUST DIRECTION     S (160)
  AVERAGE WIND SPEED     2.7


SKY COVER
  POSSIBLE SUNSHINE  MM


WEATHER CONDITIONS
 THE FOLLOWING WEATHER WAS RECORDED YESTERDAY.
  FOG


RELATIVE HUMIDITY (PERCENT)
 HIGHEST    90           200 AM
 LOWEST     45           400 PM
 AVERAGE    68

..........................................................


THE HUNTINGTON WV CLIMATE NORMALS FOR TODAY
                         NORMAL    RECORD    YEAR
 MAXIMUM TEMPERATURE (F)   78        96      1914
 MINIMUM TEMPERATURE (F)   56        38      1949


SUNRISE AND SUNSET
MAY 29 2016...........SUNRISE   609 AM EDT   SUNSET   846 PM EDT
MAY 30 2016...........SUNRISE   609 AM EDT   SUNSET   847 PM EDT


-  INDICATES NEGATIVE NUMBERS.
R  INDICATES RECORD WAS SET OR TIED.
MM INDICATES DATA IS MISSING.
T  INDICATES TRACE AMOUNT.




$$
