000
CDUS41 KRLX 120820
CLIHTS


CLIMATE REPORT
NATIONAL WEATHER SERVICE CHARLESTON WV
318 AM EST TUE DEC 12 2017


...................................

...THE HUNTINGTON WV CLIMATE SUMMARY FOR DECEMBER 11 2017...

CLIMATE NORMAL PERIOD 1981 TO 2010
CLIMATE RECORD PERIOD 1897 TO 2017


WEATHER ITEM   OBSERVED TIME   RECORD YEAR NORMAL DEPARTURE LAST
                VALUE   (LST)  VALUE       VALUE  FROM      YEAR
                                                  NORMAL
..................................................................
TEMPERATURE (F)
 YESTERDAY
  MAXIMUM         50    415 PM  73    2007  46      4       50
  MINIMUM         26    804 AM  -1    1917  30     -4       27
  AVERAGE         38                        38      0       39

PRECIPITATION (IN)
  YESTERDAY        0.00          0.85 2008   0.12  -0.12     0.23
  MONTH TO DATE    0.58                      1.23  -0.65     0.81
  SINCE JAN 1     43.73                     40.51   3.22    43.10

SNOWFALL (IN)
  YESTERDAY        0.0           4.7  1944   0.1   -0.1      0.0
  MONTH TO DATE    T                         0.9   -0.9      0.5
  SINCE SEP 1      T                         1.7   -1.7      0.5
  SNOW DEPTH       0

DEGREE DAYS
 HEATING
  YESTERDAY       27                        27      0       26
  MONTH TO DATE  289                       282      7      299
  SINCE DEC 1    289                       282      7      299
  SINCE JUL 1   1061                      1169   -108      897

 COOLING
  YESTERDAY        0                         0      0        0
  MONTH TO DATE    0                         0      0        0
  SINCE DEC 1      0                         0      0        0
  SINCE JAN 1   1191                      1134     57     1589
..................................................................


WIND (MPH)
  HIGHEST WIND SPEED    14   HIGHEST WIND DIRECTION     S (190)
  HIGHEST GUST SPEED    20   HIGHEST GUST DIRECTION     S (190)
  AVERAGE WIND SPEED     5.5


SKY COVER
  POSSIBLE SUNSHINE  MM
  AVERAGE SKY COVER 0.1


WEATHER CONDITIONS
 THE FOLLOWING WEATHER WAS RECORDED YESTERDAY.
  NO SIGNIFICANT WEATHER WAS OBSERVED.


RELATIVE HUMIDITY (PERCENT)
 HIGHEST    69           800 AM
 LOWEST     36           400 PM
 AVERAGE    53

..........................................................


THE HUNTINGTON WV CLIMATE NORMALS FOR TODAY
                         NORMAL    RECORD    YEAR
 MAXIMUM TEMPERATURE (F)   46        72      2015
 MINIMUM TEMPERATURE (F)   29        -4      1962


SUNRISE AND SUNSET
DECEMBER 12 2017......SUNRISE   738 AM EST   SUNSET   510 PM EST
DECEMBER 13 2017......SUNRISE   739 AM EST   SUNSET   510 PM EST


-  INDICATES NEGATIVE NUMBERS.
R  INDICATES RECORD WAS SET OR TIED.
MM INDICATES DATA IS MISSING.
T  INDICATES TRACE AMOUNT.




$$
