000
CDUS43 KIND 180534
CLIHUF


CLIMATE REPORT
NATIONAL WEATHER SERVICE INDIANAPOLIS IN
134 AM EDT FRI APR 18 2014


...................................

...THE TERRE HAUTE IN CLIMATE SUMMARY FOR APRIL 17 2014...

CLIMATE NORMAL PERIOD 1981 TO 2010
CLIMATE RECORD PERIOD 9999 TO 9999


WEATHER ITEM   OBSERVED TIME   NORMAL DEPARTURE LAST
                VALUE   (LST)  VALUE  FROM      YEAR
                                      NORMAL
......................................................
TEMPERATURE (F)
 YESTERDAY
  MAXIMUM         66    408 PM  65      1       80
  MINIMUM         37    626 AM  43     -6       50
  AVERAGE         52            54     -2       65

PRECIPITATION (IN)
  YESTERDAY        0.00          0.13  -0.13     0.08
  MONTH TO DATE    4.65          1.82   2.83     2.53
  SINCE MAR 1      6.40          5.19   1.21     4.06
  SINCE JAN 1     10.43          9.48   0.95    11.71

DEGREE DAYS
 HEATING
  YESTERDAY       13            12      1        0
  MONTH TO DATE  237           241     -4      203
  SINCE MAR 1   1099           932    167     1087
  SINCE JUL 1   5834          5095    739     5008

 COOLING
  YESTERDAY        0             0      0        0
  MONTH TO DATE    3             3      0        5
  SINCE MAR 1      3             4     -1        5
  SINCE JAN 1      3             4     -1        5
......................................................


WIND (MPH)
  HIGHEST WIND SPEED    21   HIGHEST WIND DIRECTION     S (200)
  HIGHEST GUST SPEED    25   HIGHEST GUST DIRECTION    SW (210)
  AVERAGE WIND SPEED     8.2


SKY COVER
  AVERAGE SKY COVER 0.0


WEATHER CONDITIONS
 THE FOLLOWING WEATHER WAS RECORDED YESTERDAY.
  NO SIGNIFICANT WEATHER WAS OBSERVED.


RELATIVE HUMIDITY (PERCENT)
 HIGHEST    66          1100 PM
 LOWEST     31           100 PM
 AVERAGE    49

..........................................................


THE TERRE HAUTE IN CLIMATE NORMALS FOR TODAY
                         NORMAL
 MAXIMUM TEMPERATURE (F)   65
 MINIMUM TEMPERATURE (F)   43


SUNRISE AND SUNSET
APRIL 18 2014.........SUNRISE   708 AM EDT   SUNSET   830 PM EDT
APRIL 19 2014.........SUNRISE   706 AM EDT   SUNSET   831 PM EDT


-  INDICATES NEGATIVE NUMBERS.
R  INDICATES RECORD WAS SET OR TIED.
MM INDICATES DATA IS MISSING.
T  INDICATES TRACE AMOUNT.




$$
