000
CDUS41 KCAR 022029
CLIHUL


CLIMATE REPORT
NATIONAL WEATHER SERVICE CARIBOU, ME
428 PM EDT TUE SEP 2 2014


...................................

...THE HOULTON ME CLIMATE SUMMARY FOR SEPTEMBER 2 2014...
VALID TODAY AS OF 0400 PM LOCAL TIME.

CLIMATE NORMAL PERIOD 1981 TO 2010
CLIMATE RECORD PERIOD 1948 TO 2014


WEATHER ITEM   OBSERVED TIME   RECORD YEAR NORMAL DEPARTURE LAST
                VALUE   (LST)  VALUE       VALUE  FROM      YEAR
                                                  NORMAL
..................................................................
TEMPERATURE (F)
 TODAY
  MAXIMUM         79    234 PM  90    1942  72      7       63
  MINIMUM         65    605 AM  31    1991  48     17       58
  AVERAGE         72                        60     12       61

PRECIPITATION (IN)
  TODAY            0.00          1.83 1967   0.10  -0.10     1.17
  MONTH TO DATE    T                         0.20  -0.20     1.54
  SINCE SEP 1      T                         0.20  -0.20     1.54
  SINCE JAN 1     27.66                     25.82   1.84    29.07

SNOWFALL (IN)
  TODAY           MM             0.0  2003   0.0   MM       MM
  MONTH TO DATE   MM                         0.0   MM       MM
  SINCE SEP 1     MM                         0.0   MM       MM
  SINCE JUL 1     MM                         0.0   MM       MM
  SNOW DEPTH      MM

DEGREE DAYS
 HEATING
  TODAY            0                         6     -6        4
  MONTH TO DATE    0                        12    -12        4
  SINCE SEP 1      0                        12    -12        4
  SINCE JUL 1     85                       168    -83      137

 COOLING
  TODAY            7                         1      6        0
  MONTH TO DATE   15                         2     13        5
  SINCE SEP 1     15                         2     13        5
  SINCE JAN 1    218                       180     38      184
..................................................................


WIND (MPH)
  HIGHEST WIND SPEED    12   HIGHEST WIND DIRECTION    SW (210)
  HIGHEST GUST SPEED    17   HIGHEST GUST DIRECTION     S (200)
  AVERAGE WIND SPEED     4.7


SKY COVER
  POSSIBLE SUNSHINE  MM
  AVERAGE SKY COVER 0.9


WEATHER CONDITIONS
 THE FOLLOWING WEATHER WAS RECORDED TODAY.
  FOG


RELATIVE HUMIDITY (PERCENT)
 HIGHEST   100           600 AM
 LOWEST     69           200 PM
 AVERAGE    85

..........................................................


THE HOULTON ME CLIMATE NORMALS FOR TOMORROW
                         NORMAL    RECORD    YEAR
 MAXIMUM TEMPERATURE (F)   72        91      2010
                                             1999
 MINIMUM TEMPERATURE (F)   48        30      1976


SUNRISE AND SUNSET
SEPTEMBER  2 2014.....SUNRISE   553 AM EDT   SUNSET   708 PM EDT
SEPTEMBER  3 2014.....SUNRISE   554 AM EDT   SUNSET   706 PM EDT


-  INDICATES NEGATIVE NUMBERS.
R  INDICATES RECORD WAS SET OR TIED.
MM INDICATES DATA IS MISSING.
T  INDICATES TRACE AMOUNT.




$$
