000
CDUS41 KCAR 232034
CLIHUL


CLIMATE REPORT
NATIONAL WEATHER SERVICE CARIBOU, ME
431 PM EDT SAT JUL 23 2016


...................................

...THE HOULTON ME CLIMATE SUMMARY FOR JULY 23 2016...
VALID TODAY AS OF 0400 PM LOCAL TIME.

CLIMATE NORMAL PERIOD 1981 TO 2010
CLIMATE RECORD PERIOD 1948 TO 2016


WEATHER ITEM   OBSERVED TIME   RECORD YEAR NORMAL DEPARTURE LAST
                VALUE   (LST)  VALUE       VALUE  FROM      YEAR
                                                  NORMAL
..................................................................
TEMPERATURE (F)
 TODAY
  MAXIMUM         84    124 PM  97    1952  78      6       73
  MINIMUM         60    312 AM  42    1962  54      6       53
  AVERAGE         72                        66      6       63

PRECIPITATION (IN)
  TODAY            0.57          1.04 2003   0.12   0.45     0.14
  MONTH TO DATE    3.25                      2.70   0.55     1.39
  SINCE JUN 1      5.91                      6.35  -0.44     5.41
  SINCE JAN 1     20.29                     20.98  -0.69    14.76

SNOWFALL (IN)
  TODAY           MM             0.0  2003   0.0   MM       MM
  MONTH TO DATE   MM                         0.0   MM       MM
  SINCE JUN 1     MM                         0.0   MM       MM
  SINCE JUL 1     MM                         0.0   MM       MM
  SNOW DEPTH      MM

DEGREE DAYS
 HEATING
  TODAY            0                         2     -2        2
  MONTH TO DATE   41                        49     -8       49
  SINCE JUN 1    216                       230    -14      286
  SINCE JUL 1     41                        49     -8       49

 COOLING
  TODAY            7                         3      4        0
  MONTH TO DATE   65                        67     -2       25
  SINCE JUN 1     95                       102     -7       37
  SINCE JAN 1    102                       106     -4       62
..................................................................


WIND (MPH)
  HIGHEST WIND SPEED    24   HIGHEST WIND DIRECTION    NW (310)
  HIGHEST GUST SPEED    36   HIGHEST GUST DIRECTION    NW (310)
  AVERAGE WIND SPEED     5.3


SKY COVER
  POSSIBLE SUNSHINE  MM
  AVERAGE SKY COVER 0.2


WEATHER CONDITIONS
 THE FOLLOWING WEATHER WAS RECORDED TODAY.
  THUNDERSTORM
  HEAVY RAIN
  LIGHT RAIN
  FOG


RELATIVE HUMIDITY (PERCENT)
 HIGHEST   100           300 AM
 LOWEST     48          1200 PM
 AVERAGE    74

..........................................................


THE HOULTON ME CLIMATE NORMALS FOR TOMORROW
                         NORMAL    RECORD    YEAR
 MAXIMUM TEMPERATURE (F)   78        95      1970
 MINIMUM TEMPERATURE (F)   54        41      2004
                                             2002


SUNRISE AND SUNSET
JULY 23 2016..........SUNRISE   503 AM EDT   SUNSET   811 PM EDT
JULY 24 2016..........SUNRISE   505 AM EDT   SUNSET   810 PM EDT


-  INDICATES NEGATIVE NUMBERS.
R  INDICATES RECORD WAS SET OR TIED.
MM INDICATES DATA IS MISSING.
T  INDICATES TRACE AMOUNT.




$$
