000
CDUS41 KCAR 220531
CLIHUL


CLIMATE REPORT
NATIONAL WEATHER SERVICE CARIBOU, ME
1231 AM EST SAT NOV 22 2014


...................................

...THE HOULTON ME CLIMATE SUMMARY FOR NOVEMBER 21 2014...

CLIMATE NORMAL PERIOD 1981 TO 2010
CLIMATE RECORD PERIOD 1948 TO 2014


WEATHER ITEM   OBSERVED TIME   RECORD YEAR NORMAL DEPARTURE LAST
                VALUE   (LST)  VALUE       VALUE  FROM      YEAR
                                                  NORMAL
..................................................................
TEMPERATURE (F)
 YESTERDAY
  MAXIMUM         27   1141 AM  61    1991  38    -11       47
  MINIMUM         15   1159 PM  -2    1978  23     -8       19
  AVERAGE         21                        30     -9       33

PRECIPITATION (IN)
  YESTERDAY        T             2.29 1950   0.14  -0.14     0.00
  MONTH TO DATE    1.52                      2.84  -1.32     1.84
  SINCE SEP 1      8.64                      9.90  -1.26    10.47
  SINCE JAN 1     36.30                     35.52   0.78    38.00

SNOWFALL (IN)
  YESTERDAY       MM             9.0  1989   0.4   MM       MM
  MONTH TO DATE   MM                         3.7   MM       MM
  SINCE SEP 1     MM                         4.4   MM       MM
  SINCE JUL 1     MM                         4.4   MM       MM
  SNOW DEPTH      MM

DEGREE DAYS
 HEATING
  YESTERDAY       44                        35      9       32
  MONTH TO DATE  679                       641     38      622
  SINCE SEP 1   1488                      1621   -133     1500
  SINCE JUL 1   1573                      1777   -204     1633

 COOLING
  YESTERDAY        0                         0      0        0
  MONTH TO DATE    0                         0      0        0
  SINCE SEP 1     30                        13     17       19
  SINCE JAN 1    233                       191     42      198
..................................................................


WIND (MPH)
  HIGHEST WIND SPEED    20   HIGHEST WIND DIRECTION    NW (310)
  HIGHEST GUST SPEED    29   HIGHEST GUST DIRECTION     W (290)
  AVERAGE WIND SPEED     8.6


SKY COVER
  POSSIBLE SUNSHINE  MM
  AVERAGE SKY COVER 0.3


WEATHER CONDITIONS
 THE FOLLOWING WEATHER WAS RECORDED YESTERDAY.
  HAZE


RELATIVE HUMIDITY (PERCENT)
 HIGHEST    80           500 AM
 LOWEST     46           200 PM
 AVERAGE    63

..........................................................


THE HOULTON ME CLIMATE NORMALS FOR TODAY
                         NORMAL    RECORD    YEAR
 MAXIMUM TEMPERATURE (F)   38        57      2005
 MINIMUM TEMPERATURE (F)   22        -5      1978


SUNRISE AND SUNSET
NOVEMBER 22 2014......SUNRISE   642 AM EST   SUNSET   353 PM EST
NOVEMBER 23 2014......SUNRISE   643 AM EST   SUNSET   352 PM EST


-  INDICATES NEGATIVE NUMBERS.
R  INDICATES RECORD WAS SET OR TIED.
MM INDICATES DATA IS MISSING.
T  INDICATES TRACE AMOUNT.




$$
