000
CDUS41 KCAR 210527
CLIHUL


CLIMATE REPORT
NATIONAL WEATHER SERVICE CARIBOU, ME
127 AM EDT SUN SEP 21 2014


...................................

...THE HOULTON ME CLIMATE SUMMARY FOR SEPTEMBER 20 2014...

CLIMATE NORMAL PERIOD 1981 TO 2010
CLIMATE RECORD PERIOD 1948 TO 2014


WEATHER ITEM   OBSERVED TIME   RECORD YEAR NORMAL DEPARTURE LAST
                VALUE   (LST)  VALUE       VALUE  FROM      YEAR
                                                  NORMAL
..................................................................
TEMPERATURE (F)
 YESTERDAY
  MAXIMUM         57   1151 PM  84    1985  65     -8       71
  MINIMUM         39    549 AM  25    1950  42     -3       45
  AVERAGE         48                        53     -5       58

PRECIPITATION (IN)
  YESTERDAY        T             1.01 1997   0.12  -0.12     0.00
  MONTH TO DATE    1.25                      2.18  -0.93     4.86
  SINCE SEP 1      1.25                      2.18  -0.93     4.86
  SINCE JAN 1     28.91                     27.80   1.11    32.39

SNOWFALL (IN)
  YESTERDAY       MM             0.0  2003   0.0   MM       MM
  MONTH TO DATE   MM                         0.0   MM       MM
  SINCE SEP 1     MM                         0.0   MM       MM
  SINCE JUL 1     MM                         0.0   MM       MM
  SNOW DEPTH      MM

DEGREE DAYS
 HEATING
  YESTERDAY       17                        12      5        7
  MONTH TO DATE  209                       171     38      168
  SINCE SEP 1    209                       171     38      168
  SINCE JUL 1    294                       327    -33      301

 COOLING
  YESTERDAY        0                         0      0        0
  MONTH TO DATE   27                        12     15       19
  SINCE SEP 1     27                        12     15       19
  SINCE JAN 1    230                       190     40      198
..................................................................


WIND (MPH)
  HIGHEST WIND SPEED    21   HIGHEST WIND DIRECTION    SW (210)
  HIGHEST GUST SPEED    31   HIGHEST GUST DIRECTION    SW (220)
  AVERAGE WIND SPEED    11.1


SKY COVER
  POSSIBLE SUNSHINE  MM
  AVERAGE SKY COVER 0.5


WEATHER CONDITIONS
 THE FOLLOWING WEATHER WAS RECORDED YESTERDAY.
  LIGHT RAIN


RELATIVE HUMIDITY (PERCENT)
 HIGHEST    86          1100 PM
 LOWEST     57          1200 AM
 AVERAGE    72

..........................................................


THE HOULTON ME CLIMATE NORMALS FOR TODAY
                         NORMAL    RECORD    YEAR
 MAXIMUM TEMPERATURE (F)   65        86      1968
 MINIMUM TEMPERATURE (F)   41        25      1950


SUNRISE AND SUNSET
SEPTEMBER 21 2014.....SUNRISE   617 AM EDT   SUNSET   631 PM EDT
SEPTEMBER 22 2014.....SUNRISE   618 AM EDT   SUNSET   629 PM EDT


-  INDICATES NEGATIVE NUMBERS.
R  INDICATES RECORD WAS SET OR TIED.
MM INDICATES DATA IS MISSING.
T  INDICATES TRACE AMOUNT.




$$
