000
CDUS41 KCAR 210528
CLIHUL


CLIMATE REPORT
NATIONAL WEATHER SERVICE CARIBOU, ME
127 AM EDT MON AUG 21 2017


...................................

...THE HOULTON ME CLIMATE SUMMARY FOR AUGUST 20 2017...

CLIMATE NORMAL PERIOD 1981 TO 2010
CLIMATE RECORD PERIOD 1948 TO 2017


WEATHER ITEM   OBSERVED TIME   RECORD YEAR NORMAL DEPARTURE LAST
                VALUE   (LST)  VALUE       VALUE  FROM      YEAR
                                                  NORMAL
..................................................................
TEMPERATURE (F)
 YESTERDAY
  MAXIMUM         80    235 PM  89    1955  76      4       74
  MINIMUM         57    909 PM  35    1990  51      6       47
  AVERAGE         69                        63      6       61

PRECIPITATION (IN)
  YESTERDAY        0.01          1.21 1962   0.12  -0.11     0.00
  MONTH TO DATE    2.82                      2.52   0.30     4.83
  SINCE JUN 1      7.53                      9.83  -2.30    11.11
  SINCE JAN 1     22.28                     24.46  -2.18    25.49

SNOWFALL (IN)
  YESTERDAY       MM             0.0  2003   0.0   MM       MM
  MONTH TO DATE   MM                         0.0   MM       MM
  SINCE JUN 1     MM                         0.0   MM       MM
  SINCE JUL 1     MM                         0.0   MM       MM
  SNOW DEPTH      MM

DEGREE DAYS
 HEATING
  YESTERDAY        0                         3     -3        4
  MONTH TO DATE   38                        48    -10       36
  SINCE JUN 1    249                       289    -40      254
  SINCE JUL 1     89                       108    -19       79

 COOLING
  YESTERDAY        4                         2      2        0
  MONTH TO DATE   37                        42     -5       40
  SINCE JUN 1    155                       158     -3      172
  SINCE JAN 1    161                       162     -1      179
..................................................................


WIND (MPH)
  HIGHEST WIND SPEED    20   HIGHEST WIND DIRECTION     W (260)
  HIGHEST GUST SPEED    26   HIGHEST GUST DIRECTION     W (250)
  AVERAGE WIND SPEED     6.1


SKY COVER
  POSSIBLE SUNSHINE  MM
  AVERAGE SKY COVER 0.6


WEATHER CONDITIONS
 THE FOLLOWING WEATHER WAS RECORDED YESTERDAY.
  LIGHT RAIN
  FOG


RELATIVE HUMIDITY (PERCENT)
 HIGHEST   100          1200 AM
 LOWEST     50           500 PM
 AVERAGE    75

..........................................................


THE HOULTON ME CLIMATE NORMALS FOR TODAY
                         NORMAL    RECORD    YEAR
 MAXIMUM TEMPERATURE (F)   75        92      1976
 MINIMUM TEMPERATURE (F)   51        36      2007


SUNRISE AND SUNSET
AUGUST 21 2017........SUNRISE   538 AM EDT   SUNSET   729 PM EDT
AUGUST 22 2017........SUNRISE   539 AM EDT   SUNSET   728 PM EDT


-  INDICATES NEGATIVE NUMBERS.
R  INDICATES RECORD WAS SET OR TIED.
MM INDICATES DATA IS MISSING.
T  INDICATES TRACE AMOUNT.




$$
