219
CDUS41 KCAR 290527
CLIHUL


CLIMATE REPORT
NATIONAL WEATHER SERVICE CARIBOU, ME
127 AM EDT WED MAR 29 2017


...................................

...THE HOULTON ME CLIMATE SUMMARY FOR MARCH 28 2017...

CLIMATE NORMAL PERIOD 1981 TO 2010
CLIMATE RECORD PERIOD 1948 TO 2017


WEATHER ITEM   OBSERVED TIME   RECORD YEAR NORMAL DEPARTURE LAST
                VALUE   (LST)  VALUE       VALUE  FROM      YEAR
                                                  NORMAL
..................................................................
TEMPERATURE (F)
 YESTERDAY
  MAXIMUM         32   1006 PM  69    1993  40     -8       37
  MINIMUM         26    640 AM  -3    1974  20      6       30
  AVERAGE         29                        30     -1       34

PRECIPITATION (IN)
  YESTERDAY        0.09          1.54 2005   0.09   0.00     1.00
  MONTH TO DATE    1.53                      2.34  -0.81     3.07
  SINCE MAR 1      1.53                      2.34  -0.81     3.07
  SINCE JAN 1      5.98                      7.20  -1.22     8.03

SNOWFALL (IN)
  YESTERDAY       MM             1.0  1966   0.4   MM       MM
  MONTH TO DATE   MM                        16.7   MM       MM
  SINCE MAR 1     MM                        16.7   MM       MM
  SINCE JUL 1     MM                        82.3   MM       MM
  SNOW DEPTH      MM

DEGREE DAYS
 HEATING
  YESTERDAY       36                        35      1       31
  MONTH TO DATE 1224                      1123    101     1090
  SINCE MAR 1   1224                      1123    101     1090
  SINCE JUL 1   7185                      7696   -511     6708

 COOLING
  YESTERDAY        0                         0      0        0
  MONTH TO DATE    0                         0      0        0
  SINCE MAR 1      0                         0      0        0
  SINCE JAN 1      0                         0      0        0
..................................................................


WIND (MPH)
  HIGHEST WIND SPEED    10   HIGHEST WIND DIRECTION    SE (120)
  HIGHEST GUST SPEED    14   HIGHEST GUST DIRECTION     E (110)
  AVERAGE WIND SPEED     4.1


SKY COVER
  POSSIBLE SUNSHINE  MM
  AVERAGE SKY COVER 1.0


WEATHER CONDITIONS
 THE FOLLOWING WEATHER WAS RECORDED YESTERDAY.
  LT FREEZING RAIN
  LIGHT SNOW
  FOG


RELATIVE HUMIDITY (PERCENT)
 HIGHEST   100           900 PM
 LOWEST     85           900 AM
 AVERAGE    93

..........................................................


THE HOULTON ME CLIMATE NORMALS FOR TODAY
                         NORMAL    RECORD    YEAR
 MAXIMUM TEMPERATURE (F)   41        68      1945
 MINIMUM TEMPERATURE (F)   21         0      1987


SUNRISE AND SUNSET
MARCH 29 2017.........SUNRISE   616 AM EDT   SUNSET   656 PM EDT
MARCH 30 2017.........SUNRISE   614 AM EDT   SUNSET   657 PM EDT


-  INDICATES NEGATIVE NUMBERS.
R  INDICATES RECORD WAS SET OR TIED.
MM INDICATES DATA IS MISSING.
T  INDICATES TRACE AMOUNT.




$$
