000
CDUS41 KCAR 210530
CLIHUL


CLIMATE REPORT
NATIONAL WEATHER SERVICE CARIBOU, ME
130 AM EDT MON APR 21 2014


...................................

...THE HOULTON ME CLIMATE SUMMARY FOR APRIL 20 2014...

CLIMATE NORMAL PERIOD 1981 TO 2010
CLIMATE RECORD PERIOD 1948 TO 2014


WEATHER ITEM   OBSERVED TIME   RECORD YEAR NORMAL DEPARTURE LAST
                VALUE   (LST)  VALUE       VALUE  FROM      YEAR
                                                  NORMAL
..................................................................
TEMPERATURE (F)
 YESTERDAY
  MAXIMUM         51    457 PM  75    1941  52     -1       61
  MINIMUM         24    448 AM  16    1974  30     -6       36
  AVERAGE         38                        41     -3       49

PRECIPITATION (IN)
  YESTERDAY        0.00          0.98 1998   0.13  -0.13     0.38
  MONTH TO DATE    2.29                      2.56  -0.27     1.30
  SINCE MAR 1      4.77                      5.15  -0.38     3.07
  SINCE JAN 1     10.35                     10.01   0.34     5.47

SNOWFALL (IN)
  YESTERDAY       MM             1.6  1978   0.2   MM       MM
  MONTH TO DATE    0.0                       5.1   -5.1     MM
  SINCE MAR 1      0.0                      22.9  -22.9     MM
  SINCE JUL 1      0.0                      88.5  -88.5     MM
  SNOW DEPTH      MM

DEGREE DAYS
 HEATING
  YESTERDAY       27                        24      3       16
  MONTH TO DATE  560                       565     -5      583
  SINCE MAR 1   2061                      1788    273     1658
  SINCE JUL 1   8651                      8361    290     7763

 COOLING
  YESTERDAY        0                         0      0        0
  MONTH TO DATE    0                         0      0        0
  SINCE MAR 1      0                         0      0        0
  SINCE JAN 1      0                         0      0        0
..................................................................


WIND (MPH)
  HIGHEST WIND SPEED    15   HIGHEST WIND DIRECTION     N (10)
  HIGHEST GUST SPEED    19   HIGHEST GUST DIRECTION     N (340)
  AVERAGE WIND SPEED     6.1


SKY COVER
  POSSIBLE SUNSHINE  MM
  AVERAGE SKY COVER 0.1


WEATHER CONDITIONS
 THE FOLLOWING WEATHER WAS RECORDED YESTERDAY.
  NO SIGNIFICANT WEATHER WAS OBSERVED.


RELATIVE HUMIDITY (PERCENT)
 HIGHEST    81           500 AM
 LOWEST     20           200 PM
 AVERAGE    51

..........................................................


THE HOULTON ME CLIMATE NORMALS FOR TODAY
                         NORMAL    RECORD    YEAR
 MAXIMUM TEMPERATURE (F)   53        79      1977
 MINIMUM TEMPERATURE (F)   31        12      1969


SUNRISE AND SUNSET
APRIL 21 2014.........SUNRISE   534 AM EDT   SUNSET   726 PM EDT
APRIL 22 2014.........SUNRISE   533 AM EDT   SUNSET   728 PM EDT


-  INDICATES NEGATIVE NUMBERS.
R  INDICATES RECORD WAS SET OR TIED.
MM INDICATES DATA IS MISSING.
T  INDICATES TRACE AMOUNT.




$$
