931
CDUS41 KCAR 240535
CLIHUL


CLIMATE REPORT
NATIONAL WEATHER SERVICE CARIBOU, ME
132 AM EDT TUE MAY 24 2016


...................................

...THE HOULTON ME CLIMATE SUMMARY FOR MAY 23 2016...

CLIMATE NORMAL PERIOD 1981 TO 2010
CLIMATE RECORD PERIOD 1948 TO 2016


WEATHER ITEM   OBSERVED TIME   RECORD YEAR NORMAL DEPARTURE LAST
                VALUE   (LST)  VALUE       VALUE  FROM      YEAR
                                                  NORMAL
..................................................................
TEMPERATURE (F)
 YESTERDAY
  MAXIMUM         79    342 PM  92    1977  66     13       54
  MINIMUM         43    338 AM  25    1982  41      2       30
  AVERAGE         61                        53      8       42

PRECIPITATION (IN)
  YESTERDAY        0.00          0.49 1974   0.11  -0.11     0.05
  MONTH TO DATE    2.16                      2.43  -0.27     1.80
  SINCE MAR 1      8.92                      8.90   0.02     5.14
  SINCE JAN 1     13.88                     13.76   0.12     7.24

SNOWFALL (IN)
  YESTERDAY       MM             T    1990   0.0   MM       MM
  MONTH TO DATE   MM                         0.1   MM       MM
  SINCE MAR 1     MM                        23.9   MM       MM
  SINCE JUL 1     MM                        89.5   MM       MM
  SNOW DEPTH      MM

DEGREE DAYS
 HEATING
  YESTERDAY        4                        12     -8       23
  MONTH TO DATE  325                       349    -24      297
  SINCE MAR 1   2353                      2349      4     2532
  SINCE JUL 1   7971                      8922   -951     9100

 COOLING
  YESTERDAY        0                         0      0        0
  MONTH TO DATE    0                         0      0        0
  SINCE MAR 1      0                         0      0        0
  SINCE JAN 1      0                         0      0        0
..................................................................


WIND (MPH)
  HIGHEST WIND SPEED    17   HIGHEST WIND DIRECTION     N (20)
  HIGHEST GUST SPEED    24   HIGHEST GUST DIRECTION     N (10)
  AVERAGE WIND SPEED     6.8


SKY COVER
  POSSIBLE SUNSHINE  MM
  AVERAGE SKY COVER 0.0


WEATHER CONDITIONS
 THE FOLLOWING WEATHER WAS RECORDED YESTERDAY.
  FOG


RELATIVE HUMIDITY (PERCENT)
 HIGHEST    93          1200 AM
 LOWEST     28           200 PM
 AVERAGE    61

..........................................................


THE HOULTON ME CLIMATE NORMALS FOR TODAY
                         NORMAL    RECORD    YEAR
 MAXIMUM TEMPERATURE (F)   67        92      1977
 MINIMUM TEMPERATURE (F)   41        26      1956


SUNRISE AND SUNSET
MAY 24 2016...........SUNRISE   449 AM EDT   SUNSET   808 PM EDT
MAY 25 2016...........SUNRISE   448 AM EDT   SUNSET   809 PM EDT


-  INDICATES NEGATIVE NUMBERS.
R  INDICATES RECORD WAS SET OR TIED.
MM INDICATES DATA IS MISSING.
T  INDICATES TRACE AMOUNT.




$$
