000
CDUS41 KCAR 110527
CLIHUL


CLIMATE REPORT
NATIONAL WEATHER SERVICE CARIBOU, ME
1226 AM EST MON DEC 11 2017


...................................

...THE HOULTON ME CLIMATE SUMMARY FOR DECEMBER 10 2017...

CLIMATE NORMAL PERIOD 1981 TO 2010
CLIMATE RECORD PERIOD 1948 TO 2017


WEATHER ITEM   OBSERVED TIME   RECORD YEAR NORMAL DEPARTURE LAST
                VALUE   (LST)  VALUE       VALUE  FROM      YEAR
                                                  NORMAL
..................................................................
TEMPERATURE (F)
 YESTERDAY
  MAXIMUM         29    241 PM  51    2008  30     -1       14
                                      1973
  MINIMUM         10   1159 PM -21    1989  13     -3        2
  AVERAGE         20                        22     -2        8

PRECIPITATION (IN)
  YESTERDAY        0.06          1.48 2014   0.11  -0.05     0.00
  MONTH TO DATE    1.53                      1.19   0.34     1.03
  SINCE DEC 1      1.53                      1.19   0.34     1.03
  SINCE JAN 1     36.05                     37.88  -1.83    33.85

SNOWFALL (IN)
  YESTERDAY       MM             5.0  1954   0.5   MM       MM
  MONTH TO DATE   MM                         4.8   MM       MM
  SINCE DEC 1     MM                         4.8   MM       MM
  SINCE JUL 1     MM                        12.9   MM       MM
  SNOW DEPTH      MM

DEGREE DAYS
 HEATING
  YESTERDAY       45                        43      2       57
  MONTH TO DATE  362                       412    -50      438
  SINCE DEC 1    362                       412    -50      438
  SINCE JUL 1   2068                      2520   -452     2181

 COOLING
  YESTERDAY        0                         0      0        0
  MONTH TO DATE    0                         0      0        0
  SINCE DEC 1      0                         0      0        0
  SINCE JAN 1    211                       191     20      229
..................................................................


WIND (MPH)
  HIGHEST WIND SPEED    14   HIGHEST WIND DIRECTION    SW (230)
  HIGHEST GUST SPEED    21   HIGHEST GUST DIRECTION     W (270)
  AVERAGE WIND SPEED     8.0


SKY COVER
  POSSIBLE SUNSHINE  MM
  AVERAGE SKY COVER 0.7


WEATHER CONDITIONS
 THE FOLLOWING WEATHER WAS RECORDED YESTERDAY.
  LIGHT SNOW
  FOG


RELATIVE HUMIDITY (PERCENT)
 HIGHEST   100          1200 AM
 LOWEST     68           900 PM
 AVERAGE    84

..........................................................


THE HOULTON ME CLIMATE NORMALS FOR TODAY
                         NORMAL    RECORD    YEAR
 MAXIMUM TEMPERATURE (F)   30        59      1969
 MINIMUM TEMPERATURE (F)   13       -15      1968


SUNRISE AND SUNSET
DECEMBER 11 2017......SUNRISE   704 AM EST   SUNSET   345 PM EST
DECEMBER 12 2017......SUNRISE   704 AM EST   SUNSET   345 PM EST


-  INDICATES NEGATIVE NUMBERS.
R  INDICATES RECORD WAS SET OR TIED.
MM INDICATES DATA IS MISSING.
T  INDICATES TRACE AMOUNT.




$$
