000
CDUS45 KTFX 172330
CLIHVR


CLIMATE REPORT
NATIONAL WEATHER SERVICE GREAT FALLS MT
430 PM MST TUE JAN 17 2017


...................................

...THE HAVRE MT CLIMATE SUMMARY FOR JANUARY 17 2017...
VALID TODAY AS OF 0400 PM LOCAL TIME.

CLIMATE NORMAL PERIOD 1981 TO 2010
CLIMATE RECORD PERIOD 1880 TO 2017


WEATHER ITEM   OBSERVED TIME   RECORD YEAR NORMAL DEPARTURE LAST
                VALUE   (LST)  VALUE       VALUE  FROM      YEAR
                                                  NORMAL
..................................................................
TEMPERATURE (F)
 TODAY
  MAXIMUM         44    323 PM  55    1919  29     15        5
  MINIMUM         31   1203 AM -38    1943   7     24       -5
  AVERAGE         38                        18     20        0

PRECIPITATION (IN)
  TODAY            0.00          0.22 1954   0.01  -0.01     0.10
  MONTH TO DATE    0.54                      0.21   0.33     0.33
  SINCE OCT 1      4.53                      1.62   2.91     2.26
  SINCE JAN 1      0.54                      0.21   0.33     0.33

SNOWFALL (IN)
  TODAY            0.0           3.9  1940   0.2   -0.2      1.0
  MONTH TO DATE    6.0                       4.5    1.5      5.4
  SINCE DEC 1     13.2                      11.9    1.3     10.8
  SINCE JUL 1     18.7                      19.5   -0.8     13.8

DEGREE DAYS
 HEATING
  TODAY           27                        47    -20       65
  MONTH TO DATE 1038                       810    228      889
  SINCE DEC 1   2604                      2233    371     2198
  SINCE JUL 1   4351                      4276     75     4051

 COOLING
  TODAY            0                         0      0        0
  MONTH TO DATE    0                         0      0        0
  SINCE DEC 1      0                         0      0        0
  SINCE JAN 1      0                         0      0        0
..................................................................


WIND (MPH)
  HIGHEST WIND SPEED    37   HIGHEST WIND DIRECTION    SW (220)
  HIGHEST GUST SPEED    41   HIGHEST GUST DIRECTION    SW (210)
  AVERAGE WIND SPEED    26.6


SKY COVER
  AVERAGE SKY COVER 0.0


WEATHER CONDITIONS
 THE FOLLOWING WEATHER WAS RECORDED TODAY.
  NO SIGNIFICANT WEATHER WAS OBSERVED.


RELATIVE HUMIDITY (PERCENT)
 HIGHEST    64           500 AM
 LOWEST     51          1200 PM
 AVERAGE    58

..........................................................


THE HAVRE MT CLIMATE NORMALS FOR TOMORROW
                         NORMAL    RECORD    YEAR
 MAXIMUM TEMPERATURE (F)   29        61      1900
 MINIMUM TEMPERATURE (F)    7       -36      1883


SUNRISE AND SUNSET
JANUARY 17 2017.......SUNRISE   804 AM MST   SUNSET   455 PM MST
JANUARY 18 2017.......SUNRISE   803 AM MST   SUNSET   456 PM MST


-  INDICATES NEGATIVE NUMBERS.
R  INDICATES RECORD WAS SET OR TIED.
MM INDICATES DATA IS MISSING.
T  INDICATES TRACE AMOUNT.




$$
