000
CDUS45 KTFX 280844
CLIHVR


CLIMATE REPORT
NATIONAL WEATHER SERVICE GREAT FALLS MT
243 AM MDT FRI JUL 28 2017


...................................

...THE HAVRE MT CLIMATE SUMMARY FOR JULY 27 2017...

CLIMATE NORMAL PERIOD 1981 TO 2010
CLIMATE RECORD PERIOD 1880 TO 2017


WEATHER ITEM   OBSERVED TIME   RECORD YEAR NORMAL DEPARTURE LAST
                VALUE   (LST)  VALUE       VALUE  FROM      YEAR
                                                  NORMAL
..................................................................
TEMPERATURE (F)
 YESTERDAY
  MAXIMUM         96    351 PM 106    1975  87      9       76
  MINIMUM         64    535 AM  40    1913  55      9       57
  AVERAGE         80                        71      9       67

PRECIPITATION (IN)
  YESTERDAY        0.00          1.56 2015   0.04  -0.04      T
  MONTH TO DATE    0.23                      1.50  -1.27     2.43
  SINCE OCT 1      7.43                      8.83  -1.40    14.18
  SINCE JAN 1      3.44                      7.42  -3.98    12.25

SNOWFALL (IN)
  YESTERDAY        0.0           0.0  1999   0.0    0.0      0.0
                                      1998
  MONTH TO DATE    0.0                       0.0    0.0      0.0
  SINCE JUN 1      0.0                       0.0    0.0      0.0
  SINCE JUL 1      0.0                       0.0    0.0      0.0
  SNOW DEPTH       0

DEGREE DAYS
 HEATING
  YESTERDAY        0                         0      0        0
  MONTH TO DATE    1                        29    -28       19
  SINCE JUN 1     84                       162    -78      104
  SINCE JUL 1      1                        29    -28       19

 COOLING
  YESTERDAY       15                         7      8        2
  MONTH TO DATE  260                       135    125      119
  SINCE JUN 1    323                       183    140      173
  SINCE JAN 1    334                       194    140      174
..................................................................


WIND (MPH)
  HIGHEST WIND SPEED    20   HIGHEST WIND DIRECTION     W (260)
  HIGHEST GUST SPEED    23   HIGHEST GUST DIRECTION     W (260)
  AVERAGE WIND SPEED     8.9


SKY COVER
  AVERAGE SKY COVER 0.0


WEATHER CONDITIONS
 THE FOLLOWING WEATHER WAS RECORDED YESTERDAY.
  NO SIGNIFICANT WEATHER WAS OBSERVED.


RELATIVE HUMIDITY (PERCENT)
 HIGHEST    49           700 AM
 LOWEST     12           400 PM
 AVERAGE    31

..........................................................


THE HAVRE MT CLIMATE NORMALS FOR TODAY
                         NORMAL    RECORD    YEAR
 MAXIMUM TEMPERATURE (F)   87       103      2007
                                             1939
 MINIMUM TEMPERATURE (F)   55        31      1892


SUNRISE AND SUNSET
JULY 28 2017..........SUNRISE   549 AM MDT   SUNSET   902 PM MDT
JULY 29 2017..........SUNRISE   550 AM MDT   SUNSET   900 PM MDT


-  INDICATES NEGATIVE NUMBERS.
R  INDICATES RECORD WAS SET OR TIED.
MM INDICATES DATA IS MISSING.
T  INDICATES TRACE AMOUNT.




$$
