000
CDUS45 KTFX 261146
CLIHVR


CLIMATE REPORT
NATIONAL WEATHER SERVICE GREAT FALLS MT
546 AM MDT TUE SEP 26 2017


...................................

...THE HAVRE MT CLIMATE SUMMARY FOR SEPTEMBER 25 2017...

CLIMATE NORMAL PERIOD 1981 TO 2010
CLIMATE RECORD PERIOD 1880 TO 2017


WEATHER ITEM   OBSERVED TIME   RECORD YEAR NORMAL DEPARTURE LAST
                VALUE   (LST)  VALUE       VALUE  FROM      YEAR
                                                  NORMAL
..................................................................
TEMPERATURE (F)
 YESTERDAY
  MAXIMUM         66    344 PM  96    2001  67     -1       68
  MINIMUM         30    622 AM  20    1934  38     -8       38
  AVERAGE         48                        53     -5       53

PRECIPITATION (IN)
  YESTERDAY        0.00          1.95 1986   0.04  -0.04     0.00
  MONTH TO DATE    0.97                      0.95   0.02     1.80
  SINCE OCT 1      8.55                     11.03  -2.48    17.22
  SINCE JAN 1      4.56                      9.62  -5.06    15.29

SNOWFALL (IN)
  YESTERDAY        0.0           1.0  1927   0.1   -0.1      0.0
  MONTH TO DATE    0.0                       0.2   -0.2      0.0
  SINCE SEP 1      0.0                       0.2   -0.2      0.0
  SINCE JUL 1      0.0                       0.2   -0.2      0.0
  SNOW DEPTH       0

DEGREE DAYS
 HEATING
  YESTERDAY       17                        12      5       12
  MONTH TO DATE  220                       208     12      229
  SINCE SEP 1    220                       208     12      229
  SINCE JUL 1    232                       291    -59      290

 COOLING
  YESTERDAY        0                         0      0        0
  MONTH TO DATE   39                        17     22       17
  SINCE SEP 1     39                        17     22       17
  SINCE JAN 1    526                       384    142      341
..................................................................


WIND (MPH)
  HIGHEST WIND SPEED    12   HIGHEST WIND DIRECTION     W (270)
  HIGHEST GUST SPEED    14   HIGHEST GUST DIRECTION     W (280)
  AVERAGE WIND SPEED     3.2


SKY COVER
  AVERAGE SKY COVER 0.1


WEATHER CONDITIONS
 THE FOLLOWING WEATHER WAS RECORDED YESTERDAY.
  NO SIGNIFICANT WEATHER WAS OBSERVED.


RELATIVE HUMIDITY (PERCENT)
 HIGHEST    92           600 AM
 LOWEST     26           400 PM
 AVERAGE    59

..........................................................


THE HAVRE MT CLIMATE NORMALS FOR TODAY
                         NORMAL    RECORD    YEAR
 MAXIMUM TEMPERATURE (F)   67        92      1952
 MINIMUM TEMPERATURE (F)   38        19      1900


SUNRISE AND SUNSET
SEPTEMBER 26 2017.....SUNRISE   712 AM MDT   SUNSET   708 PM MDT
SEPTEMBER 27 2017.....SUNRISE   713 AM MDT   SUNSET   706 PM MDT


-  INDICATES NEGATIVE NUMBERS.
R  INDICATES RECORD WAS SET OR TIED.
MM INDICATES DATA IS MISSING.
T  INDICATES TRACE AMOUNT.




$$
