502
CDUS45 KTFX 290751
CLIHVR


CLIMATE REPORT
NATIONAL WEATHER SERVICE GREAT FALLS MT
151 AM MDT FRI APR 29 2016


...................................

...THE HAVRE MT CLIMATE SUMMARY FOR APRIL 28 2016...

CLIMATE NORMAL PERIOD 1981 TO 2010
CLIMATE RECORD PERIOD 1880 TO 2016


WEATHER ITEM   OBSERVED TIME   RECORD YEAR NORMAL DEPARTURE LAST
                VALUE   (LST)  VALUE       VALUE  FROM      YEAR
                                                  NORMAL
..................................................................
TEMPERATURE (F)
 YESTERDAY
  MAXIMUM         54    309 PM  91    2001  63     -9       77
  MINIMUM         36    558 AM  16    2005  34      2       32
                                      1966
                                      1893
  AVERAGE         45                        48     -3       55

PRECIPITATION (IN)
  YESTERDAY        0.00          0.90 1920   0.04  -0.04     0.00
  MONTH TO DATE    3.55                      0.76   2.79     0.33
  SINCE OCT 1      6.34                      3.32   3.02     4.06
  SINCE JAN 1      4.41                      1.91   2.50     2.49

SNOWFALL (IN)
  YESTERDAY        0.0           4.4  1970   0.1   -0.1      0.0
  MONTH TO DATE    T                         2.9   -2.9      0.2
  SINCE MAR 1      T                         9.2   -9.2      0.2
  SINCE JUL 1     14.3                      37.1  -22.8     20.8
  SNOW DEPTH       0

DEGREE DAYS
 HEATING
  YESTERDAY       20                        17      3       10
  MONTH TO DATE  483                       586   -103      586
  SINCE MAR 1   1262                      1584   -322     1318
  SINCE JUL 1   6687                      7704  -1017     6986

 COOLING
  YESTERDAY        0                         0      0        0
  MONTH TO DATE    0                         0      0        0
  SINCE MAR 1      0                         0      0        0
  SINCE JAN 1      0                         0      0        0
..................................................................


WIND (MPH)
  HIGHEST WIND SPEED    17   HIGHEST WIND DIRECTION    SE (120)
  HIGHEST GUST SPEED    24   HIGHEST GUST DIRECTION     E (80)
  AVERAGE WIND SPEED     6.2


SKY COVER
  AVERAGE SKY COVER 0.7


WEATHER CONDITIONS
 THE FOLLOWING WEATHER WAS RECORDED YESTERDAY.
  NO SIGNIFICANT WEATHER WAS OBSERVED.


RELATIVE HUMIDITY (PERCENT)
 HIGHEST   100           300 AM
 LOWEST     46          1200 PM
 AVERAGE    73

..........................................................


THE HAVRE MT CLIMATE NORMALS FOR TODAY
                         NORMAL    RECORD    YEAR
 MAXIMUM TEMPERATURE (F)   63        95      1939
 MINIMUM TEMPERATURE (F)   34        12      1966


SUNRISE AND SUNSET
APRIL 29 2016.........SUNRISE   602 AM MDT   SUNSET   832 PM MDT
APRIL 30 2016.........SUNRISE   600 AM MDT   SUNSET   833 PM MDT


-  INDICATES NEGATIVE NUMBERS.
R  INDICATES RECORD WAS SET OR TIED.
MM INDICATES DATA IS MISSING.
T  INDICATES TRACE AMOUNT.




$$
