000
CDUS45 KTFX 260946
CLIHVR


CLIMATE REPORT
NATIONAL WEATHER SERVICE GREAT FALLS MT
244 AM MST FRI DEC 26 2014


...................................

...THE HAVRE MT CLIMATE SUMMARY FOR DECEMBER 25 2014...

CLIMATE NORMAL PERIOD 1981 TO 2010
CLIMATE RECORD PERIOD 1880 TO 2014


WEATHER ITEM   OBSERVED TIME   RECORD YEAR NORMAL DEPARTURE LAST
                VALUE   (LST)  VALUE       VALUE  FROM      YEAR
                                                  NORMAL
..................................................................
TEMPERATURE (F)
 YESTERDAY
  MAXIMUM         28   1210 AM  55    1956  29     -1       38
  MINIMUM         19   1008 PM -50    1884   6     13       10
  AVERAGE         24                        17      7       24

PRECIPITATION (IN)
  YESTERDAY        0.00          0.40 1899   0.02  -0.02     0.00
  MONTH TO DATE    0.32                      0.32   0.00     1.01
  SINCE OCT 1      1.55                      1.33   0.22     1.73
  SINCE JAN 1     12.71                     11.12   1.59    18.88

SNOWFALL (IN)
  YESTERDAY        0.0           3.7  1915   0.3   -0.3      0.0
  MONTH TO DATE    0.1                       5.7   -5.6     15.7
  SINCE DEC 1      0.1                       5.7   -5.6     15.7
  SINCE JUL 1      4.7                      13.3   -8.6     21.5
  SNOW DEPTH       0

DEGREE DAYS
 HEATING
  YESTERDAY       41                        48     -7       41
  MONTH TO DATE  941                      1135   -194     1384
  SINCE DEC 1    941                      1135   -194     1384
  SINCE JUL 1   2878                      3178   -300     3310

 COOLING
  YESTERDAY        0                         0      0        0
  MONTH TO DATE    0                         0      0        0
  SINCE DEC 1      0                         0      0        0
  SINCE JAN 1    402                       387     15      445
..................................................................


WIND (MPH)
  HIGHEST WIND SPEED    14   HIGHEST WIND DIRECTION    SW (230)
  HIGHEST GUST SPEED    16   HIGHEST GUST DIRECTION    NW (310)
  AVERAGE WIND SPEED     6.4


SKY COVER
  AVERAGE SKY COVER 0.8


WEATHER CONDITIONS
 THE FOLLOWING WEATHER WAS RECORDED YESTERDAY.
  NO SIGNIFICANT WEATHER WAS OBSERVED.


RELATIVE HUMIDITY (PERCENT)
 HIGHEST    92           800 PM
 LOWEST     75          1200 AM
 AVERAGE    84

..........................................................


THE HAVRE MT CLIMATE NORMALS FOR TODAY
                         NORMAL    RECORD    YEAR
 MAXIMUM TEMPERATURE (F)   28        56      1980
 MINIMUM TEMPERATURE (F)    6       -37      1886


SUNRISE AND SUNSET
DECEMBER 26 2014......SUNRISE   810 AM MST   SUNSET   429 PM MST
DECEMBER 27 2014......SUNRISE   811 AM MST   SUNSET   430 PM MST


-  INDICATES NEGATIVE NUMBERS.
R  INDICATES RECORD WAS SET OR TIED.
MM INDICATES DATA IS MISSING.
T  INDICATES TRACE AMOUNT.




$$
