000
CDUS45 KTFX 252232
CLIHVR


CLIMATE REPORT
NATIONAL WEATHER SERVICE GREAT FALLS MT
430 PM MDT THU AUG 25 2016


...................................

...THE HAVRE MT CLIMATE SUMMARY FOR AUGUST 25 2016...
VALID TODAY AS OF 0400 PM LOCAL TIME.

CLIMATE NORMAL PERIOD 1981 TO 2010
CLIMATE RECORD PERIOD 1880 TO 2016


WEATHER ITEM   OBSERVED TIME   RECORD YEAR NORMAL DEPARTURE LAST
                VALUE   (LST)  VALUE       VALUE  FROM      YEAR
                                                  NORMAL
..................................................................
TEMPERATURE (F)
 TODAY
  MAXIMUM         73    228 PM 103    1970  81     -8       91
  MINIMUM         39    417 AM  27    1910  50    -11       47
  AVERAGE         56                        65     -9       69

PRECIPITATION (IN)
  TODAY            0.00          0.58 1989   0.04  -0.04     0.00
  MONTH TO DATE    1.02                      0.90   0.12     0.67
  SINCE OCT 1     15.20                      9.87   5.33    10.07
  SINCE JAN 1     13.27                      8.46   4.81     8.50

SNOWFALL (IN)
  TODAY            0.0           0.0  1999   0.0    0.0      0.0
                                      2001
                                      1998
  MONTH TO DATE    0.0                       0.0    0.0      0.0
  SINCE JUN 1      0.0                       0.0    0.0       T
  SINCE JUL 1      0.0                       0.0    0.0       T

DEGREE DAYS
 HEATING
  TODAY            9                         3      6        0
  MONTH TO DATE   38                        33      5       50
  SINCE JUN 1    142                       196    -54      132
  SINCE JUL 1     57                        63     -6       75

 COOLING
  TODAY            0                         3     -3        4
  MONTH TO DATE   90                       133    -43      108
  SINCE JUN 1    295                       343    -48      371
  SINCE JAN 1    296                       354    -58      371
..................................................................


WIND (MPH)
  HIGHEST WIND SPEED    14   HIGHEST WIND DIRECTION    SW (230)
  HIGHEST GUST SPEED    21   HIGHEST GUST DIRECTION     W (250)
  AVERAGE WIND SPEED     6.4


SKY COVER
  AVERAGE SKY COVER 0.1


WEATHER CONDITIONS
 THE FOLLOWING WEATHER WAS RECORDED TODAY.
  NO SIGNIFICANT WEATHER WAS OBSERVED.


RELATIVE HUMIDITY (PERCENT)
 HIGHEST   100           300 AM
 LOWEST     29           300 PM
 AVERAGE    65

..........................................................


THE HAVRE MT CLIMATE NORMALS FOR TOMORROW
                         NORMAL    RECORD    YEAR
 MAXIMUM TEMPERATURE (F)   81       103      2010
 MINIMUM TEMPERATURE (F)   49        35      1914


SUNRISE AND SUNSET
AUGUST 25 2016........SUNRISE   627 AM MDT   SUNSET   814 PM MDT
AUGUST 26 2016........SUNRISE   629 AM MDT   SUNSET   812 PM MDT


-  INDICATES NEGATIVE NUMBERS.
R  INDICATES RECORD WAS SET OR TIED.
MM INDICATES DATA IS MISSING.
T  INDICATES TRACE AMOUNT.




$$
