000
CDUS45 KTFX 021029
CLIHVR


CLIMATE REPORT
NATIONAL WEATHER SERVICE GREAT FALLS MT
327 AM MST FRI DEC 2 2016


...................................

...THE HAVRE MT CLIMATE SUMMARY FOR DECEMBER 1 2016...

CLIMATE NORMAL PERIOD 1981 TO 2010
CLIMATE RECORD PERIOD 1880 TO 2016


WEATHER ITEM   OBSERVED TIME   RECORD YEAR NORMAL DEPARTURE LAST
                VALUE   (LST)  VALUE       VALUE  FROM      YEAR
                                                  NORMAL
..................................................................
TEMPERATURE (F)
 YESTERDAY
  MAXIMUM         35   1233 PM  67    1885  34      1       36
  MINIMUM         16    817 AM -36    1897  12      4       10
  AVERAGE         26                        23      3       23

PRECIPITATION (IN)
  YESTERDAY        0.07          0.28 1928   0.01   0.06     0.00
  MONTH TO DATE    0.07                      0.01   0.06     0.00
  SINCE OCT 1      3.59                      1.02   2.57     1.51
  SINCE JAN 1     18.88                     10.81   8.07    11.75

SNOWFALL (IN)
  YESTERDAY       MM             2.4  1972   0.2   MM        0.0
  MONTH TO DATE   MM                         0.2   MM        0.0
  SINCE DEC 1     MM                         0.2   MM        0.0
  SINCE JUL 1      5.5                       7.8   -2.3      3.0
  SNOW DEPTH       0

DEGREE DAYS
 HEATING
  YESTERDAY       39                        42     -3       42
  MONTH TO DATE   39                        42     -3       42
  SINCE DEC 1     39                        42     -3       42
  SINCE JUL 1   1786                      2085   -299     1895

 COOLING
  YESTERDAY        0                         0      0        0
  MONTH TO DATE    0                         0      0        0
  SINCE DEC 1      0                         0      0        0
  SINCE JAN 1    344                       387    -43      418
..................................................................


WIND (MPH)
  HIGHEST WIND SPEED    14   HIGHEST WIND DIRECTION    NW (310)
  HIGHEST GUST SPEED    16   HIGHEST GUST DIRECTION    NW (310)
  AVERAGE WIND SPEED     4.7


SKY COVER
  AVERAGE SKY COVER 0.8


WEATHER CONDITIONS
 THE FOLLOWING WEATHER WAS RECORDED YESTERDAY.
  LIGHT SNOW
  FOG


RELATIVE HUMIDITY (PERCENT)
 HIGHEST   100           400 PM
 LOWEST     64          1200 PM
 AVERAGE    82

..........................................................


THE HAVRE MT CLIMATE NORMALS FOR TODAY
                         NORMAL    RECORD    YEAR
 MAXIMUM TEMPERATURE (F)   34        68      1885
 MINIMUM TEMPERATURE (F)   12       -43      1897


SUNRISE AND SUNSET
DECEMBER  2 2016......SUNRISE   752 AM MST   SUNSET   425 PM MST
DECEMBER  3 2016......SUNRISE   753 AM MST   SUNSET   425 PM MST


-  INDICATES NEGATIVE NUMBERS.
R  INDICATES RECORD WAS SET OR TIED.
MM INDICATES DATA IS MISSING.
T  INDICATES TRACE AMOUNT.




$$
