000
CDUS45 KTFX 010902
CLIHVR


CLIMATE REPORT
NATIONAL WEATHER SERVICE GREAT FALLS MT
159 AM MST SUN FEB 1 2015


...................................

...THE HAVRE MT CLIMATE SUMMARY FOR JANUARY 31 2015...

CLIMATE NORMAL PERIOD 1981 TO 2010
CLIMATE RECORD PERIOD 1880 TO 2015


WEATHER ITEM   OBSERVED TIME   RECORD YEAR NORMAL DEPARTURE LAST
                VALUE   (LST)  VALUE       VALUE  FROM      YEAR
                                                  NORMAL
..................................................................
TEMPERATURE (F)
 YESTERDAY
  MAXIMUM         28    516 AM  68    1992  30     -2       16
  MINIMUM          3   1159 PM -43    1893   9     -6      -15
  AVERAGE         16                        20     -4        1

PRECIPITATION (IN)
  YESTERDAY        0.13          0.50 1911   0.01   0.12      T
  MONTH TO DATE    1.30                      0.33   0.97     0.42
  SINCE OCT 1      2.87                      1.74   1.13     2.43
  SINCE JAN 1      1.30                      0.33   0.97     0.42

SNOWFALL (IN)
  YESTERDAY        2.0           5.0  1971   0.2    1.8       T
  MONTH TO DATE   10.7                       7.1    3.6      7.2
  SINCE DEC 1     10.8                      14.5   -3.7     27.4
  SINCE JUL 1     15.4                      22.1   -6.7     33.2
  SNOW DEPTH       0

DEGREE DAYS
 HEATING
  YESTERDAY       49                        45      4       64
  MONTH TO DATE 1359                      1457    -98     1235
  SINCE DEC 1   2612                      2880   -268     2852
  SINCE JUL 1   4549                      4923   -374     4778

 COOLING
  YESTERDAY        0                         0      0        0
  MONTH TO DATE    0                         0      0        0
  SINCE DEC 1      0                         0      0        0
  SINCE JAN 1      0                         0      0        0
..................................................................


WIND (MPH)
  HIGHEST WIND SPEED    24   HIGHEST WIND DIRECTION    NE (40)
  HIGHEST GUST SPEED    29   HIGHEST GUST DIRECTION    NE (50)
  AVERAGE WIND SPEED    12.1


SKY COVER
  AVERAGE SKY COVER 0.9


WEATHER CONDITIONS
 THE FOLLOWING WEATHER WAS RECORDED YESTERDAY.
  SNOW
  LIGHT SNOW
  FOG


RELATIVE HUMIDITY (PERCENT)
 HIGHEST    96           100 AM
 LOWEST     73           500 PM
 AVERAGE    85

..........................................................


THE HAVRE MT CLIMATE NORMALS FOR TODAY
                         NORMAL    RECORD    YEAR
 MAXIMUM TEMPERATURE (F)   31        65      1992
 MINIMUM TEMPERATURE (F)    9       -47      1887


SUNRISE AND SUNSET
FEBRUARY  1 2015......SUNRISE   748 AM MST   SUNSET   517 PM MST
FEBRUARY  2 2015......SUNRISE   747 AM MST   SUNSET   519 PM MST


-  INDICATES NEGATIVE NUMBERS.
R  INDICATES RECORD WAS SET OR TIED.
MM INDICATES DATA IS MISSING.
T  INDICATES TRACE AMOUNT.




$$
