000
CDUS43 KUNR 030833
CLIICR


CLIMATE REPORT
NATIONAL WEATHER SERVICE RAPID CITY SD
232 AM MDT MON AUG 3 2015


...................................

...THE WINNER REGIONAL AIRPORT SD CLIMATE SUMMARY FOR AUGUST 2 2015...

CLIMATE NORMAL PERIOD 1981 TO 2010
CLIMATE RECORD PERIOD 9999 TO 9999


WEATHER ITEM   OBSERVED TIME   NORMAL DEPARTURE LAST
                VALUE   (LST)  VALUE  FROM      YEAR
                                      NORMAL
......................................................
TEMPERATURE (F)
 YESTERDAY
  MAXIMUM         90    402 PM  89      1       94
  MINIMUM         63    514 AM  64     -1       63
  AVERAGE         77            76      1       79

PRECIPITATION (IN)
  YESTERDAY        0.00          0.07  -0.07     0.00
  MONTH TO DATE    0.02          0.15  -0.13     0.16
  SINCE JUN 1      6.06          6.76  -0.70     4.57
  SINCE JAN 1      9.73         14.83  -5.10     9.36

DEGREE DAYS
 HEATING
  YESTERDAY        0             0      0        0
  MONTH TO DATE    0             0      0        0
  SINCE JUN 1      3            59    -56       49
  SINCE JUL 1      0             5     -5       12

 COOLING
  YESTERDAY       12            12      0       14
  MONTH TO DATE   28            24      4       27
  SINCE JUN 1    621           500    121      430
  SINCE JAN 1    656           530    126      511
......................................................


WIND (MPH)
  HIGHEST WIND SPEED    17   HIGHEST WIND DIRECTION    NE (40)
  HIGHEST GUST SPEED    22   HIGHEST GUST DIRECTION     E (70)
  AVERAGE WIND SPEED     8.6


SKY COVER
  AVERAGE SKY COVER 0.0


WEATHER CONDITIONS
 THE FOLLOWING WEATHER WAS RECORDED YESTERDAY.
  NO SIGNIFICANT WEATHER WAS OBSERVED.


RELATIVE HUMIDITY (PERCENT)
 HIGHEST    70          1000 PM
 LOWEST     34           300 PM
 AVERAGE    52

..........................................................




SUNRISE AND SUNSET
AUGUST  3 2015........SUNRISE   631 AM CDT   SUNSET   859 PM CDT
AUGUST  4 2015........SUNRISE   632 AM CDT   SUNSET   858 PM CDT


-  INDICATES NEGATIVE NUMBERS.
R  INDICATES RECORD WAS SET OR TIED.
MM INDICATES DATA IS MISSING.
T  INDICATES TRACE AMOUNT.




$$
