000
CDUS43 KUNR 280832
CLIICR


CLIMATE REPORT
NATIONAL WEATHER SERVICE RAPID CITY SD
232 AM MDT SAT MAY 28 2016


...................................

...THE WINNER REGIONAL AIRPORT SD CLIMATE SUMMARY FOR MAY 27 2016...

CLIMATE NORMAL PERIOD 1981 TO 2010
CLIMATE RECORD PERIOD 9999 TO 9999


WEATHER ITEM   OBSERVED TIME   NORMAL DEPARTURE LAST
                VALUE   (LST)  VALUE  FROM      YEAR
                                      NORMAL
......................................................
TEMPERATURE (F)
 YESTERDAY
  MAXIMUM         71    503 PM  73     -2       82
  MINIMUM         57   1159 PM  50      7       55
  AVERAGE         64            62      2       69

PRECIPITATION (IN)
  YESTERDAY        0.44          0.12   0.32      T
  MONTH TO DATE    2.80          2.90  -0.10     2.69
  SINCE MAR 1      8.94          6.77   2.17     3.54
  SINCE JAN 1      9.33          7.53   1.80     3.63

DEGREE DAYS
 HEATING
  YESTERDAY        1             5     -4        0
  MONTH TO DATE  176           224    -48      228
  SINCE MAR 1   1275          1619   -344     1241
  SINCE JUL 1   5568          6628  -1060     6001

 COOLING
  YESTERDAY        0             1     -1        4
  MONTH TO DATE   29            22      7       16
  SINCE MAR 1     38            24     14       28
  SINCE JAN 1     38            24     14       28
......................................................


WIND (MPH)
  HIGHEST WIND SPEED    18   HIGHEST WIND DIRECTION    NE (40)
  HIGHEST GUST SPEED    24   HIGHEST GUST DIRECTION    NE (50)
  AVERAGE WIND SPEED     8.5


SKY COVER
  AVERAGE SKY COVER 0.4


WEATHER CONDITIONS
 THE FOLLOWING WEATHER WAS RECORDED YESTERDAY.
  HEAVY RAIN
  RAIN
  LIGHT RAIN
  FOG


RELATIVE HUMIDITY (PERCENT)
 HIGHEST    93          1000 AM
 LOWEST     53           200 PM
 AVERAGE    73

..........................................................




SUNRISE AND SUNSET
MAY 28 2016...........SUNRISE   604 AM CDT   SUNSET   910 PM CDT
MAY 29 2016...........SUNRISE   603 AM CDT   SUNSET   911 PM CDT


-  INDICATES NEGATIVE NUMBERS.
R  INDICATES RECORD WAS SET OR TIED.
MM INDICATES DATA IS MISSING.
T  INDICATES TRACE AMOUNT.




$$
