000
CDUS43 KUNR 220832
CLIICR


CLIMATE REPORT
NATIONAL WEATHER SERVICE RAPID CITY SD
232 AM MDT FRI AUG 22 2014


...................................

...THE WINNER REGIONAL AIRPORT SD CLIMATE SUMMARY FOR AUGUST 21 2014...

CLIMATE NORMAL PERIOD 1981 TO 2010
CLIMATE RECORD PERIOD 9999 TO 9999


WEATHER ITEM   OBSERVED TIME   NORMAL DEPARTURE LAST
                VALUE   (LST)  VALUE  FROM      YEAR
                                      NORMAL
......................................................
TEMPERATURE (F)
 YESTERDAY
  MAXIMUM         90    423 PM  87      3       89
  MINIMUM         67   1145 PM  61      6       68
  AVERAGE         79            74      5       79

PRECIPITATION (IN)
  YESTERDAY        0.00          0.06  -0.06     0.04
  MONTH TO DATE    2.63          1.76   0.87     2.48
  SINCE JUN 1      7.04          8.37  -1.33     8.59
  SINCE JAN 1     11.83         16.44  -4.61    15.98

DEGREE DAYS
 HEATING
  YESTERDAY        0             0      0        0
  MONTH TO DATE    0             0      0        0
  SINCE JUN 1     49            59    -10       60
  SINCE JUL 1     12             5      7        7

 COOLING
  YESTERDAY       14             9      5       14
  MONTH TO DATE  197           221    -24      151
  SINCE JUN 1    600           697    -97      571
  SINCE JAN 1    681           727    -46      610
......................................................


WIND (MPH)
  HIGHEST WIND SPEED    17   HIGHEST WIND DIRECTION    NW (310)
  HIGHEST GUST SPEED    23   HIGHEST GUST DIRECTION    NW (310)
  AVERAGE WIND SPEED     9.1


SKY COVER
  AVERAGE SKY COVER 0.2


WEATHER CONDITIONS
 THE FOLLOWING WEATHER WAS RECORDED YESTERDAY.
  FOG


RELATIVE HUMIDITY (PERCENT)
 HIGHEST    97           600 AM
 LOWEST     34           400 PM
 AVERAGE    66

..........................................................




SUNRISE AND SUNSET
AUGUST 22 2014........SUNRISE   652 AM CDT   SUNSET   831 PM CDT
AUGUST 23 2014........SUNRISE   653 AM CDT   SUNSET   830 PM CDT


-  INDICATES NEGATIVE NUMBERS.
R  INDICATES RECORD WAS SET OR TIED.
MM INDICATES DATA IS MISSING.
T  INDICATES TRACE AMOUNT.




$$
