000
CDUS43 KUNR 250850
CLIICR


CLIMATE REPORT
NATIONAL WEATHER SERVICE RAPID CITY SD
244 AM MDT THU MAY 25 2017


...................................

...THE WINNER REGIONAL AIRPORT SD CLIMATE SUMMARY FOR MAY 24 2017...

CLIMATE NORMAL PERIOD 1981 TO 2010
CLIMATE RECORD PERIOD 9999 TO 9999


WEATHER ITEM   OBSERVED TIME   NORMAL DEPARTURE LAST
                VALUE   (LST)  VALUE  FROM      YEAR
                                      NORMAL
......................................................
TEMPERATURE (F)
 YESTERDAY
  MAXIMUM         70    534 PM  73     -3       83
  MINIMUM         37    521 AM  49    -12       47
  AVERAGE         54            61     -7       65

PRECIPITATION (IN)
  YESTERDAY        0.00          0.10  -0.10     0.04
  MONTH TO DATE    2.97          2.52   0.45     1.59
  SINCE MAR 1      5.39          6.39  -1.00     7.73
  SINCE JAN 1      7.03          7.15  -0.12     8.12

DEGREE DAYS
 HEATING
  YESTERDAY       11             5      6        0
  MONTH TO DATE  181           209    -28      175
  SINCE MAR 1   1372          1604   -232     1274
  SINCE JUL 1   5524          6613  -1089     5567

 COOLING
  YESTERDAY        0             1     -1        0
  MONTH TO DATE   26            19      7       26
  SINCE MAR 1     28            21      7       35
  SINCE JAN 1     28            21      7       35
......................................................


WIND (MPH)
  HIGHEST WIND SPEED    25   HIGHEST WIND DIRECTION     S (160)
  HIGHEST GUST SPEED    34   HIGHEST GUST DIRECTION    SE (150)
  AVERAGE WIND SPEED    12.1


SKY COVER
  AVERAGE SKY COVER 0.0


WEATHER CONDITIONS
 THE FOLLOWING WEATHER WAS RECORDED YESTERDAY.
  NO SIGNIFICANT WEATHER WAS OBSERVED.


RELATIVE HUMIDITY (PERCENT)
 HIGHEST    92           100 AM
 LOWEST     37           600 PM
 AVERAGE    65

..........................................................




SUNRISE AND SUNSET
MAY 25 2017...........SUNRISE   606 AM CDT   SUNSET   907 PM CDT
MAY 26 2017...........SUNRISE   605 AM CDT   SUNSET   908 PM CDT


-  INDICATES NEGATIVE NUMBERS.
R  INDICATES RECORD WAS SET OR TIED.
MM INDICATES DATA IS MISSING.
T  INDICATES TRACE AMOUNT.




$$
