000
CDUS43 KUNR 290831
CLIICR


CLIMATE REPORT
NATIONAL WEATHER SERVICE RAPID CITY SD
231 AM MDT MON AUG 29 2016


...................................

...THE WINNER REGIONAL AIRPORT SD CLIMATE SUMMARY FOR AUGUST 28 2016...

CLIMATE NORMAL PERIOD 1981 TO 2010
CLIMATE RECORD PERIOD 9999 TO 9999


WEATHER ITEM   OBSERVED TIME   NORMAL DEPARTURE LAST
                VALUE   (LST)  VALUE  FROM      YEAR
                                      NORMAL
......................................................
TEMPERATURE (F)
 YESTERDAY
  MAXIMUM         98    208 PM  85     13       78
  MINIMUM         70    522 AM  59     11       65
  AVERAGE         84            72     12       72

PRECIPITATION (IN)
  YESTERDAY        0.00          0.05  -0.05     0.50
  MONTH TO DATE    1.99          2.15  -0.16     3.09
  SINCE JUN 1      5.51          8.76  -3.25     9.13
  SINCE JAN 1     14.86         16.83  -1.97    12.80

DEGREE DAYS
 HEATING
  YESTERDAY        0             1     -1        0
  MONTH TO DATE    7             2      5       14
  SINCE JUN 1     11            61    -50       17
  SINCE JUL 1      8             7      1       14

 COOLING
  YESTERDAY       19             8     11        7
  MONTH TO DATE  285           279      6      268
  SINCE JUN 1    957           755    202      861
  SINCE JAN 1   1004           785    219      896
......................................................


WIND (MPH)
  HIGHEST WIND SPEED    22   HIGHEST WIND DIRECTION     S (180)
  HIGHEST GUST SPEED    28   HIGHEST GUST DIRECTION     S (180)
  AVERAGE WIND SPEED    15.1


SKY COVER
  AVERAGE SKY COVER 0.0


WEATHER CONDITIONS
 THE FOLLOWING WEATHER WAS RECORDED YESTERDAY.
  NO SIGNIFICANT WEATHER WAS OBSERVED.


RELATIVE HUMIDITY (PERCENT)
 HIGHEST    84           500 AM
 LOWEST     30           400 PM
 AVERAGE    57

..........................................................




SUNRISE AND SUNSET
AUGUST 29 2016........SUNRISE   701 AM CDT   SUNSET   819 PM CDT
AUGUST 30 2016........SUNRISE   702 AM CDT   SUNSET   817 PM CDT


-  INDICATES NEGATIVE NUMBERS.
R  INDICATES RECORD WAS SET OR TIED.
MM INDICATES DATA IS MISSING.
T  INDICATES TRACE AMOUNT.




$$
