000
CDUS43 KUNR 310831
CLIICR


CLIMATE REPORT
NATIONAL WEATHER SERVICE RAPID CITY SD
230 AM MDT FRI OCT 31 2014


...................................

...THE WINNER REGIONAL AIRPORT SD CLIMATE SUMMARY FOR OCTOBER 30 2014...

CLIMATE NORMAL PERIOD 1981 TO 2010
CLIMATE RECORD PERIOD 9999 TO 9999


WEATHER ITEM   OBSERVED TIME   NORMAL DEPARTURE LAST
                VALUE   (LST)  VALUE  FROM      YEAR
                                      NORMAL
......................................................
TEMPERATURE (F)
 YESTERDAY
  MAXIMUM         54   1236 PM  56     -2       41
  MINIMUM         31    944 PM  34     -3       32
  AVERAGE         43            45     -2       37

PRECIPITATION (IN)
  YESTERDAY        0.00          0.03  -0.03     0.00
  MONTH TO DATE    0.29          1.61  -1.32     4.00
  SINCE SEP 1      1.33          3.60  -2.27     4.74
  SINCE JAN 1     14.40         20.60  -6.20    20.73

DEGREE DAYS
 HEATING
  YESTERDAY       22            20      2       28
  MONTH TO DATE  282           436   -154      521
  SINCE SEP 1    389           564   -175      569
  SINCE JUL 1    402           578   -176      576

 COOLING
  YESTERDAY        0             0      0        0
  MONTH TO DATE    9             9      0        2
  SINCE SEP 1    133           109     24      223
  SINCE JAN 1    863           915    -52     1014
......................................................


WIND (MPH)
  HIGHEST WIND SPEED    28   HIGHEST WIND DIRECTION     N (350)
  HIGHEST GUST SPEED    35   HIGHEST GUST DIRECTION    NW (320)
  AVERAGE WIND SPEED    15.5


SKY COVER
  AVERAGE SKY COVER 0.1


WEATHER CONDITIONS
 THE FOLLOWING WEATHER WAS RECORDED YESTERDAY.
  NO SIGNIFICANT WEATHER WAS OBSERVED.


RELATIVE HUMIDITY (PERCENT)
 HIGHEST    85          1000 PM
 LOWEST     46          1200 PM
 AVERAGE    66

..........................................................




SUNRISE AND SUNSET
OCTOBER 31 2014.......SUNRISE   813 AM CDT   SUNSET   632 PM CDT
NOVEMBER  1 2014......SUNRISE   815 AM CDT   SUNSET   631 PM CDT


-  INDICATES NEGATIVE NUMBERS.
R  INDICATES RECORD WAS SET OR TIED.
MM INDICATES DATA IS MISSING.
T  INDICATES TRACE AMOUNT.




$$
