000
CDUS43 KUNR 260832
CLIICR


CLIMATE REPORT
NATIONAL WEATHER SERVICE RAPID CITY SD
232 AM MDT WED JUL 26 2017


...................................

...THE WINNER REGIONAL AIRPORT SD CLIMATE SUMMARY FOR JULY 25 2017...

CLIMATE NORMAL PERIOD 1981 TO 2010
CLIMATE RECORD PERIOD 9999 TO 9999


WEATHER ITEM   OBSERVED TIME   NORMAL DEPARTURE LAST
                VALUE   (LST)  VALUE  FROM      YEAR
                                      NORMAL
......................................................
TEMPERATURE (F)
 YESTERDAY
  MAXIMUM        107    159 PM  89     18       96
  MINIMUM         70   1113 PM  64      6       64
  AVERAGE         89            76     13       80

PRECIPITATION (IN)
  YESTERDAY        0.01          0.08  -0.07     0.00
  MONTH TO DATE    0.24          2.33  -2.09     1.22
  SINCE JUN 1      0.49          5.98  -5.49     2.27
  SINCE JAN 1      7.58         14.05  -6.47    11.62

DEGREE DAYS
 HEATING
  YESTERDAY        0             0      0        0
  MONTH TO DATE    0             0      0        1
  SINCE JUN 1      8            54    -46        4
  SINCE JUL 1      0             0      0        1

 COOLING
  YESTERDAY       24            12     12       15
  MONTH TO DATE  456           260    196      321
  SINCE JUN 1    686           405    281      607
  SINCE JAN 1    714           435    279      654
......................................................


WIND (MPH)
  HIGHEST WIND SPEED    31   HIGHEST WIND DIRECTION     S (180)
  HIGHEST GUST SPEED    39   HIGHEST GUST DIRECTION    SW (240)
  AVERAGE WIND SPEED    13.2


SKY COVER
  AVERAGE SKY COVER 0.1


WEATHER CONDITIONS
 THE FOLLOWING WEATHER WAS RECORDED YESTERDAY.
  THUNDERSTORM
  LIGHT RAIN
  HAZE


RELATIVE HUMIDITY (PERCENT)
 HIGHEST    84           800 PM
 LOWEST     24           200 PM
 AVERAGE    54

..........................................................




SUNRISE AND SUNSET
JULY 26 2017..........SUNRISE   623 AM CDT   SUNSET   908 PM CDT
JULY 27 2017..........SUNRISE   624 AM CDT   SUNSET   907 PM CDT


-  INDICATES NEGATIVE NUMBERS.
R  INDICATES RECORD WAS SET OR TIED.
MM INDICATES DATA IS MISSING.
T  INDICATES TRACE AMOUNT.




$$
