000
CDUS43 KUNR 160835
CLIICR


CLIMATE REPORT
NATIONAL WEATHER SERVICE RAPID CITY SD
234 AM MDT TUE SEP 16 2014


...................................

...THE WINNER REGIONAL AIRPORT SD CLIMATE SUMMARY FOR SEPTEMBER 15 2014...

CLIMATE NORMAL PERIOD 1981 TO 2010
CLIMATE RECORD PERIOD 9999 TO 9999


WEATHER ITEM   OBSERVED TIME   NORMAL DEPARTURE LAST
                VALUE   (LST)  VALUE  FROM      YEAR
                                      NORMAL
......................................................
TEMPERATURE (F)
 YESTERDAY
  MAXIMUM         66    452 PM  78    -12       64
  MINIMUM         46    710 AM  51     -5       51
  AVERAGE         56            64     -8       58

PRECIPITATION (IN)
  YESTERDAY        0.00          0.06  -0.06      T
  MONTH TO DATE    0.83          0.98  -0.15     0.31
  SINCE SEP 1      0.83          0.98  -0.15     0.31
  SINCE JAN 1     13.90         17.98  -4.08    16.30

DEGREE DAYS
 HEATING
  YESTERDAY        9             4      5        7
  MONTH TO DATE   98            38     60        7
  SINCE SEP 1     98            38     60        7
  SINCE JUL 1    111            52     59       14

 COOLING
  YESTERDAY        0             3     -3        0
  MONTH TO DATE   46            75    -29      160
  SINCE SEP 1     46            75    -29      160
  SINCE JAN 1    776           881   -105      951
......................................................


WIND (MPH)
  HIGHEST WIND SPEED    14   HIGHEST WIND DIRECTION    SE (150)
  HIGHEST GUST SPEED    17   HIGHEST GUST DIRECTION    NE (50)
  AVERAGE WIND SPEED     6.3


SKY COVER
  AVERAGE SKY COVER 0.3


WEATHER CONDITIONS
 THE FOLLOWING WEATHER WAS RECORDED YESTERDAY.
  NO SIGNIFICANT WEATHER WAS OBSERVED.


RELATIVE HUMIDITY (PERCENT)
 HIGHEST    86           500 AM
 LOWEST     31           300 PM
 AVERAGE    59

..........................................................




SUNRISE AND SUNSET
SEPTEMBER 16 2014.....SUNRISE   720 AM CDT   SUNSET   748 PM CDT
SEPTEMBER 17 2014.....SUNRISE   721 AM CDT   SUNSET   746 PM CDT


-  INDICATES NEGATIVE NUMBERS.
R  INDICATES RECORD WAS SET OR TIED.
MM INDICATES DATA IS MISSING.
T  INDICATES TRACE AMOUNT.




$$
