000
CDUS43 KUNR 290833
CLIICR


CLIMATE REPORT
NATIONAL WEATHER SERVICE RAPID CITY SD
231 AM MDT TUE JUL 29 2014


...................................

...THE WINNER REGIONAL AIRPORT SD CLIMATE SUMMARY FOR JULY 28 2014...

CLIMATE NORMAL PERIOD 1981 TO 2010
CLIMATE RECORD PERIOD 9999 TO 9999


WEATHER ITEM   OBSERVED TIME   NORMAL DEPARTURE LAST
                VALUE   (LST)  VALUE  FROM      YEAR
                                      NORMAL
......................................................
TEMPERATURE (F)
 YESTERDAY
  MAXIMUM         83    457 PM  89     -6       79
  MINIMUM         51    541 AM  64    -13       49
  AVERAGE         67            77    -10       64

PRECIPITATION (IN)
  YESTERDAY        0.00          0.09  -0.09     0.00
  MONTH TO DATE    0.25          2.62  -2.37     2.53
  SINCE JUN 1      4.41          6.27  -1.86     6.04
  SINCE JAN 1      9.20         14.34  -5.14    13.43

DEGREE DAYS
 HEATING
  YESTERDAY        0             0      0        1
  MONTH TO DATE   12             0     12        7
  SINCE JUN 1     49            54     -5       60
  SINCE JUL 1     12             0     12        7

 COOLING
  YESTERDAY        2            12    -10        0
  MONTH TO DATE  269           296    -27      269
  SINCE JUN 1    386           441    -55      401
  SINCE JAN 1    467           471     -4      440
......................................................


WIND (MPH)
  HIGHEST WIND SPEED    13   HIGHEST WIND DIRECTION     N (350)
  HIGHEST GUST SPEED    16   HIGHEST GUST DIRECTION     N (340)
  AVERAGE WIND SPEED     5.5


SKY COVER
  AVERAGE SKY COVER 0.1


WEATHER CONDITIONS
 THE FOLLOWING WEATHER WAS RECORDED YESTERDAY.
  HAZE


RELATIVE HUMIDITY (PERCENT)
 HIGHEST    89           400 AM
 LOWEST     31           300 PM
 AVERAGE    60

..........................................................




SUNRISE AND SUNSET
JULY 29 2014..........SUNRISE   626 AM CDT   SUNSET   905 PM CDT
JULY 30 2014..........SUNRISE   627 AM CDT   SUNSET   904 PM CDT


-  INDICATES NEGATIVE NUMBERS.
R  INDICATES RECORD WAS SET OR TIED.
MM INDICATES DATA IS MISSING.
T  INDICATES TRACE AMOUNT.




$$
