000
CDUS43 KICT 300650
CLIICT


CLIMATE REPORT
NATIONAL WEATHER SERVICE WICHITA KS
150 AM CDT MON MAY 30 2016


...................................

...THE WICHITA EISENHOWER NATIONAL CLIMATE SUMMARY FOR MAY 29 2016...

CLIMATE NORMAL PERIOD 1981 TO 2010
CLIMATE RECORD PERIOD 1888 TO 2016


WEATHER ITEM   OBSERVED TIME   RECORD YEAR NORMAL DEPARTURE LAST
                VALUE   (LST)  VALUE       VALUE  FROM      YEAR
                                                  NORMAL
..................................................................
TEMPERATURE (F)
 YESTERDAY
  MAXIMUM         85    324 PM 100    1913  81      4       80
  MINIMUM         60    517 AM  37    1947  60      0       64
  AVERAGE         73                        70      3       72

PRECIPITATION (IN)
  YESTERDAY        T             2.18 1918   0.17  -0.17     0.05
  MONTH TO DATE    6.70                      4.22   2.48    11.77
  SINCE MAR 1     14.46                      9.50   4.96    14.67
  SINCE JAN 1     15.20                     11.51   3.69    16.44

SNOWFALL (IN)
  YESTERDAY        0.0           0.0  2007   0.0    0.0      0.0
                                      2001
  MONTH TO DATE    0.0                       0.0    0.0      0.0
  SINCE MAR 1      3.5                       2.5    1.0      1.1
  SINCE JUL 1      4.3                      14.9  -10.6     18.0
  SNOW DEPTH       0

DEGREE DAYS
 HEATING
  YESTERDAY        0                         1     -1        0
  MONTH TO DATE   91                        78     13       74
  SINCE MAR 1    654                       946   -292      711
  SINCE JUL 1   3504                      4586  -1082     4276

 COOLING
  YESTERDAY        8                         6      2        7
  MONTH TO DATE   78                        98    -20       83
  SINCE MAR 1    115                       124     -9      111
  SINCE JAN 1    115                       124     -9      111
..................................................................


WIND (MPH)
  HIGHEST WIND SPEED    29   HIGHEST WIND DIRECTION    SE (120)
  HIGHEST GUST SPEED    35   HIGHEST GUST DIRECTION    SE (130)
  AVERAGE WIND SPEED     6.1


SKY COVER
  POSSIBLE SUNSHINE  MM
  AVERAGE SKY COVER 0.5


WEATHER CONDITIONS
 THE FOLLOWING WEATHER WAS RECORDED YESTERDAY.
  THUNDERSTORM


RELATIVE HUMIDITY (PERCENT)
 HIGHEST    90           400 AM
 LOWEST     44           200 PM
 AVERAGE    67

..........................................................


THE WICHITA EISENHOWER NATIONAL CLIMATE NORMALS FOR TODAY
                         NORMAL    RECORD    YEAR
 MAXIMUM TEMPERATURE (F)   81        99      1998
                                             1985
 MINIMUM TEMPERATURE (F)   60        42      1889


SUNRISE AND SUNSET
MAY 30 2016...........SUNRISE   610 AM CDT   SUNSET   845 PM CDT
MAY 31 2016...........SUNRISE   610 AM CDT   SUNSET   845 PM CDT


-  INDICATES NEGATIVE NUMBERS.
R  INDICATES RECORD WAS SET OR TIED.
MM INDICATES DATA IS MISSING.
T  INDICATES TRACE AMOUNT.




$$
