000
CDUS43 KICT 300628
CLIICT


CLIMATE REPORT
NATIONAL WEATHER SERVICE WICHITA KS
1228 AM CST FRI JAN 30 2015


...................................

...THE WICHITA MID CONTINENT KS CLIMATE SUMMARY FOR JANUARY 29 2015...

CLIMATE NORMAL PERIOD 1981 TO 2010
CLIMATE RECORD PERIOD 1888 TO 2015


WEATHER ITEM   OBSERVED TIME   RECORD YEAR NORMAL DEPARTURE LAST
                VALUE   (LST)  VALUE       VALUE  FROM      YEAR
                                                  NORMAL
..................................................................
TEMPERATURE (F)
 YESTERDAY
  MAXIMUM         57   1204 AM  70    2011  44     13       51
                                      1971
  MINIMUM         29   1036 PM  -3    1966  22      7        9
  AVERAGE         43                        33     10       30

PRECIPITATION (IN)
  YESTERDAY        0.00          1.51 1982   0.03  -0.03     0.00
  MONTH TO DATE    0.44                      0.76  -0.32     0.11
  SINCE DEC 1      1.73                      1.96  -0.23     0.71
  SINCE JAN 1      0.44                      0.76  -0.32     0.11

SNOWFALL (IN)
  YESTERDAY        0.0           2.8  1979   0.1   -0.1      0.0
  MONTH TO DATE    4.0                       3.3    0.7      2.9
  SINCE DEC 1      8.2                       7.5    0.7      6.3
  SINCE JUL 1     10.0                       8.9    1.1      6.3
  SNOW DEPTH       0

DEGREE DAYS
 HEATING
  YESTERDAY       22                        32    -10       35
  MONTH TO DATE  889                       950    -61      960
  SINCE DEC 1   1714                      1917   -203     2030
  SINCE JUL 1   2594                      2793   -199     2915

 COOLING
  YESTERDAY        0                         0      0        0
  MONTH TO DATE    0                         0      0        0
  SINCE DEC 1      0                         0      0        0
  SINCE JAN 1      0                         0      0        0
..................................................................


WIND (MPH)
  HIGHEST WIND SPEED    36   HIGHEST WIND DIRECTION     N (350)
  HIGHEST GUST SPEED    44   HIGHEST GUST DIRECTION     N (340)
  AVERAGE WIND SPEED    15.3


SKY COVER
  POSSIBLE SUNSHINE  MM
  AVERAGE SKY COVER 0.5


WEATHER CONDITIONS
 THE FOLLOWING WEATHER WAS RECORDED YESTERDAY.
  NO SIGNIFICANT WEATHER WAS OBSERVED.


RELATIVE HUMIDITY (PERCENT)
 HIGHEST    69          1100 PM
 LOWEST     33          1200 AM
 AVERAGE    51

..........................................................


THE WICHITA MID CONTINENT KS CLIMATE NORMALS FOR TODAY
                         NORMAL    RECORD    YEAR
 MAXIMUM TEMPERATURE (F)   44        70      1890
 MINIMUM TEMPERATURE (F)   23        -6      1979
                                             1949


SUNRISE AND SUNSET
JANUARY 30 2015.......SUNRISE   735 AM CST   SUNSET   551 PM CST
JANUARY 31 2015.......SUNRISE   734 AM CST   SUNSET   552 PM CST


-  INDICATES NEGATIVE NUMBERS.
R  INDICATES RECORD WAS SET OR TIED.
MM INDICATES DATA IS MISSING.
T  INDICATES TRACE AMOUNT.




$$
