000
CDUS43 KICT 240648
CLIICT


CLIMATE REPORT
NATIONAL WEATHER SERVICE WICHITA KS
148 AM CDT THU APR 24 2014


...................................

...THE WICHITA MID CONTINENT KS CLIMATE SUMMARY FOR APRIL 23 2014...

CLIMATE NORMAL PERIOD 1981 TO 2010
CLIMATE RECORD PERIOD 1888 TO 2014


WEATHER ITEM   OBSERVED TIME   RECORD YEAR NORMAL DEPARTURE LAST
                VALUE   (LST)  VALUE       VALUE  FROM      YEAR
                                                  NORMAL
..................................................................
TEMPERATURE (F)
 YESTERDAY
  MAXIMUM         87    315 PM  94    2006  70     17       37
  MINIMUM         56    531 AM  32    2013  47      9       32
  AVERAGE         72                        59     13       35

PRECIPITATION (IN)
  YESTERDAY        0.00          1.40 1922   0.10  -0.10     0.68
  MONTH TO DATE    0.45                      1.85  -1.40     3.26
  SINCE MAR 1      0.94                      4.54  -3.60     5.37
  SINCE JAN 1      1.93                      6.55  -4.62     8.39

SNOWFALL (IN)
  YESTERDAY        0.0           0.2  2013   0.0    0.0      0.2
  MONTH TO DATE    0.3                       0.2    0.1      0.2
  SINCE MAR 1      3.5                       2.5    1.0      5.5
  SINCE JUL 1     23.0                      14.9    8.1     30.0
  SNOW DEPTH       0

DEGREE DAYS
 HEATING
  YESTERDAY        0                         7     -7       30
  MONTH TO DATE  217                       246    -29      362
  SINCE MAR 1    894                       823     71     1028
  SINCE JUL 1   4813                      4463    350     4299

 COOLING
  YESTERDAY        7                         1      6        0
  MONTH TO DATE   19                        16      3        3
  SINCE MAR 1     19                        18      1        3
  SINCE JAN 1     19                        18      1        3
..................................................................


WIND (MPH)
  HIGHEST WIND SPEED    48   HIGHEST WIND DIRECTION     S (160)
  HIGHEST GUST SPEED    59   HIGHEST GUST DIRECTION     S (160)
  AVERAGE WIND SPEED    22.3


SKY COVER
  POSSIBLE SUNSHINE  MM
  AVERAGE SKY COVER 0.8


WEATHER CONDITIONS
 THE FOLLOWING WEATHER WAS RECORDED YESTERDAY.
  HAZE
  SANDSTORM


RELATIVE HUMIDITY (PERCENT)
 HIGHEST    53          1100 PM
 LOWEST     22           300 PM
 AVERAGE    38

..........................................................


THE WICHITA MID CONTINENT KS CLIMATE NORMALS FOR TODAY
                         NORMAL    RECORD    YEAR
 MAXIMUM TEMPERATURE (F)   70        90      1989
                                             1893
 MINIMUM TEMPERATURE (F)   48        25      2013


SUNRISE AND SUNSET
APRIL 24 2014.........SUNRISE   643 AM CDT   SUNSET   813 PM CDT
APRIL 25 2014.........SUNRISE   641 AM CDT   SUNSET   814 PM CDT


-  INDICATES NEGATIVE NUMBERS.
R  INDICATES RECORD WAS SET OR TIED.
MM INDICATES DATA IS MISSING.
T  INDICATES TRACE AMOUNT.




$$
