000
CDUS43 KICT 050625
CLIICT


CLIMATE REPORT
NATIONAL WEATHER SERVICE WICHITA KS
125 AM CDT THU MAY 5 2016


...................................

...THE WICHITA EISENHOWER NATIONAL CLIMATE SUMMARY FOR MAY 4 2016...

CLIMATE NORMAL PERIOD 1981 TO 2010
CLIMATE RECORD PERIOD 1888 TO 2016


WEATHER ITEM   OBSERVED TIME   RECORD YEAR NORMAL DEPARTURE LAST
                VALUE   (LST)  VALUE       VALUE  FROM      YEAR
                                                  NORMAL
..................................................................
TEMPERATURE (F)
 YESTERDAY
  MAXIMUM         76    248 PM 102    2014  73      3       85
  MINIMUM         48   1159 PM  28    1907  51     -3       57
  AVERAGE         62                        62      0       71

PRECIPITATION (IN)
  YESTERDAY        0.00          2.16 1961   0.13  -0.13     0.00
  MONTH TO DATE    T                         0.52  -0.52      T
  SINCE MAR 1      7.76                      5.80   1.96     2.90
  SINCE JAN 1      8.50                      7.81   0.69     4.67

SNOWFALL (IN)
  YESTERDAY        0.0           0.0  2007   0.0    0.0      0.0
                                      2001
  MONTH TO DATE    0.0                       0.0    0.0      0.0
  SINCE MAR 1      3.5                       2.5    1.0      1.1
  SINCE JUL 1      4.3                      14.9  -10.6     18.0
  SNOW DEPTH       0

DEGREE DAYS
 HEATING
  YESTERDAY        3                         4     -1        0
  MONTH TO DATE   37                        19     18        0
  SINCE MAR 1    600                       887   -287      637
  SINCE JUL 1   3450                      4527  -1077     4202

 COOLING
  YESTERDAY        0                         2     -2        6
  MONTH TO DATE    0                         6     -6       20
  SINCE MAR 1     37                        32      5       48
  SINCE JAN 1     37                        32      5       48
..................................................................


WIND (MPH)
  HIGHEST WIND SPEED    26   HIGHEST WIND DIRECTION     N (340)
  HIGHEST GUST SPEED    34   HIGHEST GUST DIRECTION    NW (330)
  AVERAGE WIND SPEED    12.1


SKY COVER
  POSSIBLE SUNSHINE  MM
  AVERAGE SKY COVER 0.0


WEATHER CONDITIONS
 THE FOLLOWING WEATHER WAS RECORDED YESTERDAY.
  NO SIGNIFICANT WEATHER WAS OBSERVED.


RELATIVE HUMIDITY (PERCENT)
 HIGHEST    74           200 AM
 LOWEST     20           300 PM
 AVERAGE    47

..........................................................


THE WICHITA EISENHOWER NATIONAL CLIMATE NORMALS FOR TODAY
                         NORMAL    RECORD    YEAR
 MAXIMUM TEMPERATURE (F)   74        96      1940
 MINIMUM TEMPERATURE (F)   52        35      1944
                                             1917


SUNRISE AND SUNSET
MAY  5 2016...........SUNRISE   629 AM CDT   SUNSET   824 PM CDT
MAY  6 2016...........SUNRISE   628 AM CDT   SUNSET   825 PM CDT


-  INDICATES NEGATIVE NUMBERS.
R  INDICATES RECORD WAS SET OR TIED.
MM INDICATES DATA IS MISSING.
T  INDICATES TRACE AMOUNT.




$$
