000
CDUS45 KPIH 250739
CLIIDA


CLIMATE REPORT
NATIONAL WEATHER SERVICE POCATELLO ID
138 AM MDT MON JUL 25 2016


...................................

...THE IDAHO FALLS ID CLIMATE SUMMARY FOR JULY 24 2016...

CLIMATE NORMAL PERIOD 1981 TO 2010
CLIMATE RECORD PERIOD 1948 TO 2016


WEATHER ITEM   OBSERVED TIME   RECORD YEAR NORMAL DEPARTURE LAST
                VALUE   (LST)  VALUE       VALUE  FROM      YEAR
                                                  NORMAL
..................................................................
TEMPERATURE (F)
 YESTERDAY
  MAXIMUM         86    559 PM  97    1978  88     -2       86
  MINIMUM         41R   535 AM  43    2010  51    -10       53
                                      1981
  AVERAGE         64                        69     -5       70

PRECIPITATION (IN)
  YESTERDAY        0.00          0.29 1977   0.01  -0.01      T
  MONTH TO DATE    0.19                      0.39  -0.20     0.78
  SINCE OCT 1      7.67                      8.90  -1.23     7.65
  SINCE JAN 1      5.35                      6.33  -0.98     6.19

SNOWFALL (IN)
  YESTERDAY       MM
  MONTH TO DATE   MM
  SINCE JUN 1     MM
  SINCE JUL 1     MM
  SNOW DEPTH      MM

DEGREE DAYS
 HEATING
  YESTERDAY        1                         0      1        0
  MONTH TO DATE   33                        25      8       18
  SINCE JUN 1    107                       178    -71       64
  SINCE JUL 1     33                        25      8       18

 COOLING
  YESTERDAY        0                         5     -5        5
  MONTH TO DATE   69                        93    -24       89
  SINCE JUN 1    129                       123      6      185
  SINCE JAN 1    129                       125      4      186
..................................................................


WIND (MPH)
  HIGHEST WIND SPEED    15   HIGHEST WIND DIRECTION     S (200)
  HIGHEST GUST SPEED    19   HIGHEST GUST DIRECTION     S (200)
  AVERAGE WIND SPEED     6.1


SKY COVER
  POSSIBLE SUNSHINE  MM
  AVERAGE SKY COVER 0.0


WEATHER CONDITIONS
 THE FOLLOWING WEATHER WAS RECORDED YESTERDAY.
  HAZE


RELATIVE HUMIDITY (PERCENT)
 HIGHEST    82           600 AM
 LOWEST     11           600 PM
 AVERAGE    47

..........................................................


THE IDAHO FALLS ID CLIMATE NORMALS FOR TODAY
                         NORMAL    RECORD    YEAR
 MAXIMUM TEMPERATURE (F)   88        98      1954
 MINIMUM TEMPERATURE (F)   51        41      2000


SUNRISE AND SUNSET
JULY 25 2016..........SUNRISE   611 AM MDT   SUNSET   858 PM MDT
JULY 26 2016..........SUNRISE   612 AM MDT   SUNSET   857 PM MDT


-  INDICATES NEGATIVE NUMBERS.
R  INDICATES RECORD WAS SET OR TIED.
MM INDICATES DATA IS MISSING.
T  INDICATES TRACE AMOUNT.




$$
