000
CDUS45 KPIH 280736
CLIIDA


CLIMATE REPORT
NATIONAL WEATHER SERVICE POCATELLO ID
134 AM MDT FRI JUL 28 2017


...................................

...THE IDAHO FALLS ID CLIMATE SUMMARY FOR JULY 27 2017...

CLIMATE NORMAL PERIOD 1981 TO 2010
CLIMATE RECORD PERIOD 1948 TO 2017


WEATHER ITEM   OBSERVED TIME   RECORD YEAR NORMAL DEPARTURE LAST
                VALUE   (LST)  VALUE       VALUE  FROM      YEAR
                                                  NORMAL
..................................................................
TEMPERATURE (F)
 YESTERDAY
  MAXIMUM         82    356 PM  97    1975  88     -6       93
  MINIMUM         52    458 AM  39    2005  51      1       48
  AVERAGE         67                        69     -2       71

PRECIPITATION (IN)
  YESTERDAY        T             0.31 1962   0.02  -0.02     0.00
  MONTH TO DATE    1.24                      0.44   0.80     0.19
  SINCE OCT 1     10.34                      8.95   1.39     7.67
  SINCE JAN 1      6.06                      6.38  -0.32     5.35

SNOWFALL (IN)
  YESTERDAY       MM
  MONTH TO DATE   MM
  SINCE JUN 1     MM
  SINCE JUL 1     MM
  SNOW DEPTH      MM

DEGREE DAYS
 HEATING
  YESTERDAY        0                         0      0        0
  MONTH TO DATE    0                        25    -25       33
  SINCE JUN 1    108                       178    -70      107
  SINCE JUL 1      0                        25    -25       33

 COOLING
  YESTERDAY        2                         5     -3        6
  MONTH TO DATE  173                       108     65       83
  SINCE JUN 1    211                       138     73      143
  SINCE JAN 1    213                       140     73      143
..................................................................


WIND (MPH)
  HIGHEST WIND SPEED    28   HIGHEST WIND DIRECTION    NW (330)
  HIGHEST GUST SPEED    34   HIGHEST GUST DIRECTION    NW (330)
  AVERAGE WIND SPEED     6.1


SKY COVER
  POSSIBLE SUNSHINE  MM
  AVERAGE SKY COVER 0.3


WEATHER CONDITIONS
 THE FOLLOWING WEATHER WAS RECORDED YESTERDAY.
  LIGHT RAIN
  FOG


RELATIVE HUMIDITY (PERCENT)
 HIGHEST   100           100 AM
 LOWEST     31           400 PM
 AVERAGE    66

..........................................................


THE IDAHO FALLS ID CLIMATE NORMALS FOR TODAY
                         NORMAL    RECORD    YEAR
 MAXIMUM TEMPERATURE (F)   88        98      2006
 MINIMUM TEMPERATURE (F)   51        36      2015


SUNRISE AND SUNSET
JULY 28 2017..........SUNRISE   614 AM MDT   SUNSET   855 PM MDT
JULY 29 2017..........SUNRISE   615 AM MDT   SUNSET   854 PM MDT


-  INDICATES NEGATIVE NUMBERS.
R  INDICATES RECORD WAS SET OR TIED.
MM INDICATES DATA IS MISSING.
T  INDICATES TRACE AMOUNT.




$$
