000
CDUS45 KPIH 250734
CLIIDA


CLIMATE REPORT
NATIONAL WEATHER SERVICE POCATELLO ID
1231 AM MST SUN FEB 25 2018


...................................

...THE IDAHO FALLS ID CLIMATE SUMMARY FOR FEBRUARY 24 2018...

CLIMATE NORMAL PERIOD 1981 TO 2010
CLIMATE RECORD PERIOD 1948 TO 2018


WEATHER ITEM   OBSERVED TIME   RECORD YEAR NORMAL DEPARTURE LAST
                VALUE   (LST)  VALUE       VALUE  FROM      YEAR
                                                  NORMAL
..................................................................
TEMPERATURE (F)
 YESTERDAY
  MAXIMUM         25    455 PM  60    1986  37    -12       22
  MINIMUM         14    632 AM -14    1952  18     -4       18
  AVERAGE         20                        27     -7       20

PRECIPITATION (IN)
  YESTERDAY        T             0.16 1969   0.02  -0.02      T
  MONTH TO DATE    0.04                      0.55  -0.51     1.15
  SINCE OCT 1      2.45                      3.81  -1.36     6.32
  SINCE JAN 1      0.52                      1.24  -0.72     2.04

SNOWFALL (IN)
  YESTERDAY       MM
  MONTH TO DATE   MM
  SINCE DEC 1     MM
  SINCE JUL 1     MM
  SNOW DEPTH      MM

DEGREE DAYS
 HEATING
  YESTERDAY       45                        38      7       45
  MONTH TO DATE  826                       994   -168      831
  SINCE DEC 1   3291                      3754   -463     3990
  SINCE JUL 1   5115                      5657   -542     5608

 COOLING
  YESTERDAY        0                         0      0        0
  MONTH TO DATE    0                         0      0        0
  SINCE DEC 1      0                         0      0        0
  SINCE JAN 1      0                         0      0        0
..................................................................


WIND (MPH)
  HIGHEST WIND SPEED    24   HIGHEST WIND DIRECTION     S (200)
  HIGHEST GUST SPEED    33   HIGHEST GUST DIRECTION    SW (220)
  AVERAGE WIND SPEED    16.2


SKY COVER
  POSSIBLE SUNSHINE  MM
  AVERAGE SKY COVER 0.9


WEATHER CONDITIONS
 THE FOLLOWING WEATHER WAS RECORDED YESTERDAY.
  SNOW
  LIGHT SNOW
  FOG
  HAZE


RELATIVE HUMIDITY (PERCENT)
 HIGHEST    92           600 PM
 LOWEST     62           900 AM
 AVERAGE    77

..........................................................


THE IDAHO FALLS ID CLIMATE NORMALS FOR TODAY
                         NORMAL    RECORD    YEAR
 MAXIMUM TEMPERATURE (F)   38        60      1986
 MINIMUM TEMPERATURE (F)   18       -10      1964


SUNRISE AND SUNSET
FEBRUARY 25 2018......SUNRISE   711 AM MST   SUNSET   612 PM MST
FEBRUARY 26 2018......SUNRISE   709 AM MST   SUNSET   613 PM MST


-  INDICATES NEGATIVE NUMBERS.
R  INDICATES RECORD WAS SET OR TIED.
MM INDICATES DATA IS MISSING.
T  INDICATES TRACE AMOUNT.




$$
