000
CDUS45 KPIH 190731
CLIIDA


CLIMATE REPORT
NATIONAL WEATHER SERVICE POCATELLO ID
1229 AM MST THU JAN 19 2017


...................................

...THE IDAHO FALLS ID CLIMATE SUMMARY FOR JANUARY 18 2017...

CLIMATE NORMAL PERIOD 1981 TO 2010
CLIMATE RECORD PERIOD 1948 TO 2017


WEATHER ITEM   OBSERVED TIME   RECORD YEAR NORMAL DEPARTURE LAST
                VALUE   (LST)  VALUE       VALUE  FROM      YEAR
                                                  NORMAL
..................................................................
TEMPERATURE (F)
 YESTERDAY
  MAXIMUM         22   1130 PM  44    2015  29     -7       34
  MINIMUM         -7    246 AM -27    1984  12    -19       23
  AVERAGE          8                        20    -12       29

PRECIPITATION (IN)
  YESTERDAY        T             0.34 2000   0.02  -0.02     0.06
  MONTH TO DATE    0.53                      0.44   0.09     0.43
  SINCE OCT 1      4.81                      3.01   1.80     2.75
  SINCE JAN 1      0.53                      0.44   0.09     0.43

SNOWFALL (IN)
  YESTERDAY       MM
  MONTH TO DATE   MM
  SINCE DEC 1     MM
  SINCE JUL 1     MM
  SNOW DEPTH      MM

DEGREE DAYS
 HEATING
  YESTERDAY       57                        45     12       36
  MONTH TO DATE 1013                       810    203      805
  SINCE DEC 1   2542                      2180    362     2176
  SINCE JUL 1   4160                      4083     77     3876

 COOLING
  YESTERDAY        0                         0      0        0
  MONTH TO DATE    0                         0      0        0
  SINCE DEC 1      0                         0      0        0
  SINCE JAN 1      0                         0      0        0
..................................................................


WIND (MPH)
  HIGHEST WIND SPEED    16   HIGHEST WIND DIRECTION    NW (330)
  HIGHEST GUST SPEED    20   HIGHEST GUST DIRECTION    NW (330)
  AVERAGE WIND SPEED     6.7


SKY COVER
  POSSIBLE SUNSHINE  MM
  AVERAGE SKY COVER 0.5


WEATHER CONDITIONS
 THE FOLLOWING WEATHER WAS RECORDED YESTERDAY.
  NO SIGNIFICANT WEATHER WAS OBSERVED.


RELATIVE HUMIDITY (PERCENT)
 HIGHEST    95           200 AM
 LOWEST     73           200 PM
 AVERAGE    84

..........................................................


THE IDAHO FALLS ID CLIMATE NORMALS FOR TODAY
                         NORMAL    RECORD    YEAR
 MAXIMUM TEMPERATURE (F)   29        45      1971
 MINIMUM TEMPERATURE (F)   12       -22      1963


SUNRISE AND SUNSET
JANUARY 19 2017.......SUNRISE   756 AM MST   SUNSET   523 PM MST
JANUARY 20 2017.......SUNRISE   755 AM MST   SUNSET   524 PM MST


-  INDICATES NEGATIVE NUMBERS.
R  INDICATES RECORD WAS SET OR TIED.
MM INDICATES DATA IS MISSING.
T  INDICATES TRACE AMOUNT.




$$
