000
CDUS45 KPIH 050733
CLIIDA


CLIMATE REPORT
NATIONAL WEATHER SERVICE POCATELLO ID
132 AM MDT WED AUG 5 2015


...................................

...THE IDAHO FALLS ID CLIMATE SUMMARY FOR AUGUST 4 2015...

CLIMATE NORMAL PERIOD 1981 TO 2010
CLIMATE RECORD PERIOD 1948 TO 2015


WEATHER ITEM   OBSERVED TIME   RECORD YEAR NORMAL DEPARTURE LAST
                VALUE   (LST)  VALUE       VALUE  FROM      YEAR
                                                  NORMAL
..................................................................
TEMPERATURE (F)
 YESTERDAY
  MAXIMUM         88    332 PM 100    1961  88      0       75
  MINIMUM         53    537 AM  36    1980  50      3       62
  AVERAGE         71                        69      2       69

PRECIPITATION (IN)
  YESTERDAY        T             0.34 1951   0.02  -0.02     0.20
  MONTH TO DATE    T                         0.06  -0.06     0.20
  SINCE OCT 1      7.81                      9.07  -1.26     5.45
  SINCE JAN 1      6.35                      6.50  -0.15     4.15

SNOWFALL (IN)
  YESTERDAY       MM
  MONTH TO DATE   MM
  SINCE JUN 1     MM
  SINCE JUL 1     MM
  SNOW DEPTH      MM

DEGREE DAYS
 HEATING
  YESTERDAY        0                         0      0        0
  MONTH TO DATE    0                         0      0        0
  SINCE JUN 1     88                       180    -92      130
  SINCE JUL 1     42                        27     15        2

 COOLING
  YESTERDAY        6                         4      2        4
  MONTH TO DATE   18                        16      2       23
  SINCE JUN 1    213                       169     44      225
  SINCE JAN 1    214                       171     43      226
..................................................................


WIND (MPH)
  HIGHEST WIND SPEED    18   HIGHEST WIND DIRECTION    SW (220)
  HIGHEST GUST SPEED    25   HIGHEST GUST DIRECTION     S (200)
  AVERAGE WIND SPEED     6.0


SKY COVER
  POSSIBLE SUNSHINE  MM
  AVERAGE SKY COVER 0.4


WEATHER CONDITIONS
 THE FOLLOWING WEATHER WAS RECORDED YESTERDAY.
  LIGHT RAIN


RELATIVE HUMIDITY (PERCENT)
 HIGHEST    93           400 AM
 LOWEST     26           200 PM
 AVERAGE    60

..........................................................


THE IDAHO FALLS ID CLIMATE NORMALS FOR TODAY
                         NORMAL    RECORD    YEAR
 MAXIMUM TEMPERATURE (F)   88        97      2012
                                             1961
 MINIMUM TEMPERATURE (F)   50        38      1980


SUNRISE AND SUNSET
AUGUST  5 2015........SUNRISE   622 AM MDT   SUNSET   846 PM MDT
AUGUST  6 2015........SUNRISE   623 AM MDT   SUNSET   845 PM MDT


-  INDICATES NEGATIVE NUMBERS.
R  INDICATES RECORD WAS SET OR TIED.
MM INDICATES DATA IS MISSING.
T  INDICATES TRACE AMOUNT.




$$
