628
CDUS45 KPIH 190731
CLIIDA


CLIMATE REPORT
NATIONAL WEATHER SERVICE POCATELLO ID
130 AM MDT TUE SEP 19 2017


...................................

...THE IDAHO FALLS ID CLIMATE SUMMARY FOR SEPTEMBER 18 2017...

CLIMATE NORMAL PERIOD 1981 TO 2010
CLIMATE RECORD PERIOD 1948 TO 2017


WEATHER ITEM   OBSERVED TIME   RECORD YEAR NORMAL DEPARTURE LAST
                VALUE   (LST)  VALUE       VALUE  FROM      YEAR
                                                  NORMAL
..................................................................
TEMPERATURE (F)
 YESTERDAY
  MAXIMUM         71    149 PM  90    1956  73     -2       78
  MINIMUM         39    315 AM  21    1965  40     -1       51
  AVERAGE         55                        56     -1       65

PRECIPITATION (IN)
  YESTERDAY        0.01          0.66 1961   0.03  -0.02     0.00
  MONTH TO DATE    1.30                      0.49   0.81     0.17
  SINCE OCT 1     11.67                     10.04   1.63     7.93
  SINCE JAN 1      7.39                      7.47  -0.08     5.61

SNOWFALL (IN)
  YESTERDAY       MM
  MONTH TO DATE   MM
  SINCE SEP 1     MM
  SINCE JUL 1     MM
  SNOW DEPTH      MM

DEGREE DAYS
 HEATING
  YESTERDAY       10                         9      1        0
  MONTH TO DATE   59                       104    -45      151
  SINCE SEP 1     59                       104    -45      151
  SINCE JUL 1     68                       169   -101      228

 COOLING
  YESTERDAY        0                         0      0        0
  MONTH TO DATE   40                        10     30       14
  SINCE SEP 1     40                        10     30       14
  SINCE JAN 1    362                       262    100      258
..................................................................


WIND (MPH)
  HIGHEST WIND SPEED    26   HIGHEST WIND DIRECTION     W (280)
  HIGHEST GUST SPEED    36   HIGHEST GUST DIRECTION     W (290)
  AVERAGE WIND SPEED     9.9


SKY COVER
  POSSIBLE SUNSHINE  MM
  AVERAGE SKY COVER 0.6


WEATHER CONDITIONS
 THE FOLLOWING WEATHER WAS RECORDED YESTERDAY.
  LIGHT RAIN


RELATIVE HUMIDITY (PERCENT)
 HIGHEST    96           600 AM
 LOWEST     31           200 PM
 AVERAGE    64

..........................................................


THE IDAHO FALLS ID CLIMATE NORMALS FOR TODAY
                         NORMAL    RECORD    YEAR
 MAXIMUM TEMPERATURE (F)   73        90      1956
 MINIMUM TEMPERATURE (F)   39        22      1965


SUNRISE AND SUNSET
SEPTEMBER 19 2017.....SUNRISE   712 AM MDT   SUNSET   730 PM MDT
SEPTEMBER 20 2017.....SUNRISE   714 AM MDT   SUNSET   729 PM MDT


-  INDICATES NEGATIVE NUMBERS.
R  INDICATES RECORD WAS SET OR TIED.
MM INDICATES DATA IS MISSING.
T  INDICATES TRACE AMOUNT.




$$
