000
CDUS45 KPIH 260734
CLIIDA


CLIMATE REPORT
NATIONAL WEATHER SERVICE POCATELLO ID
132 AM MDT THU MAY 26 2016


...................................

...THE IDAHO FALLS ID CLIMATE SUMMARY FOR MAY 25 2016...

CLIMATE NORMAL PERIOD 1981 TO 2010
CLIMATE RECORD PERIOD 1948 TO 2016


WEATHER ITEM   OBSERVED TIME   RECORD YEAR NORMAL DEPARTURE LAST
                VALUE   (LST)  VALUE       VALUE  FROM      YEAR
                                                  NORMAL
..................................................................
TEMPERATURE (F)
 YESTERDAY
  MAXIMUM         59   1148 AM  88    2003  69    -10       69
  MINIMUM         41   1156 PM  25    1989  41      0       41
  AVERAGE         50                        55     -5       55

PRECIPITATION (IN)
  YESTERDAY        0.14          0.61 1980   0.05   0.09     0.41
  MONTH TO DATE    1.84                      1.20   0.64     3.29
  SINCE OCT 1      7.43                      7.12   0.31     5.68
  SINCE JAN 1      5.11                      4.55   0.56     4.22

SNOWFALL (IN)
  YESTERDAY       MM
  MONTH TO DATE   MM
  SINCE MAR 1     MM
  SINCE JUL 1     MM
  SNOW DEPTH      MM

DEGREE DAYS
 HEATING
  YESTERDAY       15                        10      5       10
  MONTH TO DATE  299                       324    -25      264
  SINCE MAR 1   1591                      1835   -244     1531
  SINCE JUL 1   7173                      7637   -464     6349

 COOLING
  YESTERDAY        0                         0      0        0
  MONTH TO DATE    0                         0      0        0
  SINCE MAR 1      0                         0      0        0
  SINCE JAN 1      0                         0      0        0
..................................................................


WIND (MPH)
  HIGHEST WIND SPEED    21   HIGHEST WIND DIRECTION     W (280)
  HIGHEST GUST SPEED    30   HIGHEST GUST DIRECTION     W (280)
  AVERAGE WIND SPEED     5.9


SKY COVER
  POSSIBLE SUNSHINE  MM
  AVERAGE SKY COVER 0.8


WEATHER CONDITIONS
 THE FOLLOWING WEATHER WAS RECORDED YESTERDAY.
  THUNDERSTORM
  LIGHT RAIN
  FOG


RELATIVE HUMIDITY (PERCENT)
 HIGHEST    93           200 AM
 LOWEST     55           600 PM
 AVERAGE    74

..........................................................


THE IDAHO FALLS ID CLIMATE NORMALS FOR TODAY
                         NORMAL    RECORD    YEAR
 MAXIMUM TEMPERATURE (F)   70        85      2014
                                             1988
 MINIMUM TEMPERATURE (F)   42        25      1975


SUNRISE AND SUNSET
MAY 26 2016...........SUNRISE   553 AM MDT   SUNSET   858 PM MDT
MAY 27 2016...........SUNRISE   553 AM MDT   SUNSET   859 PM MDT


-  INDICATES NEGATIVE NUMBERS.
R  INDICATES RECORD WAS SET OR TIED.
MM INDICATES DATA IS MISSING.
T  INDICATES TRACE AMOUNT.




$$
