000
CDUS43 KUNR 180831
CLIIEN


CLIMATE REPORT
NATIONAL WEATHER SERVICE RAPID CITY SD
131 AM MST SAT NOV 18 2017


...................................

...THE PINE RIDGE SD CLIMATE SUMMARY FOR NOVEMBER 17 2017...

CLIMATE NORMAL PERIOD 1981 TO 2010
CLIMATE RECORD PERIOD 9999 TO 9999


WEATHER ITEM   OBSERVED TIME   NORMAL DEPARTURE LAST
                VALUE   (LST)  VALUE  FROM      YEAR
                                      NORMAL
......................................................
TEMPERATURE (F)
 YESTERDAY
  MAXIMUM         49   1229 AM  47      2       41
  MINIMUM         31    413 AM  19     12       27
  AVERAGE         40            33      7       34

PRECIPITATION (IN)
  YESTERDAY        T             0.02  -0.02     0.07
  MONTH TO DATE    0.28          0.42  -0.14     0.10
  SINCE SEP 1      2.02          3.23  -1.21     1.32
  SINCE JAN 1     15.19         17.02  -1.83    14.24

DEGREE DAYS
 HEATING
  YESTERDAY       25            32     -7       31
  MONTH TO DATE  453           472    -19      282
  SINCE SEP 1   1171          1190    -19      728
  SINCE JUL 1   1183          1227    -44      761

 COOLING
  YESTERDAY        0             0      0        0
  MONTH TO DATE    0             0      0        0
  SINCE SEP 1    107            69     38       62
  SINCE JAN 1    780           717     63      774
......................................................


WIND (MPH)
  HIGHEST WIND SPEED    18   HIGHEST WIND DIRECTION     N (350)
  HIGHEST GUST SPEED    24   HIGHEST GUST DIRECTION     N (350)
  AVERAGE WIND SPEED     5.0


SKY COVER
  AVERAGE SKY COVER 0.8


WEATHER CONDITIONS
 THE FOLLOWING WEATHER WAS RECORDED YESTERDAY.
  LIGHT RAIN


RELATIVE HUMIDITY (PERCENT)
 HIGHEST    92           700 PM
 LOWEST     53           200 AM
 AVERAGE    73

..........................................................




SUNRISE AND SUNSET
NOVEMBER 18 2017......SUNRISE   647 AM MST   SUNSET   424 PM MST
NOVEMBER 19 2017......SUNRISE   648 AM MST   SUNSET   423 PM MST


-  INDICATES NEGATIVE NUMBERS.
R  INDICATES RECORD WAS SET OR TIED.
MM INDICATES DATA IS MISSING.
T  INDICATES TRACE AMOUNT.




$$
