000
CDUS43 KUNR 250835
CLIIEN


CLIMATE REPORT
NATIONAL WEATHER SERVICE RAPID CITY SD
234 AM MDT TUE JUL 25 2017


...................................

...THE PINE RIDGE SD CLIMATE SUMMARY FOR JULY 24 2017...

CLIMATE NORMAL PERIOD 1981 TO 2010
CLIMATE RECORD PERIOD 9999 TO 9999


WEATHER ITEM   OBSERVED TIME   NORMAL DEPARTURE LAST
                VALUE   (LST)  VALUE  FROM      YEAR
                                      NORMAL
......................................................
TEMPERATURE (F)
 YESTERDAY
  MAXIMUM        103    327 PM  91     12       89
  MINIMUM         67    428 AM  59      8       54
  AVERAGE         85            75     10       72

PRECIPITATION (IN)
  YESTERDAY        0.00          0.06  -0.06     0.00
  MONTH TO DATE    0.96          1.68  -0.72     2.22
  SINCE JUN 1      2.47          5.11  -2.64     3.72
  SINCE JAN 1     11.93         11.35   0.58     9.80

DEGREE DAYS
 HEATING
  YESTERDAY        0             0      0        0
  MONTH TO DATE    0             4     -4        2
  SINCE JUN 1     35            91    -56       28
  SINCE JUL 1      0             4     -4        2

 COOLING
  YESTERDAY       20            10     10        7
  MONTH TO DATE  312           209    103      228
  SINCE JUN 1    410           319     91      445
  SINCE JAN 1    426           336     90      453
......................................................


WIND (MPH)
  HIGHEST WIND SPEED    25   HIGHEST WIND DIRECTION     S (200)
  HIGHEST GUST SPEED    33   HIGHEST GUST DIRECTION    SE (150)
  AVERAGE WIND SPEED    10.4


SKY COVER
  AVERAGE SKY COVER 0.0


WEATHER CONDITIONS
 THE FOLLOWING WEATHER WAS RECORDED YESTERDAY.
  NO SIGNIFICANT WEATHER WAS OBSERVED.


RELATIVE HUMIDITY (PERCENT)
 HIGHEST    66           600 AM
 LOWEST      9           400 PM
 AVERAGE    38

..........................................................




SUNRISE AND SUNSET
JULY 25 2017..........SUNRISE   534 AM MDT   SUNSET   819 PM MDT
JULY 26 2017..........SUNRISE   535 AM MDT   SUNSET   818 PM MDT


-  INDICATES NEGATIVE NUMBERS.
R  INDICATES RECORD WAS SET OR TIED.
MM INDICATES DATA IS MISSING.
T  INDICATES TRACE AMOUNT.




$$
