000
CDUS43 KUNR 070831
CLIIEN


CLIMATE REPORT
NATIONAL WEATHER SERVICE RAPID CITY SD
130 AM MST WED DEC 7 2016


...................................

...THE PINE RIDGE SD CLIMATE SUMMARY FOR DECEMBER 6 2016...

CLIMATE NORMAL PERIOD 1981 TO 2010
CLIMATE RECORD PERIOD 9999 TO 9999


WEATHER ITEM   OBSERVED TIME   NORMAL DEPARTURE LAST
                VALUE   (LST)  VALUE  FROM      YEAR
                                      NORMAL
......................................................
TEMPERATURE (F)
 YESTERDAY
  MAXIMUM         19    259 PM  37    -18       52
  MINIMUM          1   1057 PM  11    -10       13
  AVERAGE         10            24    -14       33

PRECIPITATION (IN)
  YESTERDAY        0.00          0.01  -0.01     0.00
  MONTH TO DATE    0.04          0.06  -0.02     0.17
  SINCE DEC 1      0.04          0.06  -0.02     0.17
  SINCE JAN 1     14.60         17.23  -2.63    18.86

DEGREE DAYS
 HEATING
  YESTERDAY       55            41     14       32
  MONTH TO DATE  246           239      7      213
  SINCE DEC 1    246           239      7      213
  SINCE JUL 1   1419          1929   -510     1701

 COOLING
  YESTERDAY        0             0      0        0
  MONTH TO DATE    0             0      0        0
  SINCE DEC 1      0             0      0        0
  SINCE JAN 1    774           717     57      615
......................................................


WIND (MPH)
  HIGHEST WIND SPEED    23   HIGHEST WIND DIRECTION     W (270)
  HIGHEST GUST SPEED    33   HIGHEST GUST DIRECTION     W (270)
  AVERAGE WIND SPEED     7.4


SKY COVER
  AVERAGE SKY COVER 0.0


WEATHER CONDITIONS
 THE FOLLOWING WEATHER WAS RECORDED YESTERDAY.
  NO SIGNIFICANT WEATHER WAS OBSERVED.


RELATIVE HUMIDITY (PERCENT)
 HIGHEST    87           800 PM
 LOWEST     56           300 PM
 AVERAGE    72

..........................................................




SUNRISE AND SUNSET
DECEMBER  7 2016......SUNRISE   708 AM MST   SUNSET   415 PM MST
DECEMBER  8 2016......SUNRISE   709 AM MST   SUNSET   415 PM MST


-  INDICATES NEGATIVE NUMBERS.
R  INDICATES RECORD WAS SET OR TIED.
MM INDICATES DATA IS MISSING.
T  INDICATES TRACE AMOUNT.




$$
