000
CDUS43 KUNR 220845
CLIIEN


CLIMATE REPORT
NATIONAL WEATHER SERVICE RAPID CITY SD
243 AM MDT TUE JUL 22 2014


...................................

...THE PINE RIDGE SD CLIMATE SUMMARY FOR JULY 21 2014...

CLIMATE NORMAL PERIOD 1981 TO 2010
CLIMATE RECORD PERIOD 9999 TO 9999


WEATHER ITEM   OBSERVED TIME   NORMAL DEPARTURE LAST
                VALUE   (LST)  VALUE  FROM      YEAR
                                      NORMAL
......................................................
TEMPERATURE (F)
 YESTERDAY
  MAXIMUM         98    349 PM  90      8       92
  MINIMUM         64    517 AM  59      5       62
  AVERAGE         81            75      6       77

PRECIPITATION (IN)
  YESTERDAY        0.00          0.05  -0.05     0.03
  MONTH TO DATE    1.92          1.50   0.42     1.21
  SINCE JUN 1      6.46          4.93   1.53     3.32
  SINCE JAN 1     14.06         11.17   2.89    11.08

DEGREE DAYS
 HEATING
  YESTERDAY        0             0      0        0
  MONTH TO DATE   24             4     20        0
  SINCE JUN 1    132            91     41       78
  SINCE JUL 1     24             4     20        0

 COOLING
  YESTERDAY       16            10      6       12
  MONTH TO DATE  123           179    -56      223
  SINCE JUN 1    180           289   -109      306
  SINCE JAN 1    205           306   -101      323
......................................................


WIND (MPH)
  HIGHEST WIND SPEED    21   HIGHEST WIND DIRECTION     W (280)
  HIGHEST GUST SPEED    30   HIGHEST GUST DIRECTION     W (290)
  AVERAGE WIND SPEED     8.7


SKY COVER
  AVERAGE SKY COVER 0.0


WEATHER CONDITIONS
 THE FOLLOWING WEATHER WAS RECORDED YESTERDAY.
  NO SIGNIFICANT WEATHER WAS OBSERVED.


RELATIVE HUMIDITY (PERCENT)
 HIGHEST    58           400 AM
 LOWEST     18           500 PM
 AVERAGE    38

..........................................................




SUNRISE AND SUNSET
JULY 22 2014..........SUNRISE   531 AM MDT   SUNSET   822 PM MDT
JULY 23 2014..........SUNRISE   532 AM MDT   SUNSET   821 PM MDT


-  INDICATES NEGATIVE NUMBERS.
R  INDICATES RECORD WAS SET OR TIED.
MM INDICATES DATA IS MISSING.
T  INDICATES TRACE AMOUNT.




$$
