000
CDUS43 KUNR 280832
CLIIEN


CLIMATE REPORT
NATIONAL WEATHER SERVICE RAPID CITY SD
231 AM MDT THU APR 28 2016


...................................

...THE PINE RIDGE SD CLIMATE SUMMARY FOR APRIL 27 2016...

CLIMATE NORMAL PERIOD 1981 TO 2010
CLIMATE RECORD PERIOD 9999 TO 9999


WEATHER ITEM   OBSERVED TIME   NORMAL DEPARTURE LAST
                VALUE   (LST)  VALUE  FROM      YEAR
                                      NORMAL
......................................................
TEMPERATURE (F)
 YESTERDAY
  MAXIMUM         38    231 PM  64    -26       59
  MINIMUM         31   1159 PM  35     -4       36
  AVERAGE         35            49    -14       48

PRECIPITATION (IN)
  YESTERDAY        0.21          0.07   0.14     0.00
  MONTH TO DATE    3.04          1.68   1.36     1.88
  SINCE MAR 1      4.42          2.55   1.87     2.06
  SINCE JAN 1      4.92          3.34   1.58     2.52

DEGREE DAYS
 HEATING
  YESTERDAY       30            16     14       17
  MONTH TO DATE  449           537    -88      530
  SINCE MAR 1   1186          1425   -239     1237
  SINCE JUL 1   6055          6775   -720     6447

 COOLING
  YESTERDAY        0             0      0        0
  MONTH TO DATE    1             0      1        0
  SINCE MAR 1      1             0      1        0
  SINCE JAN 1      1             0      1        0
......................................................


WIND (MPH)
  HIGHEST WIND SPEED    23   HIGHEST WIND DIRECTION    NW (320)
  HIGHEST GUST SPEED    32   HIGHEST GUST DIRECTION     N (340)
  AVERAGE WIND SPEED    11.9


SKY COVER
  AVERAGE SKY COVER 1.0


WEATHER CONDITIONS
 THE FOLLOWING WEATHER WAS RECORDED YESTERDAY.
  LIGHT RAIN
  LIGHT SNOW
  FOG


RELATIVE HUMIDITY (PERCENT)
 HIGHEST    92          1200 AM
 LOWEST     85           700 AM
 AVERAGE    89

..........................................................




SUNRISE AND SUNSET
APRIL 28 2016.........SUNRISE   547 AM MDT   SUNSET   748 PM MDT
APRIL 29 2016.........SUNRISE   546 AM MDT   SUNSET   749 PM MDT


-  INDICATES NEGATIVE NUMBERS.
R  INDICATES RECORD WAS SET OR TIED.
MM INDICATES DATA IS MISSING.
T  INDICATES TRACE AMOUNT.




$$
