000
CDUS43 KUNR 050849
CLIIEN


CLIMATE REPORT
NATIONAL WEATHER SERVICE RAPID CITY SD
146 AM MST THU MAR 5 2015


...................................

...THE PINE RIDGE SD CLIMATE SUMMARY FOR MARCH 4 2015...

CLIMATE NORMAL PERIOD 1981 TO 2010
CLIMATE RECORD PERIOD 9999 TO 9999


WEATHER ITEM   OBSERVED TIME   NORMAL DEPARTURE LAST
                VALUE   (LST)  VALUE  FROM      YEAR
                                      NORMAL
......................................................
TEMPERATURE (F)
 YESTERDAY
  MAXIMUM         20    427 PM  46    -26       40
  MINIMUM        -10   1056 PM  18    -28       19
  AVERAGE          5            32    -27       30

PRECIPITATION (IN)
  YESTERDAY        0.00          0.02  -0.02     0.00
  MONTH TO DATE    0.17          0.07   0.10     0.14
  SINCE MAR 1      0.17          0.07   0.10     0.14
  SINCE JAN 1      0.63          0.86  -0.23     0.41

DEGREE DAYS
 HEATING
  YESTERDAY       60            33     27       35
  MONTH TO DATE  181           134     47      210
  SINCE MAR 1    181           134     47      210
  SINCE JUL 1   5391          5484    -93     5692

 COOLING
  YESTERDAY        0             0      0        0
  MONTH TO DATE    0             0      0        0
  SINCE MAR 1      0             0      0        0
  SINCE JAN 1      0             0      0        0
......................................................


WIND (MPH)
  HIGHEST WIND SPEED    21   HIGHEST WIND DIRECTION     W (250)
  HIGHEST GUST SPEED    27   HIGHEST GUST DIRECTION     W (250)
  AVERAGE WIND SPEED     6.5


SKY COVER
  AVERAGE SKY COVER 0.1


WEATHER CONDITIONS
 THE FOLLOWING WEATHER WAS RECORDED YESTERDAY.
  NO SIGNIFICANT WEATHER WAS OBSERVED.


RELATIVE HUMIDITY (PERCENT)
 HIGHEST    91           100 AM
 LOWEST     45           200 PM
 AVERAGE    68

..........................................................




SUNRISE AND SUNSET
MARCH  5 2015.........SUNRISE   620 AM MST   SUNSET   544 PM MST
MARCH  6 2015.........SUNRISE   618 AM MST   SUNSET   545 PM MST


-  INDICATES NEGATIVE NUMBERS.
R  INDICATES RECORD WAS SET OR TIED.
MM INDICATES DATA IS MISSING.
T  INDICATES TRACE AMOUNT.




$$
