000
CDUS43 KUNR 190843
CLIIEN


CLIMATE REPORT
NATIONAL WEATHER SERVICE RAPID CITY SD
141 AM MST FRI JAN 19 2018


...................................

...THE PINE RIDGE SD CLIMATE SUMMARY FOR JANUARY 18 2018...

CLIMATE NORMAL PERIOD 1981 TO 2010
CLIMATE RECORD PERIOD 9999 TO 9999


WEATHER ITEM   OBSERVED TIME   NORMAL DEPARTURE LAST
                VALUE   (LST)  VALUE  FROM      YEAR
                                      NORMAL
......................................................
TEMPERATURE (F)
 YESTERDAY
  MAXIMUM         51    312 PM  37     14       43
  MINIMUM         22    529 AM  10     12       19
  AVERAGE         37            24     13       31

PRECIPITATION (IN)
  YESTERDAY        0.00          0.01  -0.01     0.00
  MONTH TO DATE    0.07          0.15  -0.08     0.05
  SINCE DEC 1      0.39          0.50  -0.11     0.88
  SINCE JAN 1      0.07          0.15  -0.08     0.05

DEGREE DAYS
 HEATING
  YESTERDAY       28            41    -13       34
  MONTH TO DATE  801           753     48      946
  SINCE DEC 1   1975          2053    -78     2519
  SINCE JUL 1   3472          3743   -271     3692

 COOLING
  YESTERDAY        0             0      0        0
  MONTH TO DATE    0             0      0        0
  SINCE DEC 1      0             0      0        0
  SINCE JAN 1      0             0      0        0
......................................................


WIND (MPH)
  HIGHEST WIND SPEED    13   HIGHEST WIND DIRECTION     W (260)
  HIGHEST GUST SPEED    17   HIGHEST GUST DIRECTION     W (250)
  AVERAGE WIND SPEED     6.9


SKY COVER
  AVERAGE SKY COVER 0.0


WEATHER CONDITIONS
 THE FOLLOWING WEATHER WAS RECORDED YESTERDAY.
  NO SIGNIFICANT WEATHER WAS OBSERVED.


RELATIVE HUMIDITY (PERCENT)
 HIGHEST    84           400 AM
 LOWEST     41           200 PM
 AVERAGE    63

..........................................................




SUNRISE AND SUNSET
JANUARY 19 2018.......SUNRISE   716 AM MST   SUNSET   446 PM MST
JANUARY 20 2018.......SUNRISE   716 AM MST   SUNSET   447 PM MST


-  INDICATES NEGATIVE NUMBERS.
R  INDICATES RECORD WAS SET OR TIED.
MM INDICATES DATA IS MISSING.
T  INDICATES TRACE AMOUNT.




$$
