000
CDUS43 KUNR 110833
CLIIEN


CLIMATE REPORT
NATIONAL WEATHER SERVICE RAPID CITY SD
232 AM MDT FRI JUL 11 2014


...................................

...THE PINE RIDGE SD CLIMATE SUMMARY FOR JULY 10 2014...

CLIMATE NORMAL PERIOD 1981 TO 2010
CLIMATE RECORD PERIOD 9999 TO 9999


WEATHER ITEM   OBSERVED TIME   NORMAL DEPARTURE LAST
                VALUE   (LST)  VALUE  FROM      YEAR
                                      NORMAL
......................................................
TEMPERATURE (F)
 YESTERDAY
  MAXIMUM         90    252 PM  88      2       93
  MINIMUM         60    215 AM  58      2       57
  AVERAGE         75            73      2       75

PRECIPITATION (IN)
  YESTERDAY        0.05          0.07  -0.02     0.01
  MONTH TO DATE    0.09          0.82  -0.73     0.57
  SINCE JUN 1      4.63          4.25   0.38     2.68
  SINCE JAN 1     12.23         10.49   1.74    10.44

DEGREE DAYS
 HEATING
  YESTERDAY        0             0      0        0
  MONTH TO DATE   13             4      9        0
  SINCE JUN 1    121            91     30       78
  SINCE JUL 1     13             4      9        0

 COOLING
  YESTERDAY       10             8      2       10
  MONTH TO DATE   56            75    -19       91
  SINCE JUN 1    113           185    -72      174
  SINCE JAN 1    138           202    -64      191
......................................................


WIND (MPH)
  HIGHEST WIND SPEED    30   HIGHEST WIND DIRECTION     S (190)
  HIGHEST GUST SPEED    38   HIGHEST GUST DIRECTION     S (180)
  AVERAGE WIND SPEED     9.0


SKY COVER
  AVERAGE SKY COVER 0.3


WEATHER CONDITIONS
 THE FOLLOWING WEATHER WAS RECORDED YESTERDAY.
  LIGHT RAIN
  HAZE


RELATIVE HUMIDITY (PERCENT)
 HIGHEST    93           500 AM
 LOWEST     41           300 PM
 AVERAGE    67

..........................................................




SUNRISE AND SUNSET
JULY 11 2014..........SUNRISE   521 AM MDT   SUNSET   830 PM MDT
JULY 12 2014..........SUNRISE   522 AM MDT   SUNSET   829 PM MDT


-  INDICATES NEGATIVE NUMBERS.
R  INDICATES RECORD WAS SET OR TIED.
MM INDICATES DATA IS MISSING.
T  INDICATES TRACE AMOUNT.




$$
