000
CDUS45 KVEF 270829
CLIIGM


CLIMATE REPORT
NATIONAL WEATHER SERVICE LAS VEGAS, NV
128 AM PDT WED MAY 27 2015


...................................

...THE KINGMAN AZ CLIMATE SUMMARY FOR MAY 26 2015...

CLIMATE NORMAL PERIOD 1981 TO 2010
CLIMATE RECORD PERIOD 1901 TO 2015


WEATHER ITEM   OBSERVED TIME   RECORD YEAR NORMAL DEPARTURE LAST
                VALUE   (LST)  VALUE       VALUE  FROM      YEAR
                                                  NORMAL
..................................................................
TEMPERATURE (F)
 YESTERDAY
  MAXIMUM         86    303 PM 101    1951  88     -2       97
  MINIMUM         56    518 AM  34    1911  55      1       61
  AVERAGE         71                        72     -1       79

PRECIPITATION (IN)
  YESTERDAY        0.00          0.48 1964   0.01  -0.01     0.00
  MONTH TO DATE    0.18                      0.12   0.06      T
  SINCE OCT 1      5.12                      5.55  -0.43     1.67
  SINCE JAN 1      2.99                      3.45  -0.46     0.79

DEGREE DAYS
 HEATING
  YESTERDAY        0                         1     -1        0
  MONTH TO DATE   88                        51     37       42
  SINCE MAR 1    550                       684   -134      512
  SINCE JUL 1   2530                      3097   -567     2834

 COOLING
  YESTERDAY        6                         8     -2       14
  MONTH TO DATE   34                       127    -93      109
  SINCE MAR 1     52                       158   -106      142
  SINCE JAN 1     52                       158   -106      142
..................................................................


WIND (MPH)
  RESULTANT WIND SPEED  10   RESULTANT WIND DIRECTION  SW (210)
  HIGHEST WIND SPEED    29   HIGHEST WIND DIRECTION    SW (210)
  HIGHEST GUST SPEED    38   HIGHEST GUST DIRECTION    SW (220)
  AVERAGE WIND SPEED    13.1


SKY COVER
  POSSIBLE SUNSHINE  MM
  AVERAGE SKY COVER 0.0


WEATHER CONDITIONS
 THE FOLLOWING WEATHER WAS RECORDED YESTERDAY.
  NO SIGNIFICANT WEATHER WAS OBSERVED.


RELATIVE HUMIDITY (PERCENT)
 HIGHEST    43           500 AM
 LOWEST     10           400 PM
 AVERAGE    27

..........................................................


THE KINGMAN AZ CLIMATE NORMALS FOR TODAY
                         NORMAL    RECORD    YEAR
 MAXIMUM TEMPERATURE (F)   88       105      2003
 MINIMUM TEMPERATURE (F)   56        36      1942


SUNRISE AND SUNSET
MAY 27 2015...........SUNRISE   524 AM MST   SUNSET   742 PM MST
MAY 28 2015...........SUNRISE   524 AM MST   SUNSET   743 PM MST


-  INDICATES NEGATIVE NUMBERS.
R  INDICATES RECORD WAS SET OR TIED.
MM INDICATES DATA IS MISSING.
T  INDICATES TRACE AMOUNT.




$$
