000
CDUS45 KVEF 230834
CLIIGM


CLIMATE REPORT
NATIONAL WEATHER SERVICE LAS VEGAS, NV
133 AM PDT SAT JUL 23 2016


...................................

...THE KINGMAN AZ CLIMATE SUMMARY FOR JULY 22 2016...

CLIMATE NORMAL PERIOD 1981 TO 2010
CLIMATE RECORD PERIOD 1901 TO 2016


WEATHER ITEM   OBSERVED TIME   RECORD YEAR NORMAL DEPARTURE LAST
                VALUE   (LST)  VALUE       VALUE  FROM      YEAR
                                                  NORMAL
..................................................................
TEMPERATURE (F)
 YESTERDAY
  MAXIMUM        106R   443 PM 105    1937  98      8       95
  MINIMUM         78    619 AM  57    1958  71      7       70
  AVERAGE         92                        84      8       83

PRECIPITATION (IN)
  YESTERDAY        0.00          1.14 1915   0.03  -0.03     0.00
  MONTH TO DATE    0.32                      0.49  -0.17     0.92
  SINCE OCT 1      5.48                      6.14  -0.66     7.53
  SINCE JAN 1      3.96                      4.04  -0.08     5.40

DEGREE DAYS
 HEATING
  YESTERDAY        0                         0      0        0
  MONTH TO DATE    0                         0      0        0
  SINCE JUN 1      0                         3     -3        0
  SINCE JUL 1      0                         0      0        0

 COOLING
  YESTERDAY       27                        19      8       18
  MONTH TO DATE  444                       404     40      362
  SINCE JUN 1   1006                       789    217      839
  SINCE JAN 1   1146                       987    159      945
..................................................................


WIND (MPH)
  RESULTANT WIND SPEED  10   RESULTANT WIND DIRECTION  SW (230)
  HIGHEST WIND SPEED    23   HIGHEST WIND DIRECTION    SW (230)
  HIGHEST GUST SPEED    29   HIGHEST GUST DIRECTION    SW (230)
  AVERAGE WIND SPEED    11.4


SKY COVER
  POSSIBLE SUNSHINE  MM
  AVERAGE SKY COVER 0.0


WEATHER CONDITIONS
 THE FOLLOWING WEATHER WAS RECORDED YESTERDAY.
  NO SIGNIFICANT WEATHER WAS OBSERVED.


RELATIVE HUMIDITY (PERCENT)
 HIGHEST    26           500 AM
 LOWEST     10           400 PM
 AVERAGE    18

..........................................................


THE KINGMAN AZ CLIMATE NORMALS FOR TODAY
                         NORMAL    RECORD    YEAR
 MAXIMUM TEMPERATURE (F)   98       107      1996
 MINIMUM TEMPERATURE (F)   71        60      2001


SUNRISE AND SUNSET
JULY 23 2016..........SUNRISE   538 AM MST   SUNSET   746 PM MST
JULY 24 2016..........SUNRISE   539 AM MST   SUNSET   745 PM MST


-  INDICATES NEGATIVE NUMBERS.
R  INDICATES RECORD WAS SET OR TIED.
MM INDICATES DATA IS MISSING.
T  INDICATES TRACE AMOUNT.




$$
