000
CDUS45 KVEF 310830
CLIIGM


CLIMATE REPORT
NATIONAL WEATHER SERVICE LAS VEGAS, NV
130 AM PDT FRI JUL 31 2015


...................................

...THE KINGMAN AZ CLIMATE SUMMARY FOR JULY 30 2015...

CLIMATE NORMAL PERIOD 1981 TO 2010
CLIMATE RECORD PERIOD 1901 TO 2015


WEATHER ITEM   OBSERVED TIME   RECORD YEAR NORMAL DEPARTURE LAST
                VALUE   (LST)  VALUE       VALUE  FROM      YEAR
                                                  NORMAL
..................................................................
TEMPERATURE (F)
 YESTERDAY
  MAXIMUM         97   1257 PM 106    1938  97      0      100
  MINIMUM         75   1159 PM  57    1913  71      4       70
  AVERAGE         86                        84      2       85

PRECIPITATION (IN)
  YESTERDAY        T             0.71 1931   0.03  -0.03     0.00
  MONTH TO DATE    0.92                      0.72   0.20     1.25
  SINCE OCT 1      7.53                      6.37   1.16     2.92
  SINCE JAN 1      5.40                      4.27   1.13     2.04

DEGREE DAYS
 HEATING
  YESTERDAY        0                         0      0        0
  MONTH TO DATE    0                         0      0        0
  SINCE JUN 1      0                         3     -3        0
  SINCE JUL 1      0                         0      0        0

 COOLING
  YESTERDAY       21                        19      2       20
  MONTH TO DATE  493                       556    -63      561
  SINCE JUN 1    970                       941     29     1001
  SINCE JAN 1   1076                      1139    -63     1226
..................................................................


WIND (MPH)
  RESULTANT WIND SPEED   4   RESULTANT WIND DIRECTION   S (160)
  HIGHEST WIND SPEED    31   HIGHEST WIND DIRECTION    SE (130)
  HIGHEST GUST SPEED    37   HIGHEST GUST DIRECTION    SE (130)
  AVERAGE WIND SPEED     6.9


SKY COVER
  POSSIBLE SUNSHINE  MM
  AVERAGE SKY COVER 0.1


WEATHER CONDITIONS
 THE FOLLOWING WEATHER WAS RECORDED YESTERDAY.
  THUNDERSTORM
  LIGHT RAIN


RELATIVE HUMIDITY (PERCENT)
 HIGHEST    54           500 AM
 LOWEST     20           200 PM
 AVERAGE    37

..........................................................


THE KINGMAN AZ CLIMATE NORMALS FOR TODAY
                         NORMAL    RECORD    YEAR
 MAXIMUM TEMPERATURE (F)   97       108      1938
 MINIMUM TEMPERATURE (F)   71        58      1924


SUNRISE AND SUNSET
JULY 31 2015..........SUNRISE   544 AM MST   SUNSET   740 PM MST
AUGUST  1 2015........SUNRISE   545 AM MST   SUNSET   739 PM MST


-  INDICATES NEGATIVE NUMBERS.
R  INDICATES RECORD WAS SET OR TIED.
MM INDICATES DATA IS MISSING.
T  INDICATES TRACE AMOUNT.




$$
