000
CDUS45 KVEF 180028
CLIIGM


CLIMATE REPORT
NATIONAL WEATHER SERVICE LAS VEGAS, NV
428 PM PST WED JAN 17 2018


...................................

...THE KINGMAN AZ CLIMATE SUMMARY FOR JANUARY 17 2018...
VALID TODAY AS OF 0400 PM LOCAL TIME.

CLIMATE NORMAL PERIOD 1981 TO 2010
CLIMATE RECORD PERIOD 1901 TO 2018


WEATHER ITEM   OBSERVED TIME   RECORD YEAR NORMAL DEPARTURE LAST
                VALUE   (LST)  VALUE       VALUE  FROM      YEAR
                                                  NORMAL
..................................................................
TEMPERATURE (F)
 TODAY
  MAXIMUM         66    232 PM  74    1976  57      9       53
  MINIMUM         34    732 AM  14    1917  31      3       31
  AVERAGE         50                        44      6       42

PRECIPITATION (IN)
  TODAY            0.00          0.98 1993   0.04  -0.04     0.00
  MONTH TO DATE    0.58                      0.53   0.05     0.42
  SINCE OCT 1      0.58                      2.63  -2.05     3.98
  SINCE JAN 1      0.58                      0.53   0.05     0.42

DEGREE DAYS
 HEATING
  TODAY           15                        21     -6       23
  MONTH TO DATE  252                       370   -118      319
  SINCE DEC 1    829                      1053   -224      960
  SINCE JUL 1   1120                      1619   -499     1282

 COOLING
  TODAY            0                         0      0        0
  MONTH TO DATE    0                         0      0        0
  SINCE DEC 1      0                         0      0        0
  SINCE JAN 1      0                         0      0        0
..................................................................


WIND (MPH)
  RESULTANT WIND SPEED   4   RESULTANT WIND DIRECTION  NE (40)
  HIGHEST WIND SPEED    12   HIGHEST WIND DIRECTION     N (10)
  HIGHEST GUST SPEED    14   HIGHEST GUST DIRECTION     N (10)
  AVERAGE WIND SPEED     5.1


SKY COVER
  POSSIBLE SUNSHINE  MM
  AVERAGE SKY COVER 0.0


WEATHER CONDITIONS
 THE FOLLOWING WEATHER WAS RECORDED TODAY.
  HAZE


RELATIVE HUMIDITY (PERCENT)
 HIGHEST    76           200 AM
 LOWEST     28           300 PM
 AVERAGE    52

..........................................................


THE KINGMAN AZ CLIMATE NORMALS FOR TOMORROW
                         NORMAL    RECORD    YEAR
 MAXIMUM TEMPERATURE (F)   57        76      2000
 MINIMUM TEMPERATURE (F)   31        19      2007


SUNRISE AND SUNSET
JANUARY 17 2018.......SUNRISE   743 AM MST   SUNSET   549 PM MST
JANUARY 18 2018.......SUNRISE   743 AM MST   SUNSET   550 PM MST


-  INDICATES NEGATIVE NUMBERS.
R  INDICATES RECORD WAS SET OR TIED.
MM INDICATES DATA IS MISSING.
T  INDICATES TRACE AMOUNT.




$$
