000
CDUS45 KVEF 270827
CLIIGM


CLIMATE REPORT
NATIONAL WEATHER SERVICE LAS VEGAS, NV
1226 AM PST FRI FEB 27 2015


...................................

...THE KINGMAN AZ CLIMATE SUMMARY FOR FEBRUARY 26 2015...

CLIMATE NORMAL PERIOD 1981 TO 2010
CLIMATE RECORD PERIOD 1901 TO 2015


WEATHER ITEM   OBSERVED TIME   RECORD YEAR NORMAL DEPARTURE LAST
                VALUE   (LST)  VALUE       VALUE  FROM      YEAR
                                                  NORMAL
..................................................................
TEMPERATURE (F)
 YESTERDAY
  MAXIMUM         66    353 PM  82    1986  62      4       72
  MINIMUM         35    506 AM  20    1929  35      0       39
  AVERAGE         51                        48      3       56

PRECIPITATION (IN)
  YESTERDAY        0.00          0.91 1969   0.03  -0.03     0.00
  MONTH TO DATE    0.61                      1.08  -0.47     0.21
  SINCE OCT 1      3.56                      4.20  -0.64     1.10
  SINCE JAN 1      1.43                      2.10  -0.67     0.22

DEGREE DAYS
 HEATING
  YESTERDAY       14                        17     -3        9
  MONTH TO DATE  300                       477   -177      374
  SINCE DEC 1   1537                      1816   -279     1671
  SINCE JUL 1   1951                      2382   -431     2304

 COOLING
  YESTERDAY        0                         0      0        0
  MONTH TO DATE    0                         0      0        0
  SINCE DEC 1      0                         0      0        0
  SINCE JAN 1      0                         0      0        0
..................................................................


WIND (MPH)
  RESULTANT WIND SPEED   2   RESULTANT WIND DIRECTION  SW (230)
  HIGHEST WIND SPEED    21   HIGHEST WIND DIRECTION    SW (230)
  HIGHEST GUST SPEED    25   HIGHEST GUST DIRECTION    SW (230)
  AVERAGE WIND SPEED     5.9


SKY COVER
  POSSIBLE SUNSHINE  MM
  AVERAGE SKY COVER 0.1


WEATHER CONDITIONS
 THE FOLLOWING WEATHER WAS RECORDED YESTERDAY.
  NO SIGNIFICANT WEATHER WAS OBSERVED.


RELATIVE HUMIDITY (PERCENT)
 HIGHEST    70           100 AM
 LOWEST     17           500 PM
 AVERAGE    44

..........................................................


THE KINGMAN AZ CLIMATE NORMALS FOR TODAY
                         NORMAL    RECORD    YEAR
 MAXIMUM TEMPERATURE (F)   62        81      1986
 MINIMUM TEMPERATURE (F)   36        20      1956


SUNRISE AND SUNSET
FEBRUARY 27 2015......SUNRISE   708 AM MST   SUNSET   629 PM MST
FEBRUARY 28 2015......SUNRISE   707 AM MST   SUNSET   630 PM MST


-  INDICATES NEGATIVE NUMBERS.
R  INDICATES RECORD WAS SET OR TIED.
MM INDICATES DATA IS MISSING.
T  INDICATES TRACE AMOUNT.




$$
