000
CDUS45 KVEF 170827
CLIIGM


CLIMATE REPORT
NATIONAL WEATHER SERVICE LAS VEGAS, NV
126 AM PDT THU AUG 17 2017


...................................

...THE KINGMAN AZ CLIMATE SUMMARY FOR AUGUST 16 2017...

CLIMATE NORMAL PERIOD 1981 TO 2010
CLIMATE RECORD PERIOD 1901 TO 2017


WEATHER ITEM   OBSERVED TIME   RECORD YEAR NORMAL DEPARTURE LAST
                VALUE   (LST)  VALUE       VALUE  FROM      YEAR
                                                  NORMAL
..................................................................
TEMPERATURE (F)
 YESTERDAY
  MAXIMUM         92    343 PM 110    1933  96     -4      102
  MINIMUM         63    544 AM  52    1954  70     -7       69
  AVERAGE         78                        83     -5       86

PRECIPITATION (IN)
  YESTERDAY        0.00          1.37 1984   0.02  -0.02     0.00
  MONTH TO DATE    0.42                      0.40   0.02     1.47
  SINCE OCT 1      9.76                      6.80   2.96     7.07
  SINCE JAN 1      6.20                      4.70   1.50     5.55

DEGREE DAYS
 HEATING
  YESTERDAY        0                         0      0        0
  MONTH TO DATE    0                         0      0        0
  SINCE JUN 1      0                         3     -3        0
  SINCE JUL 1      0                         0      0        0

 COOLING
  YESTERDAY       13                        18     -5       21
  MONTH TO DATE  281                       294    -13      298
  SINCE JUN 1   1440                      1255    185     1525
  SINCE JAN 1   1600                      1453    147     1665
..................................................................


WIND (MPH)
  RESULTANT WIND SPEED   6   RESULTANT WIND DIRECTION   S (160)
  HIGHEST WIND SPEED    22   HIGHEST WIND DIRECTION    SE (130)
  HIGHEST GUST SPEED    43   HIGHEST GUST DIRECTION    SE (150)
  AVERAGE WIND SPEED    10.5


SKY COVER
  POSSIBLE SUNSHINE  MM
  AVERAGE SKY COVER 0.0


WEATHER CONDITIONS
 THE FOLLOWING WEATHER WAS RECORDED YESTERDAY.
  NO SIGNIFICANT WEATHER WAS OBSERVED.


RELATIVE HUMIDITY (PERCENT)
 HIGHEST    37           200 AM
 LOWEST     16           300 PM
 AVERAGE    27

..........................................................


THE KINGMAN AZ CLIMATE NORMALS FOR TODAY
                         NORMAL    RECORD    YEAR
 MAXIMUM TEMPERATURE (F)   96       106      2001
 MINIMUM TEMPERATURE (F)   69        52      1954


SUNRISE AND SUNSET
AUGUST 17 2017........SUNRISE   557 AM MST   SUNSET   722 PM MST
AUGUST 18 2017........SUNRISE   558 AM MST   SUNSET   721 PM MST


-  INDICATES NEGATIVE NUMBERS.
R  INDICATES RECORD WAS SET OR TIED.
MM INDICATES DATA IS MISSING.
T  INDICATES TRACE AMOUNT.




$$
