000
CDUS41 KPHI 220629
CLIILG


CLIMATE REPORT
NATIONAL WEATHER SERVICE MOUNT HOLLY NJ
228 AM EDT WED OCT 22 2014


...................................

...THE WILMINGTON DE CLIMATE SUMMARY FOR OCTOBER 21 2014...

CLIMATE NORMAL PERIOD 1981 TO 2010
CLIMATE RECORD PERIOD 1894 TO 2014


WEATHER ITEM   OBSERVED TIME   RECORD YEAR NORMAL DEPARTURE LAST
                VALUE   (LST)  VALUE       VALUE  FROM      YEAR
                                                  NORMAL
..................................................................
TEMPERATURE (F)
 YESTERDAY
  MAXIMUM         71    209 PM  85    1947  64      7       67
  MINIMUM         48    649 AM  25    1974  44      4       39
  AVERAGE         60                        54      6       53

PRECIPITATION (IN)
  YESTERDAY        T             1.93 1904   0.11  -0.11     0.00
  MONTH TO DATE    2.19                      2.40  -0.21     1.92
  SINCE SEP 1      5.03                      6.72  -1.69     3.84
  SINCE JAN 1     43.10                     35.48   7.62    40.17

SNOWFALL (IN)
  YESTERDAY       MM             0.0  1894   0.0   MM        0.0
  MONTH TO DATE    0.0                       0.0    0.0      0.0
  SINCE SEP 1      0.0                       0.0    0.0      0.0
  SINCE JUL 1      0.0                       0.0    0.0      0.0
  SNOW DEPTH       0

DEGREE DAYS
 HEATING
  YESTERDAY        5                        11     -6       12
  MONTH TO DATE  117                       166    -49       78
  SINCE SEP 1    155                       216    -61      147
  SINCE JUL 1    155                       218    -63      147

 COOLING
  YESTERDAY        0                         0      0        0
  MONTH TO DATE   18                        15      3       49
  SINCE SEP 1    167                       149     18      156
  SINCE JAN 1   1073                      1142    -69     1241
..................................................................


WIND (MPH)
  HIGHEST WIND SPEED    13   HIGHEST WIND DIRECTION    NW (300)
  HIGHEST GUST SPEED    15   HIGHEST GUST DIRECTION    NW (300)
  AVERAGE WIND SPEED     4.3


SKY COVER
  POSSIBLE SUNSHINE  MM
  AVERAGE SKY COVER 0.6


WEATHER CONDITIONS
 THE FOLLOWING WEATHER WAS RECORDED YESTERDAY.
  THUNDERSTORM
  LIGHT RAIN


RELATIVE HUMIDITY (PERCENT)
 HIGHEST    93           700 AM
 LOWEST     49           200 PM
 AVERAGE    71

..........................................................


THE WILMINGTON DE CLIMATE NORMALS FOR TODAY
                         NORMAL    RECORD    YEAR
 MAXIMUM TEMPERATURE (F)   64        81      1979
                                             1975
 MINIMUM TEMPERATURE (F)   44        26      1940


SUNRISE AND SUNSET
OCTOBER 22 2014.......SUNRISE   720 AM EDT   SUNSET   613 PM EDT
OCTOBER 23 2014.......SUNRISE   721 AM EDT   SUNSET   612 PM EDT


-  INDICATES NEGATIVE NUMBERS.
R  INDICATES RECORD WAS SET OR TIED.
MM INDICATES DATA IS MISSING.
T  INDICATES TRACE AMOUNT.




$$
