000
CDUS41 KPHI 250632
CLIILG


CLIMATE REPORT
NATIONAL WEATHER SERVICE MOUNT HOLLY NJ
231 AM EDT SAT MAR 25 2017


...................................

...THE WILMINGTON DE CLIMATE SUMMARY FOR MARCH 24 2017...

CLIMATE NORMAL PERIOD 1981 TO 2010
CLIMATE RECORD PERIOD 1894 TO 2017


WEATHER ITEM   OBSERVED TIME   RECORD YEAR NORMAL DEPARTURE LAST
                VALUE   (LST)  VALUE       VALUE  FROM      YEAR
                                                  NORMAL
..................................................................
TEMPERATURE (F)
 YESTERDAY
  MAXIMUM         56    350 PM  79    1929  55      1       71
  MINIMUM         31    526 AM  15    1940  36     -5       40
  AVERAGE         44                        46     -2       56

PRECIPITATION (IN)
  YESTERDAY        0.00          1.32 1989   0.13  -0.13     0.00
  MONTH TO DATE    2.66                      2.96  -0.30     1.37
  SINCE MAR 1      2.66                      2.96  -0.30     1.37
  SINCE JAN 1      6.68                      8.65  -1.97     8.10

SNOWFALL (IN)
  YESTERDAY        0.0           1.0  1990   0.0    0.0      0.0
  MONTH TO DATE    3.4                       1.7    1.7      2.7
  SINCE MAR 1      3.4                       1.7    1.7      2.7
  SINCE JUL 1      9.0                      19.7  -10.7     25.4
  SNOW DEPTH       0

DEGREE DAYS
 HEATING
  YESTERDAY       21                        19      2        9
  MONTH TO DATE  616                       555     61      410
  SINCE MAR 1    616                       555     61      410
  SINCE JUL 1   3618                      4178   -560     3418

 COOLING
  YESTERDAY        0                         0      0        0
  MONTH TO DATE    0                         0      0        2
  SINCE MAR 1      0                         0      0        2
  SINCE JAN 1      0                         0      0        2
..................................................................


WIND (MPH)
  HIGHEST WIND SPEED    23   HIGHEST WIND DIRECTION     S (200)
  HIGHEST GUST SPEED    29   HIGHEST GUST DIRECTION     S (200)
  AVERAGE WIND SPEED     9.5


SKY COVER
  POSSIBLE SUNSHINE  MM
  AVERAGE SKY COVER 0.2


WEATHER CONDITIONS
 THE FOLLOWING WEATHER WAS RECORDED YESTERDAY.
  NO SIGNIFICANT WEATHER WAS OBSERVED.


RELATIVE HUMIDITY (PERCENT)
 HIGHEST    75          1200 AM
 LOWEST     41          1200 PM
 AVERAGE    58

..........................................................


THE WILMINGTON DE CLIMATE NORMALS FOR TODAY
                         NORMAL    RECORD    YEAR
 MAXIMUM TEMPERATURE (F)   56        80      1939
 MINIMUM TEMPERATURE (F)   36        17      1940
                                             1911


SUNRISE AND SUNSET
MARCH 25 2017.........SUNRISE   657 AM EDT   SUNSET   720 PM EDT
MARCH 26 2017.........SUNRISE   656 AM EDT   SUNSET   721 PM EDT


-  INDICATES NEGATIVE NUMBERS.
R  INDICATES RECORD WAS SET OR TIED.
MM INDICATES DATA IS MISSING.
T  INDICATES TRACE AMOUNT.




$$
