000
CDUS41 KPHI 182134
CLIILG


CLIMATE REPORT
NATIONAL WEATHER SERVICE MOUNT HOLLY NJ
434 PM EST THU JAN 18 2018


...................................

...THE WILMINGTON DE CLIMATE SUMMARY FOR JANUARY 18 2018...
VALID TODAY AS OF 0400 PM LOCAL TIME.

CLIMATE NORMAL PERIOD 1981 TO 2010
CLIMATE RECORD PERIOD 1894 TO 2018


WEATHER ITEM   OBSERVED TIME   RECORD YEAR NORMAL DEPARTURE LAST
                VALUE   (LST)  VALUE       VALUE  FROM      YEAR
                                                  NORMAL
..................................................................
TEMPERATURE (F)
 TODAY
  MAXIMUM         36    357 PM  65    1990  40     -4       52
  MINIMUM         14    714 AM  -4    1957  24    -10       40
  AVERAGE         25                        32     -7       46

PRECIPITATION (IN)
  TODAY            0.00          1.67 2015   0.09  -0.09     0.01
  MONTH TO DATE    1.70                      1.74  -0.04     1.91
  SINCE DEC 1      2.93                      5.22  -2.29     4.50
  SINCE JAN 1      1.70                      1.74  -0.04     1.91

SNOWFALL (IN)
  TODAY            0.0           6.5  1939   0.2   -0.2      0.0
  MONTH TO DATE    3.4                       2.8    0.6      4.0
  SINCE DEC 1     11.2                       6.2    5.0      4.0
  SINCE JUL 1     11.2                       6.6    4.6      4.0
  SNOW DEPTH       0

DEGREE DAYS
 HEATING
  TODAY           40                        33      7       19
  MONTH TO DATE  698                       588    110      527
  SINCE DEC 1   1622                      1467    155     1358
  SINCE JUL 1   2350                      2365    -15     2082

 COOLING
  TODAY            0                         0      0        0
  MONTH TO DATE    0                         0      0        0
  SINCE DEC 1      0                         0      0        0
  SINCE JAN 1      0                         0      0        0
..................................................................


WIND (MPH)
  HIGHEST WIND SPEED    21   HIGHEST WIND DIRECTION    NW (300)
  HIGHEST GUST SPEED    28   HIGHEST GUST DIRECTION    NW (320)
  AVERAGE WIND SPEED    11.6


SKY COVER
  POSSIBLE SUNSHINE  MM
  AVERAGE SKY COVER 0.0


WEATHER CONDITIONS
 THE FOLLOWING WEATHER WAS RECORDED TODAY.
  NO SIGNIFICANT WEATHER WAS OBSERVED.


RELATIVE HUMIDITY (PERCENT)
 HIGHEST    73           800 AM
 LOWEST     38           400 PM
 AVERAGE    56

..........................................................


THE WILMINGTON DE CLIMATE NORMALS FOR TOMORROW
                         NORMAL    RECORD    YEAR
 MAXIMUM TEMPERATURE (F)   40        66      1951
 MINIMUM TEMPERATURE (F)   24        -5      1994


SUNRISE AND SUNSET
JANUARY 18 2018.......SUNRISE   720 AM EST   SUNSET   506 PM EST
JANUARY 19 2018.......SUNRISE   720 AM EST   SUNSET   507 PM EST


-  INDICATES NEGATIVE NUMBERS.
R  INDICATES RECORD WAS SET OR TIED.
MM INDICATES DATA IS MISSING.
T  INDICATES TRACE AMOUNT.




$$
