000
CDUS41 KPHI 020637
CLIILG


CLIMATE REPORT
NATIONAL WEATHER SERVICE MOUNT HOLLY NJ
235 AM EDT SUN AUG 2 2015


...................................

...THE WILMINGTON DE CLIMATE SUMMARY FOR AUGUST 1 2015...

CLIMATE NORMAL PERIOD 1981 TO 2010
CLIMATE RECORD PERIOD 1894 TO 2015


WEATHER ITEM   OBSERVED TIME   RECORD YEAR NORMAL DEPARTURE LAST
                VALUE   (LST)  VALUE       VALUE  FROM      YEAR
                                                  NORMAL
..................................................................
TEMPERATURE (F)
 YESTERDAY
  MAXIMUM         88    218 PM  98    2002  86      2       80
                                      1917
  MINIMUM         68   1155 PM  56    1921  68      0       69
  AVERAGE         78                        77      1       75

PRECIPITATION (IN)
  YESTERDAY        0.00          6.42 1945   0.12  -0.12     0.28
  MONTH TO DATE    0.00                      0.12  -0.12     0.28
  SINCE JUN 1     14.84                      8.57   6.27    11.25
  SINCE JAN 1     33.52                     25.63   7.89    33.58

SNOWFALL (IN)
  YESTERDAY        0.0           0.0  1894   0.0    0.0      0.0
  MONTH TO DATE    0.0                       0.0    0.0      0.0
  SINCE JUN 1      0.0                       0.0    0.0      0.0
  SINCE JUL 1      0.0                       0.0    0.0      0.0
  SNOW DEPTH       0

DEGREE DAYS
 HEATING
  YESTERDAY        0                         0      0        0
  MONTH TO DATE    0                         0      0        0
  SINCE JUN 1     18                        15      3        2
  SINCE JUL 1      0                         0      0        0

 COOLING
  YESTERDAY       13                        12      1       10
  MONTH TO DATE   13                        12      1       10
  SINCE JUN 1    654                       610     44      602
  SINCE JAN 1    822                       689    133      669
..................................................................


WIND (MPH)
  HIGHEST WIND SPEED    17   HIGHEST WIND DIRECTION     W (250)
  HIGHEST GUST SPEED    23   HIGHEST GUST DIRECTION     W (250)
  AVERAGE WIND SPEED     7.5


SKY COVER
  POSSIBLE SUNSHINE  MM
  AVERAGE SKY COVER 0.3


WEATHER CONDITIONS
 THE FOLLOWING WEATHER WAS RECORDED YESTERDAY.
  NO SIGNIFICANT WEATHER WAS OBSERVED.


RELATIVE HUMIDITY (PERCENT)
 HIGHEST    84           300 AM
 LOWEST     36          1200 PM
 AVERAGE    60

..........................................................


THE WILMINGTON DE CLIMATE NORMALS FOR TODAY
                         NORMAL    RECORD    YEAR
 MAXIMUM TEMPERATURE (F)   86       101      1955
 MINIMUM TEMPERATURE (F)   68        55      1998
                                             1976


SUNRISE AND SUNSET
AUGUST  2 2015........SUNRISE   602 AM EDT   SUNSET   814 PM EDT
AUGUST  3 2015........SUNRISE   603 AM EDT   SUNSET   813 PM EDT


-  INDICATES NEGATIVE NUMBERS.
R  INDICATES RECORD WAS SET OR TIED.
MM INDICATES DATA IS MISSING.
T  INDICATES TRACE AMOUNT.




$$
