000
CDUS41 KPHI 300626
CLIILG


CLIMATE REPORT
NATIONAL WEATHER SERVICE MOUNT HOLLY NJ
225 AM EDT TUE JUN 30 2015


...................................

...THE WILMINGTON DE CLIMATE SUMMARY FOR JUNE 29 2015...

CLIMATE NORMAL PERIOD 1981 TO 2010
CLIMATE RECORD PERIOD 1894 TO 2015


WEATHER ITEM   OBSERVED TIME   RECORD YEAR NORMAL DEPARTURE LAST
                VALUE   (LST)  VALUE       VALUE  FROM      YEAR
                                                  NORMAL
..................................................................
TEMPERATURE (F)
 YESTERDAY
  MAXIMUM         81    419 PM  98    1959  85     -4       83
                                      1894
  MINIMUM         60    516 AM  50    1937  66     -6       66
  AVERAGE         71                        76     -5       75

PRECIPITATION (IN)
  YESTERDAY        0.00          2.21 1973   0.13  -0.13     0.00
  MONTH TO DATE   12.51                      3.75   8.76     5.03
  SINCE JUN 1     12.51                      3.75   8.76     5.03
  SINCE JAN 1     31.19                     20.81  10.38    27.36

SNOWFALL (IN)
  YESTERDAY        0.0           0.0  1894   0.0    0.0      0.0
  MONTH TO DATE    0.0                       0.0    0.0      0.0
  SINCE JUN 1      0.0                       0.0    0.0      0.0
  SINCE JUL 1     23.4                      20.2    3.2     56.1
  SNOW DEPTH       0

DEGREE DAYS
 HEATING
  YESTERDAY        0                         0      0        0
  MONTH TO DATE   18                        13      5        2
  SINCE JUN 1     18                        13      5        2
  SINCE JUL 1   5075                      4817    258     5127

 COOLING
  YESTERDAY        6                        11     -5       10
  MONTH TO DATE  258                       220     38      229
  SINCE JUN 1    258                       220     38      229
  SINCE JAN 1    426                       299    127      296
..................................................................


WIND (MPH)
  HIGHEST WIND SPEED    17   HIGHEST WIND DIRECTION     W (260)
  HIGHEST GUST SPEED    22   HIGHEST GUST DIRECTION     W (250)
  AVERAGE WIND SPEED     7.7


SKY COVER
  POSSIBLE SUNSHINE  MM
  AVERAGE SKY COVER 0.2


WEATHER CONDITIONS
 THE FOLLOWING WEATHER WAS RECORDED YESTERDAY.
  NO SIGNIFICANT WEATHER WAS OBSERVED.


RELATIVE HUMIDITY (PERCENT)
 HIGHEST    84           100 AM
 LOWEST     45           200 PM
 AVERAGE    65

..........................................................


THE WILMINGTON DE CLIMATE NORMALS FOR TODAY
                         NORMAL    RECORD    YEAR
 MAXIMUM TEMPERATURE (F)   85        98      1964
                                             1959
 MINIMUM TEMPERATURE (F)   66        43      1919


SUNRISE AND SUNSET
JUNE 30 2015..........SUNRISE   538 AM EDT   SUNSET   834 PM EDT
JULY  1 2015..........SUNRISE   538 AM EDT   SUNSET   834 PM EDT


-  INDICATES NEGATIVE NUMBERS.
R  INDICATES RECORD WAS SET OR TIED.
MM INDICATES DATA IS MISSING.
T  INDICATES TRACE AMOUNT.




$$
