000
CDUS42 KILM 130940
CLIILM


CLIMATE REPORT
NATIONAL WEATHER SERVICE WILMINGTON NC
440 AM EST WED DEC 13 2017


...................................

...THE WILMINGTON NC CLIMATE SUMMARY FOR DECEMBER 12 2017...

CLIMATE NORMAL PERIOD 1981 TO 2010
CLIMATE RECORD PERIOD 1871 TO 2017


WEATHER ITEM   OBSERVED TIME   RECORD YEAR NORMAL DEPARTURE LAST
                VALUE   (LST)  VALUE       VALUE  FROM      YEAR
                                                  NORMAL
..................................................................
TEMPERATURE (F)
 YESTERDAY
  MAXIMUM         65    127 PM  79    2007  60      5       70
                                      1931
  MINIMUM         34    240 AM  14    1957  38     -4       54
  AVERAGE         50                        49      1       62

PRECIPITATION (IN)
  YESTERDAY        0.00          2.05 1983   0.12  -0.12     1.02
  MONTH TO DATE    2.22                      1.41   0.81     3.51
  SINCE DEC 1      2.22                      1.41   0.81     3.51
  SINCE JAN 1     61.00                     55.40   5.60    69.79

SNOWFALL (IN)
  YESTERDAY        0.0           1.1  1958   0.1   -0.1      0.0
  MONTH TO DATE    0.0                       0.2   -0.2      0.0
  SINCE DEC 1      0.0                       0.2   -0.2      0.0
  SINCE JUL 1      0.0                       0.2   -0.2      0.0
  SNOW DEPTH       0

DEGREE DAYS
 HEATING
  YESTERDAY       15                        16     -1        3
  MONTH TO DATE  171                       174     -3      176
  SINCE DEC 1    171                       174     -3      176
  SINCE JUL 1    509                       543    -34      535

 COOLING
  YESTERDAY        0                         0      0        0
  MONTH TO DATE    0                         0      0        0
  SINCE DEC 1      0                         0      0        0
  SINCE JAN 1   2355                      2037    318     2394
..................................................................


WIND (MPH)
  HIGHEST WIND SPEED    29   HIGHEST WIND DIRECTION    NW (320)
  HIGHEST GUST SPEED    36   HIGHEST GUST DIRECTION    NW (320)
  AVERAGE WIND SPEED    11.6


SKY COVER
  POSSIBLE SUNSHINE  MM
  AVERAGE SKY COVER 0.1


WEATHER CONDITIONS
 THE FOLLOWING WEATHER WAS RECORDED YESTERDAY.
  NO SIGNIFICANT WEATHER WAS OBSERVED.


RELATIVE HUMIDITY (PERCENT)
 HIGHEST    92          1200 AM
 LOWEST     36          1100 PM
 AVERAGE    64

..........................................................


THE WILMINGTON NC CLIMATE NORMALS FOR TODAY
                         NORMAL    RECORD    YEAR
 MAXIMUM TEMPERATURE (F)   60        80      1956
                                             1927
 MINIMUM TEMPERATURE (F)   38        10      1962


SUNRISE AND SUNSET
DECEMBER 13 2017......SUNRISE   709 AM EST   SUNSET   503 PM EST
DECEMBER 14 2017......SUNRISE   710 AM EST   SUNSET   503 PM EST


-  INDICATES NEGATIVE NUMBERS.
R  INDICATES RECORD WAS SET OR TIED.
MM INDICATES DATA IS MISSING.
T  INDICATES TRACE AMOUNT.




$$
