000
CDUS42 KILM 300843
CLIILM


CLIMATE REPORT
NATIONAL WEATHER SERVICE WILMINGTON NC
442 AM EDT SUN AUG 30 2015


...................................

...THE WILMINGTON NC CLIMATE SUMMARY FOR AUGUST 29 2015...

CLIMATE NORMAL PERIOD 1981 TO 2010
CLIMATE RECORD PERIOD 1871 TO 2015


WEATHER ITEM   OBSERVED TIME   RECORD YEAR NORMAL DEPARTURE LAST
                VALUE   (LST)  VALUE       VALUE  FROM      YEAR
                                                  NORMAL
..................................................................
TEMPERATURE (F)
 YESTERDAY
  MAXIMUM         87    240 PM  96    1993  87      0       90
                                      1932
                                      1903
  MINIMUM         66    624 AM  57    1968  70     -4       72
  AVERAGE         77                        78     -1       81

PRECIPITATION (IN)
  YESTERDAY        0.00          2.15 1935   0.24  -0.24     0.00
  MONTH TO DATE    7.53                      6.92   0.61     8.79
  SINCE JUN 1     17.95                     19.58  -1.63    23.27
  SINCE JAN 1     38.52                     38.48   0.04    42.51

DEGREE DAYS
 HEATING
  YESTERDAY        0                         0      0        0
  MONTH TO DATE    0                         0      0        0
  SINCE JUN 1      0                         2     -2        0
  SINCE JUL 1      0                         0      0        0

 COOLING
  YESTERDAY       12                        13     -1       16
  MONTH TO DATE  423                       430     -7      414
  SINCE JUN 1   1468                      1316    152     1322
  SINCE JAN 1   1761                      1597    164     1729
..................................................................


WIND (MPH)
  HIGHEST WIND SPEED    13   HIGHEST WIND DIRECTION    NE (30)
  HIGHEST GUST SPEED    17   HIGHEST GUST DIRECTION    NE (30)
  AVERAGE WIND SPEED     6.3


SKY COVER
  POSSIBLE SUNSHINE  MM
  AVERAGE SKY COVER 0.2


WEATHER CONDITIONS
 THE FOLLOWING WEATHER WAS RECORDED YESTERDAY.
  HAZE


RELATIVE HUMIDITY (PERCENT)
 HIGHEST    93           300 AM
 LOWEST     51           400 PM
 AVERAGE    72

..........................................................


THE WILMINGTON NC CLIMATE NORMALS FOR TODAY
                         NORMAL    RECORD    YEAR
 MAXIMUM TEMPERATURE (F)   87        98      1932
 MINIMUM TEMPERATURE (F)   70        55      1982


SUNRISE AND SUNSET
AUGUST 30 2015........SUNRISE   643 AM EDT   SUNSET   741 PM EDT
AUGUST 31 2015........SUNRISE   644 AM EDT   SUNSET   739 PM EDT


-  INDICATES NEGATIVE NUMBERS.
R  INDICATES RECORD WAS SET OR TIED.
MM INDICATES DATA IS MISSING.
T  INDICATES TRACE AMOUNT.




$$
