000
CDUS42 KILM 020842
CLIILM


CLIMATE REPORT
NATIONAL WEATHER SERVICE WILMINGTON NC
442 AM EDT TUE JUN 2 2015


...................................

...THE WILMINGTON NC CLIMATE SUMMARY FOR JUNE 1 2015...

CLIMATE NORMAL PERIOD 1981 TO 2010
CLIMATE RECORD PERIOD 1871 TO 2015


WEATHER ITEM   OBSERVED TIME   RECORD YEAR NORMAL DEPARTURE LAST
                VALUE   (LST)  VALUE       VALUE  FROM      YEAR
                                                  NORMAL
..................................................................
TEMPERATURE (F)
 YESTERDAY
  MAXIMUM         85    232 PM 100    1895  84      1       78
  MINIMUM         67    527 AM  51    1984  65      2       57
  AVERAGE         76                        74      2       68

PRECIPITATION (IN)
  YESTERDAY        0.00          1.24 1890   0.16  -0.16     0.00
  MONTH TO DATE    0.00                      0.16  -0.16     0.00
  SINCE JUN 1      0.00                      0.16  -0.16     0.00
  SINCE JAN 1     20.57                     19.06   1.51    19.24

DEGREE DAYS
 HEATING
  YESTERDAY        0                         0      0        0
  MONTH TO DATE    0                         0      0        0
  SINCE JUN 1      0                         0      0        0
  SINCE JUL 1   2597                      2409    188     2432

 COOLING
  YESTERDAY       11                        10      1        3
  MONTH TO DATE   11                        10      1        3
  SINCE JUN 1     11                        10      1        3
  SINCE JAN 1    304                       291     13      410
..................................................................


WIND (MPH)
  HIGHEST WIND SPEED    16   HIGHEST WIND DIRECTION     S (160)
  HIGHEST GUST SPEED    22   HIGHEST GUST DIRECTION     S (160)
  AVERAGE WIND SPEED     5.4


SKY COVER
  POSSIBLE SUNSHINE  MM
  AVERAGE SKY COVER 0.1


WEATHER CONDITIONS
 THE FOLLOWING WEATHER WAS RECORDED YESTERDAY.
  NO SIGNIFICANT WEATHER WAS OBSERVED.


RELATIVE HUMIDITY (PERCENT)
 HIGHEST    93           500 AM
 LOWEST     55          1100 AM
 AVERAGE    74

..........................................................


THE WILMINGTON NC CLIMATE NORMALS FOR TODAY
                         NORMAL    RECORD    YEAR
 MAXIMUM TEMPERATURE (F)   84        99      2002
 MINIMUM TEMPERATURE (F)   65        48      1983


SUNRISE AND SUNSET
JUNE  2 2015..........SUNRISE   601 AM EDT   SUNSET   819 PM EDT
JUNE  3 2015..........SUNRISE   600 AM EDT   SUNSET   820 PM EDT


-  INDICATES NEGATIVE NUMBERS.
R  INDICATES RECORD WAS SET OR TIED.
MM INDICATES DATA IS MISSING.
T  INDICATES TRACE AMOUNT.




$$
