000
CDUS43 KILX 302143
CLIILX


CLIMATE REPORT
NATIONAL WEATHER SERVICE LINCOLN IL
442 PM CDT TUE JUN 30 2015


...................................

...THE LINCOLN IL CLIMATE SUMMARY FOR JUNE 30 2015...
VALID TODAY AS OF 0400 PM LOCAL TIME.

CLIMATE NORMAL PERIOD 1981 TO 2010
CLIMATE RECORD PERIOD 1905 TO 2015


WEATHER ITEM   OBSERVED TIME   RECORD YEAR NORMAL DEPARTURE LAST
                VALUE   (LST)  VALUE       VALUE  FROM      YEAR
                                                  NORMAL
..................................................................
TEMPERATURE (F)
 TODAY
  MAXIMUM         82        MM 100    1913  86     -4       88
  MINIMUM         64        MM  45    1923  65     -1       67
  AVERAGE         73                        75     -2       78

PRECIPITATION (IN)
  TODAY            0.00          4.16 1969   0.15  -0.15     0.83
  MONTH TO DATE    9.67                      4.32   5.35     6.42
  SINCE JUN 1      9.67                      4.32   5.35     6.42
  SINCE JAN 1     24.06                     18.44   5.62    17.74

SNOWFALL (IN)
  TODAY            0.0           0.0    MM   0.0    0.0      0.0
  MONTH TO DATE    0.0                       0.0    0.0      0.0
  SINCE JUN 1      0.0                       0.0    0.0      0.0
  SINCE JUL 1     21.9                      20.5    1.4     46.3
  SNOW DEPTH       0

DEGREE DAYS
 HEATING
  TODAY            0                         0      0        0
  MONTH TO DATE    8                        15     -7        7
  SINCE JUN 1      8                        17     -9        7
  SINCE JUL 1   6205                      5708    497     6676

 COOLING
  TODAY            8                        10     -2       13
  MONTH TO DATE  226                       232     -6      237
  SINCE JUN 1    226                       232     -6      237
  SINCE JAN 1    337                       323     14      366
..................................................................







THE LINCOLN IL CLIMATE NORMALS FOR TOMORROW
                         NORMAL    RECORD    YEAR
 MAXIMUM TEMPERATURE (F)   86       101      1934
 MINIMUM TEMPERATURE (F)   65        47      1924


SUNRISE AND SUNSET
JUNE 30 2015..........SUNRISE   531 AM CDT   SUNSET   831 PM CDT
JULY  1 2015..........SUNRISE   532 AM CDT   SUNSET   831 PM CDT


-  INDICATES NEGATIVE NUMBERS.
R  INDICATES RECORD WAS SET OR TIED.
MM INDICATES DATA IS MISSING.
T  INDICATES TRACE AMOUNT.




$$
