000
CDUS43 KILX 230641
CLIILX


CLIMATE REPORT
NATIONAL WEATHER SERVICE LINCOLN IL
140 AM CDT SAT JUL 23 2016


...................................

...THE LINCOLN IL CLIMATE SUMMARY FOR JULY 22 2016...

CLIMATE NORMAL PERIOD 1981 TO 2010
CLIMATE RECORD PERIOD 1905 TO 2016


WEATHER ITEM   OBSERVED TIME   RECORD YEAR NORMAL DEPARTURE LAST
                VALUE   (LST)  VALUE       VALUE  FROM      YEAR
                                                  NORMAL
..................................................................
TEMPERATURE (F)
 YESTERDAY
  MAXIMUM         86        MM 103    1934  85      1       82
  MINIMUM         70        MM  47    1915  64      6       56
  AVERAGE         78                        75      3       69

PRECIPITATION (IN)
  YESTERDAY        0.39          4.64 1990   0.17   0.22     0.00
  MONTH TO DATE    5.38                      3.71   1.67     5.91
  SINCE JUN 1      7.74                      8.03  -0.29    15.58
  SINCE JAN 1     19.69                     22.15  -2.46    29.97

SNOWFALL (IN)
  YESTERDAY        0.0           0.0    MM   0.0    0.0      0.0
  MONTH TO DATE    0.0                       0.0    0.0      0.0
  SINCE JUN 1      0.0                       0.0    0.0      0.0
  SINCE JUL 1      0.0                       0.0    0.0      0.0
  SNOW DEPTH       0

DEGREE DAYS
 HEATING
  YESTERDAY        0                         0      0        0
  MONTH TO DATE    9                         0      9        6
  SINCE JUN 1     11                        17     -6       14
  SINCE JUL 1      9                         0      9        6

 COOLING
  YESTERDAY       13                        10      3        4
  MONTH TO DATE  211                       227    -16      157
  SINCE JUN 1    493                       459     34      383
  SINCE JAN 1    580                       550     30      494
..................................................................


WIND (MPH)
  HIGHEST WIND SPEED    MM   HIGHEST WIND DIRECTION    MM
  HIGHEST GUST SPEED    MM   HIGHEST GUST DIRECTION    MM
  AVERAGE WIND SPEED    MM


SKY COVER
  POSSIBLE SUNSHINE  MM


WEATHER CONDITIONS
 THE FOLLOWING WEATHER WAS RECORDED YESTERDAY.
  THUNDERSTORM
  LIGHT RAIN


..........................................................


THE LINCOLN IL CLIMATE NORMALS FOR TODAY
                         NORMAL    RECORD    YEAR
 MAXIMUM TEMPERATURE (F)   85       104      1934
 MINIMUM TEMPERATURE (F)   64        47      1925


SUNRISE AND SUNSET
JULY 23 2016..........SUNRISE   548 AM CDT   SUNSET   819 PM CDT
JULY 24 2016..........SUNRISE   549 AM CDT   SUNSET   819 PM CDT


-  INDICATES NEGATIVE NUMBERS.
R  INDICATES RECORD WAS SET OR TIED.
MM INDICATES DATA IS MISSING.
T  INDICATES TRACE AMOUNT.




$$
