000
CDUS43 KILX 050650
CLIILX


CLIMATE REPORT
NATIONAL WEATHER SERVICE LINCOLN IL
1238 AM CST THU MAR 5 2015


...................................

...THE LINCOLN IL CLIMATE SUMMARY FOR MARCH 4 2015...

CLIMATE NORMAL PERIOD 1981 TO 2010
CLIMATE RECORD PERIOD 1905 TO 2015


WEATHER ITEM   OBSERVED TIME   RECORD YEAR NORMAL DEPARTURE LAST
                VALUE   (LST)  VALUE       VALUE  FROM      YEAR
                                                  NORMAL
..................................................................
TEMPERATURE (F)
 YESTERDAY
  MAXIMUM         32        MM  77    1983  46    -14       35
  MINIMUM         14        MM  -3    1978  28    -14       10
  AVERAGE         23                        37    -14       23

PRECIPITATION (IN)
  YESTERDAY        0.00          1.55 1985   0.07  -0.07     0.00
  MONTH TO DATE    0.32                      0.29   0.03     0.13
  SINCE MAR 1      0.32                      0.29   0.03     0.13
  SINCE JAN 1      3.08                      4.04  -0.96     4.79

SNOWFALL (IN)
  YESTERDAY        0.0           5.7  1965   0.1   -0.1      0.0
  MONTH TO DATE    3.7                       0.4    3.3      2.4
  SINCE MAR 1      3.7                       0.4    3.3      2.4
  SINCE JUL 1     21.9                      18.9    3.0     44.0
  SNOW DEPTH       2

DEGREE DAYS
 HEATING
  YESTERDAY       42                        28     14       42
  MONTH TO DATE  166                       116     50      195
  SINCE MAR 1    166                       116     50      195
  SINCE JUL 1   5103                      4539    564     5439

 COOLING
  YESTERDAY        0                         0      0        0
  MONTH TO DATE    0                         0      0        0
  SINCE MAR 1      0                         0      0        0
  SINCE JAN 1      0                         0      0        0
..................................................................


WIND (MPH)
  HIGHEST WIND SPEED    MM   HIGHEST WIND DIRECTION    MM
  HIGHEST GUST SPEED    MM   HIGHEST GUST DIRECTION    MM
  AVERAGE WIND SPEED    MM


SKY COVER
  POSSIBLE SUNSHINE  MM


WEATHER CONDITIONS
 THE FOLLOWING WEATHER WAS RECORDED YESTERDAY.
  NO SIGNIFICANT WEATHER WAS OBSERVED.


..........................................................


THE LINCOLN IL CLIMATE NORMALS FOR TODAY
                         NORMAL    RECORD    YEAR
 MAXIMUM TEMPERATURE (F)   46        76      1918
 MINIMUM TEMPERATURE (F)   28        -7      1960


SUNRISE AND SUNSET
MARCH  5 2015.........SUNRISE   625 AM CST   SUNSET   553 PM CST
MARCH  6 2015.........SUNRISE   624 AM CST   SUNSET   554 PM CST


-  INDICATES NEGATIVE NUMBERS.
R  INDICATES RECORD WAS SET OR TIED.
MM INDICATES DATA IS MISSING.
T  INDICATES TRACE AMOUNT.




$$
