000
CDUS43 KILX 292154
CLIILX


CLIMATE REPORT
NATIONAL WEATHER SERVICE LINCOLN IL
454 PM CDT SUN MAY 29 2016


...................................

...THE LINCOLN IL CLIMATE SUMMARY FOR MAY 29 2016...
VALID TODAY AS OF 0400 PM LOCAL TIME.

CLIMATE NORMAL PERIOD 1981 TO 2010
CLIMATE RECORD PERIOD 1905 TO 2016


WEATHER ITEM   OBSERVED TIME   RECORD YEAR NORMAL DEPARTURE LAST
                VALUE   (LST)  VALUE       VALUE  FROM      YEAR
                                                  NORMAL
..................................................................
TEMPERATURE (F)
 TODAY
  MAXIMUM         83        MM  96    1934  78      5       83
  MINIMUM         64        MM  35    1950  56      8       64
  AVERAGE         74                        67      7       74

PRECIPITATION (IN)
  TODAY            0.00          1.12 1954   0.14  -0.14     0.89
  MONTH TO DATE    3.17                      3.90  -0.73     6.51
  SINCE MAR 1      9.63                     10.11  -0.48    10.30
  SINCE JAN 1     11.87                     13.86  -1.99    13.06

SNOWFALL (IN)
  TODAY            0.0           0.0    MM   0.0    0.0      0.0
  MONTH TO DATE    0.0                       0.0    0.0      0.0
  SINCE MAR 1      T                         2.0   -2.0      3.7
  SINCE JUL 1     12.3                      20.5   -8.2     21.9
  SNOW DEPTH       0

DEGREE DAYS
 HEATING
  TODAY            0                         2     -2        0
  MONTH TO DATE  155                       133     22       91
  SINCE MAR 1   1078                      1265   -187     1243
  SINCE JUL 1   4873                      5688   -815     6180

 COOLING
  TODAY            9                         4      5        9
  MONTH TO DATE   62                        66     -4      110
  SINCE MAR 1     70                        81    -11      111
  SINCE JAN 1     70                        81    -11      111
..................................................................







THE LINCOLN IL CLIMATE NORMALS FOR TOMORROW
                         NORMAL    RECORD    YEAR
 MAXIMUM TEMPERATURE (F)   79        98      1934
 MINIMUM TEMPERATURE (F)   56        36      1924


SUNRISE AND SUNSET
MAY 29 2016...........SUNRISE   531 AM CDT   SUNSET   819 PM CDT
MAY 30 2016...........SUNRISE   531 AM CDT   SUNSET   820 PM CDT


-  INDICATES NEGATIVE NUMBERS.
R  INDICATES RECORD WAS SET OR TIED.
MM INDICATES DATA IS MISSING.
T  INDICATES TRACE AMOUNT.




$$
