000
CDUS43 KILX 270647
CLIILX


CLIMATE REPORT
NATIONAL WEATHER SERVICE LINCOLN IL
147 AM CDT THU APR 27 2017


...................................

...THE LINCOLN IL CLIMATE SUMMARY FOR APRIL 26 2017...

CLIMATE NORMAL PERIOD 1981 TO 2010
CLIMATE RECORD PERIOD 1905 TO 2017


WEATHER ITEM   OBSERVED TIME   RECORD YEAR NORMAL DEPARTURE LAST
                VALUE   (LST)  VALUE       VALUE  FROM      YEAR
                                                  NORMAL
..................................................................
TEMPERATURE (F)
 YESTERDAY
  MAXIMUM         71        MM  91    1986  68      3       75
  MINIMUM         59        MM  24    1919  45     14       48
  AVERAGE         65                        56      9       62

PRECIPITATION (IN)
  YESTERDAY        0.53          1.50 1921   0.13   0.40     0.04
  MONTH TO DATE    3.26                      3.08   0.18     1.53
  SINCE MAR 1      7.25                      5.68   1.57     5.40
  SINCE JAN 1      9.90                      9.43   0.47     7.64

SNOWFALL (IN)
  YESTERDAY        0.0           0.0    MM   0.0    0.0      0.0
  MONTH TO DATE    0.0                       0.3   -0.3       T
  SINCE MAR 1      3.7                       2.0    1.7       T
  SINCE JUL 1     10.9                      20.5   -9.6     12.3
  SNOW DEPTH       0

DEGREE DAYS
 HEATING
  YESTERDAY        0                         9     -9        3
  MONTH TO DATE  207                       357   -150      336
  SINCE MAR 1    904                      1098   -194      887
  SINCE JUL 1   4512                      5521  -1009     4682

 COOLING
  YESTERDAY        0                         1     -1        0
  MONTH TO DATE   14                         9      5        8
  SINCE MAR 1     14                        11      3        8
  SINCE JAN 1     14                        11      3        8
..................................................................


WIND (MPH)
  HIGHEST WIND SPEED    MM   HIGHEST WIND DIRECTION    MM
  HIGHEST GUST SPEED    MM   HIGHEST GUST DIRECTION    MM
  AVERAGE WIND SPEED    MM


SKY COVER
  POSSIBLE SUNSHINE  MM


WEATHER CONDITIONS
 THE FOLLOWING WEATHER WAS RECORDED YESTERDAY.
  HEAVY RAIN
  RAIN
  LIGHT RAIN


..........................................................


THE LINCOLN IL CLIMATE NORMALS FOR TODAY
                         NORMAL    RECORD    YEAR
 MAXIMUM TEMPERATURE (F)   68        90      1986
 MINIMUM TEMPERATURE (F)   45        24      1928


SUNRISE AND SUNSET
APRIL 27 2017.........SUNRISE   602 AM CDT   SUNSET   749 PM CDT
APRIL 28 2017.........SUNRISE   601 AM CDT   SUNSET   750 PM CDT


-  INDICATES NEGATIVE NUMBERS.
R  INDICATES RECORD WAS SET OR TIED.
MM INDICATES DATA IS MISSING.
T  INDICATES TRACE AMOUNT.




$$
