000
CDUS43 KILX 310651
CLIILX


CLIMATE REPORT
NATIONAL WEATHER SERVICE LINCOLN IL
1250 AM CST SAT JAN 31 2015


...................................

...THE LINCOLN IL CLIMATE SUMMARY FOR JANUARY 30 2015...

CLIMATE NORMAL PERIOD 1981 TO 2010
CLIMATE RECORD PERIOD 1905 TO 2015


WEATHER ITEM   OBSERVED TIME   RECORD YEAR NORMAL DEPARTURE LAST
                VALUE   (LST)  VALUE       VALUE  FROM      YEAR
                                                  NORMAL
..................................................................
TEMPERATURE (F)
 YESTERDAY
  MAXIMUM         35        MM  59    2012  35      0       39
  MINIMUM         23        MM -12    1936  18      5       18
  AVERAGE         29                        26      3       29

PRECIPITATION (IN)
  YESTERDAY        0.00          1.65 1982   0.05  -0.05     0.06
  MONTH TO DATE    1.22                      1.88  -0.66     1.70
  SINCE DEC 1      2.67                      4.52  -1.85     3.21
  SINCE JAN 1      1.22                      1.88  -0.66     1.70

SNOWFALL (IN)
  YESTERDAY        0.0          10.6  1939   0.2   -0.2      0.6
  MONTH TO DATE    4.6                       5.7   -1.1     16.3
  SINCE DEC 1      5.0                      11.9   -6.9     22.7
  SINCE JUL 1      6.0                      12.5   -6.5     23.2
  SNOW DEPTH       0

DEGREE DAYS
 HEATING
  YESTERDAY       36                        38     -2       36
  MONTH TO DATE 1205                      1169     36     1382
  SINCE DEC 1   2211                      2268    -57     2591
  SINCE JUL 1   3609                      3411    198     3869

 COOLING
  YESTERDAY        0                         0      0        0
  MONTH TO DATE    0                         0      0        0
  SINCE DEC 1      0                         0      0        0
  SINCE JAN 1      0                         0      0        0
..................................................................


WIND (MPH)
  HIGHEST WIND SPEED    MM   HIGHEST WIND DIRECTION    MM
  HIGHEST GUST SPEED    MM   HIGHEST GUST DIRECTION    MM
  AVERAGE WIND SPEED    MM


SKY COVER
  POSSIBLE SUNSHINE  MM


WEATHER CONDITIONS
 THE FOLLOWING WEATHER WAS RECORDED YESTERDAY.
  NO SIGNIFICANT WEATHER WAS OBSERVED.


..........................................................


THE LINCOLN IL CLIMATE NORMALS FOR TODAY
                         NORMAL    RECORD    YEAR
 MAXIMUM TEMPERATURE (F)   35        63      2012
 MINIMUM TEMPERATURE (F)   19       -14      2004


SUNRISE AND SUNSET
JANUARY 31 2015.......SUNRISE   707 AM CST   SUNSET   515 PM CST
FEBRUARY  1 2015......SUNRISE   706 AM CST   SUNSET   516 PM CST


-  INDICATES NEGATIVE NUMBERS.
R  INDICATES RECORD WAS SET OR TIED.
MM INDICATES DATA IS MISSING.
T  INDICATES TRACE AMOUNT.




$$
