827
CDUS43 KILX 030651
CLIILX


CLIMATE REPORT
NATIONAL WEATHER SERVICE LINCOLN IL
151 AM CDT TUE MAY 3 2016


...................................

...THE LINCOLN IL CLIMATE SUMMARY FOR MAY 2 2016...

CLIMATE NORMAL PERIOD 1981 TO 2010
CLIMATE RECORD PERIOD 1905 TO 2016


WEATHER ITEM   OBSERVED TIME   RECORD YEAR NORMAL DEPARTURE LAST
                VALUE   (LST)  VALUE       VALUE  FROM      YEAR
                                                  NORMAL
..................................................................
TEMPERATURE (F)
 YESTERDAY
  MAXIMUM         56        MM  90    1959  70    -14       75
  MINIMUM         47        MM  28    1966  47      0       47
  AVERAGE         52                        58     -6       61

PRECIPITATION (IN)
  YESTERDAY        0.00          1.93 1929   0.13  -0.13     0.00
  MONTH TO DATE    0.10                      0.26  -0.16     0.00
  SINCE MAR 1      6.56                      6.47   0.09     3.79
  SINCE JAN 1      8.80                     10.22  -1.42     6.55

SNOWFALL (IN)
  YESTERDAY        0.0           T    1929   0.0    0.0      0.0
  MONTH TO DATE    0.0                       0.0    0.0      0.0
  SINCE MAR 1      T                         2.0   -2.0      3.7
  SINCE JUL 1     12.3                      20.5   -8.2     21.9
  SNOW DEPTH       0

DEGREE DAYS
 HEATING
  YESTERDAY       13                         7      6        4
  MONTH TO DATE   23                        15      8       18
  SINCE MAR 1    946                      1147   -201     1170
  SINCE JUL 1   4741                      5570   -829     6107

 COOLING
  YESTERDAY        0                         1     -1        0
  MONTH TO DATE    0                         2     -2        0
  SINCE MAR 1      8                        17     -9        1
  SINCE JAN 1      8                        17     -9        1
..................................................................


WIND (MPH)
  HIGHEST WIND SPEED    MM   HIGHEST WIND DIRECTION    MM
  HIGHEST GUST SPEED    MM   HIGHEST GUST DIRECTION    MM
  AVERAGE WIND SPEED    MM


SKY COVER
  POSSIBLE SUNSHINE  MM


WEATHER CONDITIONS
 THE FOLLOWING WEATHER WAS RECORDED YESTERDAY.
  FOG


..........................................................


THE LINCOLN IL CLIMATE NORMALS FOR TODAY
                         NORMAL    RECORD    YEAR
 MAXIMUM TEMPERATURE (F)   70        90      1949
 MINIMUM TEMPERATURE (F)   47        25      2005


SUNRISE AND SUNSET
MAY  3 2016...........SUNRISE   554 AM CDT   SUNSET   755 PM CDT
MAY  4 2016...........SUNRISE   553 AM CDT   SUNSET   756 PM CDT


-  INDICATES NEGATIVE NUMBERS.
R  INDICATES RECORD WAS SET OR TIED.
MM INDICATES DATA IS MISSING.
T  INDICATES TRACE AMOUNT.




$$
