000
CDUS43 KILX 170642
CLIILX


CLIMATE REPORT
NATIONAL WEATHER SERVICE LINCOLN IL
142 AM CDT WED SEP 17 2014


...................................

...THE LINCOLN IL CLIMATE SUMMARY FOR SEPTEMBER 16 2014...

CLIMATE NORMAL PERIOD 1981 TO 2010
CLIMATE RECORD PERIOD 1905 TO 2014


WEATHER ITEM   OBSERVED TIME   RECORD YEAR NORMAL DEPARTURE LAST
                VALUE   (LST)  VALUE       VALUE  FROM      YEAR
                                                  NORMAL
..................................................................
TEMPERATURE (F)
 YESTERDAY
  MAXIMUM         69        MM  98    1939  79    -10       71
  MINIMUM         45        MM  31    1916  54     -9       49
  AVERAGE         57                        66     -9       60

PRECIPITATION (IN)
  YESTERDAY        0.00          1.64 1965   0.10  -0.10     0.00
  MONTH TO DATE    7.04                      1.78   5.26     0.41
  SINCE SEP 1      7.04                      1.78   5.26     0.41
  SINCE JAN 1     35.69                     29.20   6.49    29.55

SNOWFALL (IN)
  YESTERDAY        0.0           0.0    MM   0.0    0.0      0.0
  MONTH TO DATE    0.0                       0.0    0.0      0.0
  SINCE SEP 1      0.0                       0.0    0.0      0.0
  SINCE JUL 1      0.0                       0.0    0.0       T
  SNOW DEPTH       0

DEGREE DAYS
 HEATING
  YESTERDAY        8                         2      6        5
  MONTH TO DATE   75                        21     54       24
  SINCE SEP 1     75                        21     54       24
  SINCE JUL 1     85                        30     55       46

 COOLING
  YESTERDAY        0                         4     -4        0
  MONTH TO DATE   59                        83    -24      105
  SINCE SEP 1     59                        83    -24      105
  SINCE JAN 1    813                       972   -159      876
..................................................................


WIND (MPH)
  HIGHEST WIND SPEED    MM   HIGHEST WIND DIRECTION    MM
  HIGHEST GUST SPEED    MM   HIGHEST GUST DIRECTION    MM
  AVERAGE WIND SPEED    MM


SKY COVER
  POSSIBLE SUNSHINE  MM


WEATHER CONDITIONS
 THE FOLLOWING WEATHER WAS RECORDED YESTERDAY.
  FOG


..........................................................


THE LINCOLN IL CLIMATE NORMALS FOR TODAY
                         NORMAL    RECORD    YEAR
 MAXIMUM TEMPERATURE (F)   78        98      1954
 MINIMUM TEMPERATURE (F)   53        34      1918


SUNRISE AND SUNSET
SEPTEMBER 17 2014.....SUNRISE   640 AM CDT   SUNSET   703 PM CDT
SEPTEMBER 18 2014.....SUNRISE   641 AM CDT   SUNSET   701 PM CDT


-  INDICATES NEGATIVE NUMBERS.
R  INDICATES RECORD WAS SET OR TIED.
MM INDICATES DATA IS MISSING.
T  INDICATES TRACE AMOUNT.




$$
