000
CDUS43 KILX 020633
CLIILX


CLIMATE REPORT
NATIONAL WEATHER SERVICE LINCOLN IL
132 AM CDT TUE JUN 2 2015


...................................

...THE LINCOLN IL CLIMATE SUMMARY FOR JUNE 1 2015...

CLIMATE NORMAL PERIOD 1981 TO 2010
CLIMATE RECORD PERIOD 1905 TO 2015


WEATHER ITEM   OBSERVED TIME   RECORD YEAR NORMAL DEPARTURE LAST
                VALUE   (LST)  VALUE       VALUE  FROM      YEAR
                                                  NORMAL
..................................................................
TEMPERATURE (F)
 YESTERDAY
  MAXIMUM         65        MM 105    1934  79    -14       89
  MINIMUM         52        MM  39    2003  57     -5       67
  AVERAGE         59                        68     -9       78

PRECIPITATION (IN)
  YESTERDAY        0.00          2.50 1958   0.14  -0.14     0.10
  MONTH TO DATE    0.00                      0.14  -0.14     0.10
  SINCE JUN 1      0.00                      0.14  -0.14     0.10
  SINCE JAN 1     14.39                     14.26   0.13    11.42

SNOWFALL (IN)
  YESTERDAY        0.0           0.0    MM   0.0    0.0      0.0
  MONTH TO DATE    0.0                       0.0    0.0      0.0
  SINCE JUN 1      0.0                       0.0    0.0      0.0
  SINCE JUL 1     21.9                      20.5    1.4     46.3
  SNOW DEPTH       0

DEGREE DAYS
 HEATING
  YESTERDAY        6                         2      4        0
  MONTH TO DATE    6                         2      4        0
  SINCE JUN 1      6                         2      4        0
  SINCE JUL 1   6203                      5693    510     6669

 COOLING
  YESTERDAY        0                         5     -5       13
  MONTH TO DATE    0                         5     -5       13
  SINCE JUN 1      0                         5     -5       13
  SINCE JAN 1    111                        96     15      142
..................................................................


WIND (MPH)
  HIGHEST WIND SPEED    MM   HIGHEST WIND DIRECTION    MM
  HIGHEST GUST SPEED    MM   HIGHEST GUST DIRECTION    MM
  AVERAGE WIND SPEED    MM


SKY COVER
  POSSIBLE SUNSHINE  MM


WEATHER CONDITIONS
 THE FOLLOWING WEATHER WAS RECORDED YESTERDAY.
  NO SIGNIFICANT WEATHER WAS OBSERVED.


..........................................................


THE LINCOLN IL CLIMATE NORMALS FOR TODAY
                         NORMAL    RECORD    YEAR
 MAXIMUM TEMPERATURE (F)   80       101      1934
 MINIMUM TEMPERATURE (F)   57        41      1956


SUNRISE AND SUNSET
JUNE  2 2015..........SUNRISE   530 AM CDT   SUNSET   821 PM CDT
JUNE  3 2015..........SUNRISE   529 AM CDT   SUNSET   822 PM CDT


-  INDICATES NEGATIVE NUMBERS.
R  INDICATES RECORD WAS SET OR TIED.
MM INDICATES DATA IS MISSING.
T  INDICATES TRACE AMOUNT.




$$
