000
CDUS43 KIND 240532
CLIIND


CLIMATE REPORT
NATIONAL WEATHER SERVICE INDIANAPOLIS IN
132 AM EDT SUN SEP 24 2017


...................................

...THE INDIANAPOLIS IN CLIMATE SUMMARY FOR SEPTEMBER 23 2017...

CLIMATE NORMAL PERIOD 1981 TO 2010
CLIMATE RECORD PERIOD 1871 TO 2017


WEATHER ITEM   OBSERVED TIME   RECORD YEAR NORMAL DEPARTURE LAST
                VALUE   (LST)  VALUE       VALUE  FROM      YEAR
                                                  NORMAL
..................................................................
TEMPERATURE (F)
 YESTERDAY
  MAXIMUM         91    428 PM  94    2010  75     16       87
  MINIMUM         69    706 AM  34    1995  53     16       64
                                      1974
  AVERAGE         80                        64     16       76

PRECIPITATION (IN)
  YESTERDAY        0.00          2.11 1955   0.11  -0.11     0.00
  MONTH TO DATE    0.66                      2.38  -1.72     3.01
  SINCE SEP 1      0.66                      2.38  -1.72     3.01
  SINCE JAN 1     39.42                     31.71   7.71    38.03

SNOWFALL (IN)
  YESTERDAY        0.0           0.0    MM   0.0    0.0      0.0
  MONTH TO DATE    0.0                       0.0    0.0      0.0
  SINCE SEP 1      0.0                       0.0    0.0      0.0
  SINCE JUL 1      0.0                       0.0    0.0      0.0
  SNOW DEPTH       0

DEGREE DAYS
 HEATING
  YESTERDAY        0                         4     -4        0
  MONTH TO DATE   23                        35    -12        0
  SINCE SEP 1     23                        35    -12        0
  SINCE JUL 1     23                        39    -16        2

 COOLING
  YESTERDAY       15                         3     12       11
  MONTH TO DATE  130                       115     15      193
  SINCE SEP 1    130                       115     15      193
  SINCE JAN 1   1070                      1036     34     1373
..................................................................


WIND (MPH)
  HIGHEST WIND SPEED    12   HIGHEST WIND DIRECTION    SE (140)
  HIGHEST GUST SPEED    29   HIGHEST GUST DIRECTION     E (100)
  AVERAGE WIND SPEED     3.7


SKY COVER
  AVERAGE SKY COVER 0.2


WEATHER CONDITIONS
 THE FOLLOWING WEATHER WAS RECORDED YESTERDAY.
  FOG


RELATIVE HUMIDITY (PERCENT)
 HIGHEST    90           500 AM
 LOWEST     38           500 PM
 AVERAGE    64

..........................................................


THE INDIANAPOLIS IN CLIMATE NORMALS FOR TODAY
                         NORMAL    RECORD    YEAR
 MAXIMUM TEMPERATURE (F)   74        92      2007
 MINIMUM TEMPERATURE (F)   53        34      1887


SUNRISE AND SUNSET
SEPTEMBER 24 2017.....SUNRISE   735 AM EDT   SUNSET   738 PM EDT
SEPTEMBER 25 2017.....SUNRISE   736 AM EDT   SUNSET   737 PM EDT


-  INDICATES NEGATIVE NUMBERS.
R  INDICATES RECORD WAS SET OR TIED.
MM INDICATES DATA IS MISSING.
T  INDICATES TRACE AMOUNT.




$$
