000
CDUS43 KIND 220538
CLIIND


CLIMATE REPORT
NATIONAL WEATHER SERVICE INDIANAPOLIS IN
1238 AM EST SUN JAN 22 2017


...................................

...THE INDIANAPOLIS IN CLIMATE SUMMARY FOR JANUARY 21 2017...

CLIMATE NORMAL PERIOD 1981 TO 2010
CLIMATE RECORD PERIOD 1871 TO 2017


WEATHER ITEM   OBSERVED TIME   RECORD YEAR NORMAL DEPARTURE LAST
                VALUE   (LST)  VALUE       VALUE  FROM      YEAR
                                                  NORMAL
..................................................................
TEMPERATURE (F)
 YESTERDAY
  MAXIMUM         66    354 PM  68    1906  36     30       28
  MINIMUM         45    813 AM -21    1984  20     25       13
  AVERAGE         56                        28     28       21

PRECIPITATION (IN)
  YESTERDAY        0.00          2.25 1959   0.08  -0.08     0.00
  MONTH TO DATE    4.32                      1.87   2.45     1.40
  SINCE DEC 1      5.84                      5.04   0.80     6.99
  SINCE JAN 1      4.32                      1.87   2.45     1.40

SNOWFALL (IN)
  YESTERDAY        0.0           3.5  2007   0.2   -0.2      0.0
  MONTH TO DATE    1.2                       5.7   -4.5      5.8
  SINCE DEC 1      6.1                      12.6   -6.5      6.4
  SINCE JUL 1      6.1                      13.7   -7.6      7.7
  SNOW DEPTH       0

DEGREE DAYS
 HEATING
  YESTERDAY        9                        37    -28       44
  MONTH TO DATE  646                       777   -131      811
  SINCE DEC 1   1713                      1811    -98     1496
  SINCE JUL 1   2406                      2853   -447     2283

 COOLING
  YESTERDAY        0                         0      0        0
  MONTH TO DATE    0                         0      0        0
  SINCE DEC 1      0                         0      0        0
  SINCE JAN 1      0                         0      0        0
..................................................................


WIND (MPH)
  HIGHEST WIND SPEED    18   HIGHEST WIND DIRECTION     S (200)
  HIGHEST GUST SPEED    22   HIGHEST GUST DIRECTION     S (200)
  AVERAGE WIND SPEED     8.9


SKY COVER
  AVERAGE SKY COVER 0.6


WEATHER CONDITIONS
 THE FOLLOWING WEATHER WAS RECORDED YESTERDAY.
  FOG


RELATIVE HUMIDITY (PERCENT)
 HIGHEST   100           600 AM
 LOWEST     56           500 PM
 AVERAGE    78

..........................................................


THE INDIANAPOLIS IN CLIMATE NORMALS FOR TODAY
                         NORMAL    RECORD    YEAR
 MAXIMUM TEMPERATURE (F)   36        64      1964
                                             1887
 MINIMUM TEMPERATURE (F)   20       -17      1936


SUNRISE AND SUNSET
JANUARY 22 2017.......SUNRISE   801 AM EST   SUNSET   553 PM EST
JANUARY 23 2017.......SUNRISE   800 AM EST   SUNSET   555 PM EST


-  INDICATES NEGATIVE NUMBERS.
R  INDICATES RECORD WAS SET OR TIED.
MM INDICATES DATA IS MISSING.
T  INDICATES TRACE AMOUNT.




$$
