000
CDUS43 KIND 100532
CLIIND


CLIMATE REPORT
NATIONAL WEATHER SERVICE INDIANAPOLIS IN
1232 AM EST WED FEB 10 2016


...................................

...THE INDIANAPOLIS IN CLIMATE SUMMARY FOR FEBRUARY 9 2016...

CLIMATE NORMAL PERIOD 1981 TO 2010
CLIMATE RECORD PERIOD 1871 TO 2016


WEATHER ITEM   OBSERVED TIME   RECORD YEAR NORMAL DEPARTURE LAST
                VALUE   (LST)  VALUE       VALUE  FROM      YEAR
                                                  NORMAL
..................................................................
TEMPERATURE (F)
 YESTERDAY
  MAXIMUM         23    219 PM  66    1943  38    -15       36
                                      1894
  MINIMUM         15   1159 PM -18    1899  22     -7       26
  AVERAGE         19                        30    -11       31

PRECIPITATION (IN)
  YESTERDAY        0.01          2.04 1881   0.08  -0.07      T
  MONTH TO DATE    0.35                      0.73  -0.38     0.37
  SINCE DEC 1      7.40                      6.56   0.84     4.73
  SINCE JAN 1      1.81                      3.39  -1.58     2.18

SNOWFALL (IN)
  YESTERDAY        0.8           3.9  1962   0.2    0.6       T
  MONTH TO DATE    1.1                       2.4   -1.3      2.6
  SINCE DEC 1      7.5                      17.9  -10.4      5.8
  SINCE JUL 1      8.8                      19.0  -10.2      8.5
  SNOW DEPTH       1

DEGREE DAYS
 HEATING
  YESTERDAY       46                        35     11       34
  MONTH TO DATE  266                       319    -53      320
  SINCE DEC 1   2063                      2498   -435     2518
  SINCE JUL 1   2850                      3540   -690     3797

 COOLING
  YESTERDAY        0                         0      0        0
  MONTH TO DATE    0                         0      0        0
  SINCE DEC 1      0                         0      0        0
  SINCE JAN 1      0                         0      0        0
..................................................................


WIND (MPH)
  HIGHEST WIND SPEED    23   HIGHEST WIND DIRECTION     W (290)
  HIGHEST GUST SPEED    28   HIGHEST GUST DIRECTION     W (290)
  AVERAGE WIND SPEED    14.4


SKY COVER
  AVERAGE SKY COVER 1.0


WEATHER CONDITIONS
 THE FOLLOWING WEATHER WAS RECORDED YESTERDAY.
  LIGHT SNOW
  FOG


RELATIVE HUMIDITY (PERCENT)
 HIGHEST    84           300 AM
 LOWEST     68           200 PM
 AVERAGE    76

..........................................................


THE INDIANAPOLIS IN CLIMATE NORMALS FOR TODAY
                         NORMAL    RECORD    YEAR
 MAXIMUM TEMPERATURE (F)   39        73      1932
 MINIMUM TEMPERATURE (F)   23       -21      1982


SUNRISE AND SUNSET
FEBRUARY 10 2016......SUNRISE   744 AM EST   SUNSET   615 PM EST
FEBRUARY 11 2016......SUNRISE   743 AM EST   SUNSET   616 PM EST


-  INDICATES NEGATIVE NUMBERS.
R  INDICATES RECORD WAS SET OR TIED.
MM INDICATES DATA IS MISSING.
T  INDICATES TRACE AMOUNT.




$$
