102
CDUS43 KIND 180533
CLIIND


CLIMATE REPORT
NATIONAL WEATHER SERVICE INDIANAPOLIS IN
1232 AM EST SAT NOV 18 2017


...................................

...THE INDIANAPOLIS IN CLIMATE SUMMARY FOR NOVEMBER 17 2017...

CLIMATE NORMAL PERIOD 1981 TO 2010
CLIMATE RECORD PERIOD 1871 TO 2017


WEATHER ITEM   OBSERVED TIME   RECORD YEAR NORMAL DEPARTURE LAST
                VALUE   (LST)  VALUE       VALUE  FROM      YEAR
                                                  NORMAL
..................................................................
TEMPERATURE (F)
 YESTERDAY
  MAXIMUM         49   1159 PM  77    1958  52     -3       74
  MINIMUM         33    842 AM   4    1959  35     -2       43
  AVERAGE         41                        43     -2       59

PRECIPITATION (IN)
  YESTERDAY        0.03          2.48 2013   0.13  -0.10     0.00
  MONTH TO DATE    2.91                      2.05   0.86     0.11
  SINCE SEP 1      6.52                      8.29  -1.77     6.74
  SINCE JAN 1     45.28                     37.62   7.66    41.76

SNOWFALL (IN)
  YESTERDAY        0.0           2.1  1980   0.0    0.0      0.0
  MONTH TO DATE    T                         0.2   -0.2      0.0
  SINCE SEP 1      T                         0.6   -0.6       T
  SINCE JUL 1      T                         0.6   -0.6       T
  SNOW DEPTH       0

DEGREE DAYS
 HEATING
  YESTERDAY       24                        22      2        6
  MONTH TO DATE  339                       313     26      211
  SINCE SEP 1    619                       710    -91      399
  SINCE JUL 1    619                       714    -95      401

 COOLING
  YESTERDAY        0                         0      0        0
  MONTH TO DATE    0                         0      0        5
  SINCE SEP 1    224                       144     80      263
  SINCE JAN 1   1164                      1065     99     1443
..................................................................


WIND (MPH)
  HIGHEST WIND SPEED    21   HIGHEST WIND DIRECTION     S (170)
  HIGHEST GUST SPEED    26   HIGHEST GUST DIRECTION     S (170)
  AVERAGE WIND SPEED    11.9


SKY COVER
  AVERAGE SKY COVER 0.9


WEATHER CONDITIONS
 THE FOLLOWING WEATHER WAS RECORDED YESTERDAY.
  LIGHT RAIN


RELATIVE HUMIDITY (PERCENT)
 HIGHEST    82           100 AM
 LOWEST     58           600 PM
 AVERAGE    70

..........................................................


THE INDIANAPOLIS IN CLIMATE NORMALS FOR TODAY
                         NORMAL    RECORD    YEAR
 MAXIMUM TEMPERATURE (F)   51        75      2016
 MINIMUM TEMPERATURE (F)   34         5      1880


SUNRISE AND SUNSET
NOVEMBER 18 2017......SUNRISE   733 AM EST   SUNSET   527 PM EST
NOVEMBER 19 2017......SUNRISE   734 AM EST   SUNSET   526 PM EST


-  INDICATES NEGATIVE NUMBERS.
R  INDICATES RECORD WAS SET OR TIED.
MM INDICATES DATA IS MISSING.
T  INDICATES TRACE AMOUNT.




$$
