000
CDUS43 KIND 060532
CLIIND


CLIMATE REPORT
NATIONAL WEATHER SERVICE INDIANAPOLIS IN
131 AM EDT FRI MAY 6 2016


...................................

...THE INDIANAPOLIS IN CLIMATE SUMMARY FOR MAY 5 2016...

CLIMATE NORMAL PERIOD 1981 TO 2010
CLIMATE RECORD PERIOD 1871 TO 2016


WEATHER ITEM   OBSERVED TIME   RECORD YEAR NORMAL DEPARTURE LAST
                VALUE   (LST)  VALUE       VALUE  FROM      YEAR
                                                  NORMAL
..................................................................
TEMPERATURE (F)
 YESTERDAY
  MAXIMUM         63        MM  92    1952  70     -7       83
  MINIMUM         41        MM  35    1973  49     -8       62
                                      1957
                                      1907
  AVERAGE         52                        59     -7       73

PRECIPITATION (IN)
  YESTERDAY        0.02          1.79 1882   0.16  -0.14     0.00
  MONTH TO DATE    1.67                      0.79   0.88     0.13
  SINCE MAR 1     11.73                      8.16   3.57     7.66
  SINCE JAN 1     15.44                     13.14   2.30    10.81

SNOWFALL (IN)
  YESTERDAY        0.0           T    1917   0.0    0.0      0.0
  MONTH TO DATE    T                         0.0    0.0      0.0
  SINCE MAR 1      1.2                       2.8   -1.6      5.9
  SINCE JUL 1     13.3                      25.9  -12.6     25.6
  SNOW DEPTH       0

DEGREE DAYS
 HEATING
  YESTERDAY       13                         7      6        0
  MONTH TO DATE   46                        36     10       13
  SINCE MAR 1    878                      1115   -237     1116
  SINCE JUL 1   4331                      5258   -927     5842

 COOLING
  YESTERDAY        0                         1     -1        8
  MONTH TO DATE    1                         5     -4       11
  SINCE MAR 1     19                        20     -1       17
  SINCE JAN 1     19                        20     -1       17
..................................................................


WIND (MPH)
  HIGHEST WIND SPEED    18   HIGHEST WIND DIRECTION     N (340)
  HIGHEST GUST SPEED    30   HIGHEST GUST DIRECTION    NW (310)
  AVERAGE WIND SPEED    13.0


SKY COVER
  AVERAGE SKY COVER 0.0


WEATHER CONDITIONS
 THE FOLLOWING WEATHER WAS RECORDED YESTERDAY.
  LIGHT RAIN


RELATIVE HUMIDITY (PERCENT)
 HIGHEST     0          1200 AM
 LOWEST      0          1200 AM
 AVERAGE     0

..........................................................


THE INDIANAPOLIS IN CLIMATE NORMALS FOR TODAY
                         NORMAL    RECORD    YEAR
 MAXIMUM TEMPERATURE (F)   70        89      1949
 MINIMUM TEMPERATURE (F)   49        31      1968


SUNRISE AND SUNSET
MAY  6 2016...........SUNRISE   639 AM EDT   SUNSET   845 PM EDT
MAY  7 2016...........SUNRISE   638 AM EDT   SUNSET   846 PM EDT


-  INDICATES NEGATIVE NUMBERS.
R  INDICATES RECORD WAS SET OR TIED.
MM INDICATES DATA IS MISSING.
T  INDICATES TRACE AMOUNT.




$$
