000
CDUS43 KDLH 280627
CLIINL


CLIMATE REPORT
NATIONAL WEATHER SERVICE DULUTH MN
127 AM CDT MON JUL 28 2014


...................................

...THE INTERNATIONAL FALLS MN CLIMATE SUMMARY FOR JULY 27 2014...

CLIMATE NORMAL PERIOD 1981 TO 2010
CLIMATE RECORD PERIOD 1895 TO 2014


WEATHER ITEM   OBSERVED TIME   RECORD YEAR NORMAL DEPARTURE LAST
                VALUE   (LST)  VALUE       VALUE  FROM      YEAR
                                                  NORMAL
..................................................................
TEMPERATURE (F)
 YESTERDAY
  MAXIMUM         71    310 PM  97    1916  78     -7       59
  MINIMUM         48   1148 PM  36    1971  53     -5       46
  AVERAGE         60                        66     -6       53

PRECIPITATION (IN)
  YESTERDAY        0.15          1.34 1921   0.10   0.05     0.03
  MONTH TO DATE    4.54                      3.31   1.23     7.39
  SINCE JUN 1     14.78                      7.23   7.55     8.99
  SINCE JAN 1     23.60                     13.76   9.84    21.37

SNOWFALL (IN)
  YESTERDAY       MM             T    1950   0.0   MM        0.0
  MONTH TO DATE    0.0                       0.0    0.0      0.0
  SINCE JUN 1      0.0                       0.0    0.0      0.0
  SINCE JUL 1      0.0                       0.0    0.0      0.0
  SNOW DEPTH       0

DEGREE DAYS
 HEATING
  YESTERDAY        5                         2      3       12
  MONTH TO DATE   95                        61     34       67
  SINCE JUN 1    224                       225     -1      236
  SINCE JUL 1     95                        61     34       67

 COOLING
  YESTERDAY        0                         2     -2        0
  MONTH TO DATE   43                        65    -22       90
  SINCE JUN 1     72                       103    -31      124
  SINCE JAN 1     95                       112    -17      127
..................................................................


WIND (MPH)
  HIGHEST WIND SPEED    17   HIGHEST WIND DIRECTION    NE (40)
  HIGHEST GUST SPEED    24   HIGHEST GUST DIRECTION    NE (40)
  AVERAGE WIND SPEED     7.8


SKY COVER
  AVERAGE SKY COVER 0.7


WEATHER CONDITIONS
 THE FOLLOWING WEATHER WAS RECORDED YESTERDAY.
  HEAVY RAIN
  RAIN
  LIGHT RAIN
  FOG


RELATIVE HUMIDITY (PERCENT)
 HIGHEST   100          1000 PM
 LOWEST     53           400 PM
 AVERAGE    77

..........................................................


THE INTERNATIONAL FALLS MN CLIMATE NORMALS FOR TODAY
                         NORMAL    RECORD    YEAR
 MAXIMUM TEMPERATURE (F)   78       100      1916
 MINIMUM TEMPERATURE (F)   53        38      1913


SUNRISE AND SUNSET
JULY 28 2014..........SUNRISE   543 AM CDT   SUNSET   857 PM CDT
JULY 29 2014..........SUNRISE   544 AM CDT   SUNSET   855 PM CDT


-  INDICATES NEGATIVE NUMBERS.
R  INDICATES RECORD WAS SET OR TIED.
MM INDICATES DATA IS MISSING.
T  INDICATES TRACE AMOUNT.




$$
