000
CDUS43 KDLH 050639
CLIINL


CLIMATE REPORT
NATIONAL WEATHER SERVICE DULUTH MN
134 AM CDT SUN JUL 5 2015


...................................

...THE INTERNATIONAL FALLS MN CLIMATE SUMMARY FOR JULY 4 2015...

CLIMATE NORMAL PERIOD 1981 TO 2010
CLIMATE RECORD PERIOD 1895 TO 2015


WEATHER ITEM   OBSERVED TIME   RECORD YEAR NORMAL DEPARTURE LAST
                VALUE   (LST)  VALUE       VALUE  FROM      YEAR
                                                  NORMAL
..................................................................
TEMPERATURE (F)
 YESTERDAY
  MAXIMUM         81    333 PM  90    1948  77      4       77
  MINIMUM         46    429 AM  36    1967  52     -6       42
  AVERAGE         64                        65     -1       60

PRECIPITATION (IN)
  YESTERDAY        0.05          2.19 1993   0.14  -0.09     0.41
  MONTH TO DATE    0.05                      0.59  -0.54     0.43
  SINCE JUN 1      3.25                      4.51  -1.26    10.67
  SINCE JAN 1     11.42                     11.04   0.38    19.49

SNOWFALL (IN)
  YESTERDAY        0.0           0.0  2002   0.0    0.0      0.0
                                      2001
  MONTH TO DATE    0.0                       0.0    0.0      0.0
  SINCE JUN 1      0.0                       0.0    0.0      0.0
  SINCE JUL 1      0.0                       0.0    0.0      0.0
  SNOW DEPTH       0

DEGREE DAYS
 HEATING
  YESTERDAY        1                         3     -2        5
  MONTH TO DATE    6                        12     -6       26
  SINCE JUN 1    155                       176    -21      155
  SINCE JUL 1      6                        12     -6       26

 COOLING
  YESTERDAY        0                         2     -2        0
  MONTH TO DATE    1                         8     -7        0
  SINCE JUN 1      5                        46    -41       29
  SINCE JAN 1      5                        55    -50       52
..................................................................


WIND (MPH)
  HIGHEST WIND SPEED    15   HIGHEST WIND DIRECTION    NW (300)
  HIGHEST GUST SPEED    21   HIGHEST GUST DIRECTION    NW (300)
  AVERAGE WIND SPEED     4.4


SKY COVER
  AVERAGE SKY COVER 0.1


WEATHER CONDITIONS
 THE FOLLOWING WEATHER WAS RECORDED YESTERDAY.
  LIGHT RAIN
  FOG
  HAZE


RELATIVE HUMIDITY (PERCENT)
 HIGHEST   100           200 AM
 LOWEST     45           200 PM
 AVERAGE    73

..........................................................


THE INTERNATIONAL FALLS MN CLIMATE NORMALS FOR TODAY
                         NORMAL    RECORD    YEAR
 MAXIMUM TEMPERATURE (F)   77        96      1988
 MINIMUM TEMPERATURE (F)   52        34      2001


SUNRISE AND SUNSET
JULY  5 2015..........SUNRISE   518 AM CDT   SUNSET   918 PM CDT
JULY  6 2015..........SUNRISE   519 AM CDT   SUNSET   917 PM CDT


-  INDICATES NEGATIVE NUMBERS.
R  INDICATES RECORD WAS SET OR TIED.
MM INDICATES DATA IS MISSING.
T  INDICATES TRACE AMOUNT.




$$
