075
CDUS43 KDLH 220632
CLIINL


CLIMATE REPORT
NATIONAL WEATHER SERVICE DULUTH MN
127 AM CDT SUN OCT 22 2017


...................................

...THE INTERNATIONAL FALLS MN CLIMATE SUMMARY FOR OCTOBER 21 2017...

CLIMATE NORMAL PERIOD 1981 TO 2010
CLIMATE RECORD PERIOD 1895 TO 2017


WEATHER ITEM   OBSERVED TIME   RECORD YEAR NORMAL DEPARTURE LAST
                VALUE   (LST)  VALUE       VALUE  FROM      YEAR
                                                  NORMAL
..................................................................
TEMPERATURE (F)
 YESTERDAY
  MAXIMUM         66    949 AM  79    1953  49     17       49
  MINIMUM         47   1156 PM  14    1917  30     17       23
  AVERAGE         57                        39     18       36

PRECIPITATION (IN)
  YESTERDAY        0.10          2.00 1906   0.06   0.04      T
  MONTH TO DATE    0.92                      1.50  -0.58     1.16
  SINCE SEP 1      3.99                      4.49  -0.50     4.49
  SINCE JAN 1     20.73                     21.45  -0.72    25.05

SNOWFALL (IN)
  YESTERDAY       MM             3.0  1995   0.1   MM        0.0
  MONTH TO DATE    0.0                       1.0   -1.0       T
  SINCE SEP 1      0.0                       1.1   -1.1       T
  SINCE JUL 1      0.0                       1.1   -1.1       T
  SNOW DEPTH       0

DEGREE DAYS
 HEATING
  YESTERDAY        8                        26    -18       29
  MONTH TO DATE  359                       459   -100      388
  SINCE SEP 1    628                       812   -184      626
  SINCE JUL 1    839                       993   -154      743

 COOLING
  YESTERDAY        0                         0      0        0
  MONTH TO DATE    0                         0      0        0
  SINCE SEP 1      7                        11     -4        7
  SINCE JAN 1     86                       192   -106      155
..................................................................


WIND (MPH)
  HIGHEST WIND SPEED    15   HIGHEST WIND DIRECTION     S (170)
  HIGHEST GUST SPEED    25   HIGHEST GUST DIRECTION     S (190)
  AVERAGE WIND SPEED     9.2


SKY COVER
  AVERAGE SKY COVER 0.7


WEATHER CONDITIONS
 THE FOLLOWING WEATHER WAS RECORDED YESTERDAY.
  THUNDERSTORM
  LIGHT RAIN
  FOG


RELATIVE HUMIDITY (PERCENT)
 HIGHEST    93           800 PM
 LOWEST     48          1200 AM
 AVERAGE    71

..........................................................


THE INTERNATIONAL FALLS MN CLIMATE NORMALS FOR TODAY
                         NORMAL    RECORD    YEAR
 MAXIMUM TEMPERATURE (F)   48        79      1920
 MINIMUM TEMPERATURE (F)   29         9      1913


SUNRISE AND SUNSET
OCTOBER 22 2017.......SUNRISE   745 AM CDT   SUNSET   610 PM CDT
OCTOBER 23 2017.......SUNRISE   746 AM CDT   SUNSET   609 PM CDT


-  INDICATES NEGATIVE NUMBERS.
R  INDICATES RECORD WAS SET OR TIED.
MM INDICATES DATA IS MISSING.
T  INDICATES TRACE AMOUNT.




$$
