000
CDUS43 KDLH 300632
CLIINL


CLIMATE REPORT
NATIONAL WEATHER SERVICE DULUTH MN
129 AM CDT SAT MAY 30 2015


...................................

...THE INTERNATIONAL FALLS MN CLIMATE SUMMARY FOR MAY 29 2015...

CLIMATE NORMAL PERIOD 1981 TO 2010
CLIMATE RECORD PERIOD 1895 TO 2015


WEATHER ITEM   OBSERVED TIME   RECORD YEAR NORMAL DEPARTURE LAST
                VALUE   (LST)  VALUE       VALUE  FROM      YEAR
                                                  NORMAL
..................................................................
TEMPERATURE (F)
 YESTERDAY
  MAXIMUM         60    333 AM  92    1919  69     -9       86
  MINIMUM         40   1102 PM  26    1952  43     -3       48
  AVERAGE         50                        56     -6       67

PRECIPITATION (IN)
  YESTERDAY        0.17          1.93 1978   0.10   0.07     0.00
  MONTH TO DATE    4.79                      2.64   2.15     2.52
  SINCE MAR 1      6.15                      5.12   1.03     5.51
  SINCE JAN 1      8.17                      6.31   1.86     7.26

SNOWFALL (IN)
  YESTERDAY        0.0           T    1954   0.0    0.0      0.0
  MONTH TO DATE    T                         0.2   -0.2       T
  SINCE MAR 1      7.8                      14.2   -6.4     24.8
  SINCE JUL 1     64.5                      71.0   -6.5    101.2
  SNOW DEPTH       0

DEGREE DAYS
 HEATING
  YESTERDAY       15                        10      5        0
  MONTH TO DATE  412                       401     11      438
  SINCE MAR 1   2340                      2456   -116     2951
  SINCE JUL 1  10094                     10039     55    11382

 COOLING
  YESTERDAY        0                         1     -1        2
  MONTH TO DATE    0                         1     -1       17
  SINCE MAR 1      0                         2     -2       17
  SINCE JAN 1      0                         2     -2       17
..................................................................


WIND (MPH)
  HIGHEST WIND SPEED    20   HIGHEST WIND DIRECTION    NW (330)
  HIGHEST GUST SPEED    26   HIGHEST GUST DIRECTION     N (350)
  AVERAGE WIND SPEED    11.5


SKY COVER
  AVERAGE SKY COVER 0.9


WEATHER CONDITIONS
 THE FOLLOWING WEATHER WAS RECORDED YESTERDAY.
  HEAVY RAIN
  RAIN
  LIGHT RAIN
  FOG


RELATIVE HUMIDITY (PERCENT)
 HIGHEST    93           100 AM
 LOWEST     61           800 PM
 AVERAGE    77

..........................................................


THE INTERNATIONAL FALLS MN CLIMATE NORMALS FOR TODAY
                         NORMAL    RECORD    YEAR
 MAXIMUM TEMPERATURE (F)   69        92      1986
 MINIMUM TEMPERATURE (F)   43        26      1924


SUNRISE AND SUNSET
MAY 30 2015...........SUNRISE   517 AM CDT   SUNSET   905 PM CDT
MAY 31 2015...........SUNRISE   517 AM CDT   SUNSET   906 PM CDT


-  INDICATES NEGATIVE NUMBERS.
R  INDICATES RECORD WAS SET OR TIED.
MM INDICATES DATA IS MISSING.
T  INDICATES TRACE AMOUNT.




$$
