000
CDUS45 KFGZ 011021
CLIINW
CLIMATE REPORT
NATIONAL WEATHER SERVICE FLAGSTAFF, AZ
321 AM MST WED OCT 1 2014


...................................

...THE WINSLOW AZ AIRPORT CLIMATE SUMMARY FOR SEPTEMBER 30 2014...

CLIMATE NORMAL PERIOD 1981 TO 2010
CLIMATE RECORD PERIOD 1898 TO 2014


WEATHER ITEM   OBSERVED TIME   RECORD YEAR NORMAL DEPARTURE LAST
                VALUE   (LST)  VALUE       VALUE  FROM      YEAR
                                                  NORMAL
..................................................................
TEMPERATURE (F)
 YESTERDAY
  MAXIMUM         77    448 PM  94    2010  80     -3       85
  MINIMUM         44    641 AM  36    1974  46     -2       42
                                      1945
                                      1925
  AVERAGE         61                        63     -2       64

PRECIPITATION (IN)
  YESTERDAY        0.00          0.47 1983   0.02  -0.02     0.00
  MONTH TO DATE    1.34                      0.88   0.46     0.93
  SINCE SEP 1      1.34                      0.88   0.46     0.93
  SINCE JAN 1      5.52                      5.41   0.11     6.63

DEGREE DAYS
 HEATING
  YESTERDAY        4                         3      1        1
  MONTH TO DATE   13                        29    -16       33
  SINCE JUL 1     13                        31    -18       33

 COOLING
  YESTERDAY        0                         1     -1        0
  MONTH TO DATE  210                       143     67      155
  SINCE JAN 1   1326                      1201    125     1380
..................................................................


WIND (MPH)
  HIGHEST WIND SPEED    15   HIGHEST WIND DIRECTION    SW (230)
  HIGHEST GUST SPEED    26   HIGHEST GUST DIRECTION    SW (220)
  AVERAGE WIND SPEED     4.2


SKY COVER
  POSSIBLE SUNSHINE  MM
  AVERAGE SKY COVER 0.0


WEATHER CONDITIONS
 THE FOLLOWING WEATHER WAS RECORDED YESTERDAY.
  NO SIGNIFICANT WEATHER WAS OBSERVED.


RELATIVE HUMIDITY (PERCENT)
 HIGHEST    89           600 AM
 LOWEST     22           300 PM
 AVERAGE    56

..........................................................


THE WINSLOW AZ AIRPORT CLIMATE NORMALS FOR TODAY
                         NORMAL    RECORD    YEAR
 MAXIMUM TEMPERATURE (F)   79        93      1972
 MINIMUM TEMPERATURE (F)   46        29      1927


SUNRISE AND SUNSET
OCTOBER  1 2014.......SUNRISE   618 AM MST   SUNSET   607 PM MST
OCTOBER  2 2014.......SUNRISE   618 AM MST   SUNSET   605 PM MST


-  INDICATES NEGATIVE NUMBERS.
R  INDICATES RECORD WAS SET OR TIED.
MM INDICATES DATA IS MISSING.
T  INDICATES TRACE AMOUNT.




$$
