000
CDUS45 KFGZ 170734
CLIINW
CLIMATE REPORT
NATIONAL WEATHER SERVICE FLAGSTAFF, AZ
1233 AM MST TUE JAN 17 2017


...................................

...THE WINSLOW AZ AIRPORT CLIMATE SUMMARY FOR JANUARY 16 2017...

CLIMATE NORMAL PERIOD 1981 TO 2010
CLIMATE RECORD PERIOD 1915 TO 2017


WEATHER ITEM   OBSERVED TIME   RECORD YEAR NORMAL DEPARTURE LAST
                VALUE   (LST)  VALUE       VALUE  FROM      YEAR
                                                  NORMAL
..................................................................
TEMPERATURE (F)
 YESTERDAY
  MAXIMUM         50    420 PM  72    2000  49      1       44
  MINIMUM         34   1143 PM  -4    1968  21     13       15
                                      1937
  AVERAGE         42                        35      7       30

PRECIPITATION (IN)
  YESTERDAY        0.00          0.37 1916   0.02  -0.02     0.00
  MONTH TO DATE    0.63                      0.28   0.35     0.18
  SINCE SEP 1      3.71                      2.76   0.95     4.20
  SINCE JAN 1      0.63                      0.28   0.35     0.18

DEGREE DAYS
 HEATING
  YESTERDAY       23                        30     -7       35
  MONTH TO DATE  348                       491   -143      518
  SINCE JUL 1   1847                      2369   -522     2299

 COOLING
  YESTERDAY        0                         0      0        0
  MONTH TO DATE    0                         0      0        0
  SINCE JAN 1      0                         0      0        0
..................................................................


WIND (MPH)
  HIGHEST WIND SPEED    13   HIGHEST WIND DIRECTION    NW (320)
  HIGHEST GUST SPEED    17   HIGHEST GUST DIRECTION    NW (310)
  AVERAGE WIND SPEED     5.8


SKY COVER
  POSSIBLE SUNSHINE  MM
  AVERAGE SKY COVER 0.9


WEATHER CONDITIONS
 THE FOLLOWING WEATHER WAS RECORDED YESTERDAY.
  NO SIGNIFICANT WEATHER WAS OBSERVED.


RELATIVE HUMIDITY (PERCENT)
 HIGHEST    93           100 AM
 LOWEST     60           500 PM
 AVERAGE    77

..........................................................


THE WINSLOW AZ AIRPORT CLIMATE NORMALS FOR TODAY
                         NORMAL    RECORD    YEAR
 MAXIMUM TEMPERATURE (F)   50        69      2000
 MINIMUM TEMPERATURE (F)   21         1      1968
                                             1960


SUNRISE AND SUNSET
JANUARY 17 2017.......SUNRISE   730 AM MST   SUNSET   537 PM MST
JANUARY 18 2017.......SUNRISE   729 AM MST   SUNSET   538 PM MST


-  INDICATES NEGATIVE NUMBERS.
R  INDICATES RECORD WAS SET OR TIED.
MM INDICATES DATA IS MISSING.
T  INDICATES TRACE AMOUNT.




$$
