000
CDUS45 KFGZ 010111
CLIINW
CLIMATE REPORT
NATIONAL WEATHER SERVICE FLAGSTAFF, AZ
606 PM MST SAT APR 30 2016


...................................

...THE WINSLOW AZ AIRPORT CLIMATE SUMMARY FOR APRIL 30 2016...
VALID TODAY AS OF 0500 PM LOCAL TIME.

CLIMATE NORMAL PERIOD 1981 TO 2010
CLIMATE RECORD PERIOD 1915 TO 2016


WEATHER ITEM   OBSERVED TIME   RECORD YEAR NORMAL DEPARTURE LAST
                VALUE   (LST)  VALUE       VALUE  FROM      YEAR
                                                  NORMAL
..................................................................
TEMPERATURE (F)
 TODAY
  MAXIMUM         66    117 PM  92    1943  76    -10       85
  MINIMUM         43    136 AM  23    2010  41      2       45
  AVERAGE         55                        59     -4       65

PRECIPITATION (IN)
  TODAY            0.07          0.11 1980   0.01   0.06     0.00
  MONTH TO DATE    0.29                      0.26   0.03     0.30
  SINCE SEP 1      4.92                      4.26   0.66     5.44
  SINCE JAN 1      0.90                      1.78  -0.88     2.59

DEGREE DAYS
 HEATING
  TODAY           10                         7      3        0
  MONTH TO DATE  323                       327     -4      313
  SINCE JUL 1   4119                      4379   -260     3674

 COOLING
  TODAY            0                         0      0        0
  MONTH TO DATE    0                         4     -4        0
  SINCE JAN 1      0                         4     -4        0
..................................................................


WIND (MPH)
  HIGHEST WIND SPEED    26   HIGHEST WIND DIRECTION    SW (210)
  HIGHEST GUST SPEED    32   HIGHEST GUST DIRECTION     S (200)
  AVERAGE WIND SPEED     7.8


SKY COVER
  POSSIBLE SUNSHINE  MM
  AVERAGE SKY COVER 0.9


WEATHER CONDITIONS
 THE FOLLOWING WEATHER WAS RECORDED TODAY.
  LIGHT RAIN


RELATIVE HUMIDITY (PERCENT)
 HIGHEST    71           500 AM
 LOWEST     30           200 PM
 AVERAGE    51

..........................................................


THE WINSLOW AZ AIRPORT CLIMATE NORMALS FOR TOMORROW
                         NORMAL    RECORD    YEAR
 MAXIMUM TEMPERATURE (F)   77        92      1943
 MINIMUM TEMPERATURE (F)   41        24      1967


SUNRISE AND SUNSET
APRIL 30 2016.........SUNRISE   533 AM MST   SUNSET   708 PM MST
MAY  1 2016...........SUNRISE   531 AM MST   SUNSET   709 PM MST


-  INDICATES NEGATIVE NUMBERS.
R  INDICATES RECORD WAS SET OR TIED.
MM INDICATES DATA IS MISSING.
T  INDICATES TRACE AMOUNT.




$$
