000
CDUS45 KFGZ 250803
CLIINW
CLIMATE REPORT
NATIONAL WEATHER SERVICE FLAGSTAFF, AZ
102 AM MST FRI APR 25 2014


...................................

...THE WINSLOW AZ AIRPORT CLIMATE SUMMARY FOR APRIL 24 2014...

CLIMATE NORMAL PERIOD 1981 TO 2010
CLIMATE RECORD PERIOD 1898 TO 2014


WEATHER ITEM   OBSERVED TIME   RECORD YEAR NORMAL DEPARTURE LAST
                VALUE   (LST)  VALUE       VALUE  FROM      YEAR
                                                  NORMAL
..................................................................
TEMPERATURE (F)
 YESTERDAY
  MAXIMUM         77    542 PM  89    2012  74      3       76
                                      1996
                                      1949
  MINIMUM         31    547 AM  23    1923  39     -8       28
  AVERAGE         54                        57     -3       52

PRECIPITATION (IN)
  YESTERDAY        0.00          0.31 2005   0.01  -0.01     0.00
  MONTH TO DATE    0.03                      0.22  -0.19     0.31
  SINCE SEP 1      4.86                      4.22   0.64     3.06
  SINCE JAN 1      1.05                      1.74  -0.69     1.79

DEGREE DAYS
 HEATING
  YESTERDAY       11                         8      3       13
  MONTH TO DATE  232                       282    -50      243
  SINCE JUL 1   4090                      4335   -245     4094

 COOLING
  YESTERDAY        0                         0      0        0
  MONTH TO DATE    1                         0      1        1
  SINCE JAN 1      1                         0      1        1
..................................................................


WIND (MPH)
  HIGHEST WIND SPEED    16   HIGHEST WIND DIRECTION    SW (210)
  HIGHEST GUST SPEED    21   HIGHEST GUST DIRECTION    SW (230)
  AVERAGE WIND SPEED     6.6


SKY COVER
  POSSIBLE SUNSHINE  MM
  AVERAGE SKY COVER 0.0


WEATHER CONDITIONS
 THE FOLLOWING WEATHER WAS RECORDED YESTERDAY.
  NO SIGNIFICANT WEATHER WAS OBSERVED.


RELATIVE HUMIDITY (PERCENT)
 HIGHEST    41           600 AM
 LOWEST      6           600 PM
 AVERAGE    24

..........................................................


THE WINSLOW AZ AIRPORT CLIMATE NORMALS FOR TODAY
                         NORMAL    RECORD    YEAR
 MAXIMUM TEMPERATURE (F)   75        90      1996
 MINIMUM TEMPERATURE (F)   40        21      1921


SUNRISE AND SUNSET
APRIL 25 2014.........SUNRISE   539 AM MST   SUNSET   704 PM MST
APRIL 26 2014.........SUNRISE   537 AM MST   SUNSET   704 PM MST


-  INDICATES NEGATIVE NUMBERS.
R  INDICATES RECORD WAS SET OR TIED.
MM INDICATES DATA IS MISSING.
T  INDICATES TRACE AMOUNT.




$$
