000
CDUS45 KFGZ 290051
CLIINW
CLIMATE REPORT
NATIONAL WEATHER SERVICE FLAGSTAFF, AZ
550 PM MST SUN MAY 28 2017


...................................

...THE WINSLOW AZ AIRPORT CLIMATE SUMMARY FOR MAY 28 2017...
VALID TODAY AS OF 0500 PM LOCAL TIME.

CLIMATE NORMAL PERIOD 1981 TO 2010
CLIMATE RECORD PERIOD 1915 TO 2017


WEATHER ITEM   OBSERVED TIME   RECORD YEAR NORMAL DEPARTURE LAST
                VALUE   (LST)  VALUE       VALUE  FROM      YEAR
                                                  NORMAL
..................................................................
TEMPERATURE (F)
 TODAY
  MAXIMUM         87    443 PM 100    1958  86      1       84
  MINIMUM         43    501 AM  35    1929  48     -5       43
  AVERAGE         65                        67     -2       64

PRECIPITATION (IN)
  TODAY            0.00          0.42 1981   0.01  -0.01     0.00
  MONTH TO DATE    0.40                      0.30   0.10     0.43
  SINCE SEP 1      5.22                      4.56   0.66     5.62
  SINCE JAN 1      2.14                      2.08   0.06     1.60

DEGREE DAYS
 HEATING
  TODAY            0                         2     -2        1
  MONTH TO DATE  134                       104     30      134
  SINCE JUL 1   3633                      4483   -850     4253

 COOLING
  TODAY            0                         4     -4        0
  MONTH TO DATE   28                        52    -24       15
  SINCE JAN 1     28                        56    -28       15
..................................................................


WIND (MPH)
  HIGHEST WIND SPEED    16   HIGHEST WIND DIRECTION    NW (330)
  HIGHEST GUST SPEED    23   HIGHEST GUST DIRECTION     N (340)
  AVERAGE WIND SPEED     5.0


SKY COVER
  POSSIBLE SUNSHINE  MM
  AVERAGE SKY COVER 0.0


WEATHER CONDITIONS
 THE FOLLOWING WEATHER WAS RECORDED TODAY.
  NO SIGNIFICANT WEATHER WAS OBSERVED.


RELATIVE HUMIDITY (PERCENT)
 HIGHEST    45           500 AM
 LOWEST      7           300 PM
 AVERAGE    26

..........................................................


THE WINSLOW AZ AIRPORT CLIMATE NORMALS FOR TOMORROW
                         NORMAL    RECORD    YEAR
 MAXIMUM TEMPERATURE (F)   86       100      2000
 MINIMUM TEMPERATURE (F)   49        32      1929


SUNRISE AND SUNSET
MAY 28 2017...........SUNRISE   511 AM MST   SUNSET   729 PM MST
MAY 29 2017...........SUNRISE   511 AM MST   SUNSET   730 PM MST


-  INDICATES NEGATIVE NUMBERS.
R  INDICATES RECORD WAS SET OR TIED.
MM INDICATES DATA IS MISSING.
T  INDICATES TRACE AMOUNT.




$$
