000
CDUS45 KFGZ 290055
CLIINW
CLIMATE REPORT
NATIONAL WEATHER SERVICE FLAGSTAFF, AZ
554 PM MST FRI AUG 28 2015


...................................

...THE WINSLOW AZ AIRPORT CLIMATE SUMMARY FOR AUGUST 28 2015...
VALID TODAY AS OF 0500 PM LOCAL TIME.

CLIMATE NORMAL PERIOD 1981 TO 2010
CLIMATE RECORD PERIOD 1915 TO 2015


WEATHER ITEM   OBSERVED TIME   RECORD YEAR NORMAL DEPARTURE LAST
                VALUE   (LST)  VALUE       VALUE  FROM      YEAR
                                                  NORMAL
..................................................................
TEMPERATURE (F)
 TODAY
  MAXIMUM         94    334 PM  98    2011  90      4       85
                                      2001
                                      1998
  MINIMUM         58    336 AM  45    1920  59     -1       54
  AVERAGE         76                        74      2       70

PRECIPITATION (IN)
  TODAY            0.00          0.94 1951   0.04  -0.04     0.00
  MONTH TO DATE    2.61                      1.09   1.52     2.68
  SINCE SEP 1     11.10                      6.90   4.20     7.99
  SINCE JAN 1      8.25                      4.42   3.83     4.18

DEGREE DAYS
 HEATING
  TODAY            0                         0      0        0
  MONTH TO DATE    0                         0      0        0
  SINCE JUL 1      0                         0      0        0

 COOLING
  TODAY           11                         9      2        5
  MONTH TO DATE  356                       314     42      269
  SINCE JAN 1   1076                      1031     45     1088
..................................................................


WIND (MPH)
  HIGHEST WIND SPEED    10   HIGHEST WIND DIRECTION    NW (330)
  HIGHEST GUST SPEED    18   HIGHEST GUST DIRECTION    NE (50)
  AVERAGE WIND SPEED     2.2


SKY COVER
  POSSIBLE SUNSHINE  MM
  AVERAGE SKY COVER 0.0


WEATHER CONDITIONS
 THE FOLLOWING WEATHER WAS RECORDED TODAY.
  NO SIGNIFICANT WEATHER WAS OBSERVED.


RELATIVE HUMIDITY (PERCENT)
 HIGHEST    90           500 AM
 LOWEST     20           300 PM
 AVERAGE    55

..........................................................


THE WINSLOW AZ AIRPORT CLIMATE NORMALS FOR TOMORROW
                         NORMAL    RECORD    YEAR
 MAXIMUM TEMPERATURE (F)   90       100      1996
 MINIMUM TEMPERATURE (F)   58        45      1978


SUNRISE AND SUNSET
AUGUST 28 2015........SUNRISE   553 AM MST   SUNSET   655 PM MST
AUGUST 29 2015........SUNRISE   553 AM MST   SUNSET   654 PM MST


-  INDICATES NEGATIVE NUMBERS.
R  INDICATES RECORD WAS SET OR TIED.
MM INDICATES DATA IS MISSING.
T  INDICATES TRACE AMOUNT.




$$
