000
CDUS45 KFGZ 250823
CLIINW
CLIMATE REPORT
NATIONAL WEATHER SERVICE FLAGSTAFF, AZ
120 AM MST WED MAY 25 2016


...................................

...THE WINSLOW AZ AIRPORT CLIMATE SUMMARY FOR MAY 24 2016...

CLIMATE NORMAL PERIOD 1981 TO 2010
CLIMATE RECORD PERIOD 1915 TO 2016


WEATHER ITEM   OBSERVED TIME   RECORD YEAR NORMAL DEPARTURE LAST
                VALUE   (LST)  VALUE       VALUE  FROM      YEAR
                                                  NORMAL
..................................................................
TEMPERATURE (F)
 YESTERDAY
  MAXIMUM         78    400 PM  96    2000  84     -6       70
  MINIMUM         38    530 AM  32    1930  47     -9       46
  AVERAGE         58                        66     -8       58

PRECIPITATION (IN)
  YESTERDAY        0.00          0.72 1979   0.01  -0.01      T
  MONTH TO DATE    0.43                      0.26   0.17     0.72
  SINCE SEP 1      5.62                      4.52   1.10     6.16
  SINCE JAN 1      1.60                      2.04  -0.44     3.31

DEGREE DAYS
 HEATING
  YESTERDAY        7                         2      5        7
  MONTH TO DATE  119                        96     23      149
  SINCE JUL 1   4238                      4475   -237     3823

 COOLING
  YESTERDAY        0                         3     -3        0
  MONTH TO DATE   15                        39    -24        3
  SINCE JAN 1     15                        43    -28        3
..................................................................


WIND (MPH)
  HIGHEST WIND SPEED    32   HIGHEST WIND DIRECTION    SW (230)
  HIGHEST GUST SPEED    45   HIGHEST GUST DIRECTION    SW (230)
  AVERAGE WIND SPEED    12.3


SKY COVER
  POSSIBLE SUNSHINE  MM
  AVERAGE SKY COVER 0.0


WEATHER CONDITIONS
 THE FOLLOWING WEATHER WAS RECORDED YESTERDAY.
  NO SIGNIFICANT WEATHER WAS OBSERVED.


RELATIVE HUMIDITY (PERCENT)
 HIGHEST    43           600 AM
 LOWEST      9           400 PM
 AVERAGE    26

..........................................................


THE WINSLOW AZ AIRPORT CLIMATE NORMALS FOR TODAY
                         NORMAL    RECORD    YEAR
 MAXIMUM TEMPERATURE (F)   85        95      1958
 MINIMUM TEMPERATURE (F)   48        29      1980


SUNRISE AND SUNSET
MAY 25 2016...........SUNRISE   513 AM MST   SUNSET   727 PM MST
MAY 26 2016...........SUNRISE   512 AM MST   SUNSET   728 PM MST


-  INDICATES NEGATIVE NUMBERS.
R  INDICATES RECORD WAS SET OR TIED.
MM INDICATES DATA IS MISSING.
T  INDICATES TRACE AMOUNT.




$$
