000
CDUS45 KFGZ 280747
CLIINW
CLIMATE REPORT
NATIONAL WEATHER SERVICE FLAGSTAFF, AZ
1246 AM MST WED JAN 28 2015


...................................

...THE WINSLOW AZ AIRPORT CLIMATE SUMMARY FOR JANUARY 27 2015...

CLIMATE NORMAL PERIOD 1981 TO 2010
CLIMATE RECORD PERIOD 1915 TO 2015


WEATHER ITEM   OBSERVED TIME   RECORD YEAR NORMAL DEPARTURE LAST
                VALUE   (LST)  VALUE       VALUE  FROM      YEAR
                                                  NORMAL
..................................................................
TEMPERATURE (F)
 YESTERDAY
  MAXIMUM         65    331 PM  66    2003  51     14       61
  MINIMUM         33    727 AM -14    1937  22     11       25
  AVERAGE         49                        36     13       43

PRECIPITATION (IN)
  YESTERDAY        T             0.28 1957   0.02  -0.02     0.00
  MONTH TO DATE    1.13                      0.46   0.67     0.00
  SINCE SEP 1      3.98                      2.94   1.04     3.81
  SINCE JAN 1      1.13                      0.46   0.67     0.00

DEGREE DAYS
 HEATING
  YESTERDAY       16                        28    -12       22
  MONTH TO DATE  774                       812    -38      779
  SINCE JUL 1   2358                      2690   -332     2740

 COOLING
  YESTERDAY        0                         0      0        0
  MONTH TO DATE    0                         0      0        0
  SINCE JAN 1      0                         0      0        0
..................................................................


WIND (MPH)
  HIGHEST WIND SPEED    17   HIGHEST WIND DIRECTION    SW (230)
  HIGHEST GUST SPEED    22   HIGHEST GUST DIRECTION    SW (210)
  AVERAGE WIND SPEED     6.7


SKY COVER
  POSSIBLE SUNSHINE  MM
  AVERAGE SKY COVER 0.4


WEATHER CONDITIONS
 THE FOLLOWING WEATHER WAS RECORDED YESTERDAY.
  LIGHT RAIN


RELATIVE HUMIDITY (PERCENT)
 HIGHEST    89           700 AM
 LOWEST     39           100 PM
 AVERAGE    64

..........................................................


THE WINSLOW AZ AIRPORT CLIMATE NORMALS FOR TODAY
                         NORMAL    RECORD    YEAR
 MAXIMUM TEMPERATURE (F)   52        64      2003
                                             1986
                                             1938
 MINIMUM TEMPERATURE (F)   22        -9      1937


SUNRISE AND SUNSET
JANUARY 28 2015.......SUNRISE   725 AM MST   SUNSET   547 PM MST
JANUARY 29 2015.......SUNRISE   724 AM MST   SUNSET   548 PM MST


-  INDICATES NEGATIVE NUMBERS.
R  INDICATES RECORD WAS SET OR TIED.
MM INDICATES DATA IS MISSING.
T  INDICATES TRACE AMOUNT.




$$
