000
CDUS45 KFGZ 250741
CLIINW
CLIMATE REPORT
NATIONAL WEATHER SERVICE FLAGSTAFF, AZ
1241 AM MST SUN SEP 25 2016


...................................

...THE WINSLOW AZ AIRPORT CLIMATE SUMMARY FOR SEPTEMBER 24 2016...

CLIMATE NORMAL PERIOD 1981 TO 2010
CLIMATE RECORD PERIOD 1915 TO 2016


WEATHER ITEM   OBSERVED TIME   RECORD YEAR NORMAL DEPARTURE LAST
                VALUE   (LST)  VALUE       VALUE  FROM      YEAR
                                                  NORMAL
..................................................................
TEMPERATURE (F)
 YESTERDAY
  MAXIMUM         74    350 PM  91    2014  82     -8       90
                                      1982
                                      1922
  MINIMUM         38    630 AM  36    1968  49    -11       49
  AVERAGE         56                        66    -10       70

PRECIPITATION (IN)
  YESTERDAY        0.00          0.40 1935   0.03  -0.03     0.00
  MONTH TO DATE    0.25                      0.74  -0.49     1.29
  SINCE SEP 1      0.25                      0.74  -0.49     1.29
  SINCE JAN 1      3.87                      5.27  -1.40    10.19

DEGREE DAYS
 HEATING
  YESTERDAY        9                         2      7        0
  MONTH TO DATE   16                        13      3        0
  SINCE JUL 1     16                        13      3        0

 COOLING
  YESTERDAY        0                         2     -2        5
  MONTH TO DATE  123                       133    -10      147
  SINCE JAN 1   1269                      1191     78     1256
..................................................................


WIND (MPH)
  HIGHEST WIND SPEED    20   HIGHEST WIND DIRECTION    NW (300)
  HIGHEST GUST SPEED    28   HIGHEST GUST DIRECTION    NW (300)
  AVERAGE WIND SPEED     6.5


SKY COVER
  POSSIBLE SUNSHINE  MM
  AVERAGE SKY COVER 0.0


WEATHER CONDITIONS
 THE FOLLOWING WEATHER WAS RECORDED YESTERDAY.
  NO SIGNIFICANT WEATHER WAS OBSERVED.


RELATIVE HUMIDITY (PERCENT)
 HIGHEST    48           500 AM
 LOWEST     16           300 PM
 AVERAGE    32

..........................................................


THE WINSLOW AZ AIRPORT CLIMATE NORMALS FOR TODAY
                         NORMAL    RECORD    YEAR
 MAXIMUM TEMPERATURE (F)   82        93      1982
                                             1953
 MINIMUM TEMPERATURE (F)   48        36      2000


SUNRISE AND SUNSET
SEPTEMBER 25 2016.....SUNRISE   614 AM MST   SUNSET   615 PM MST
SEPTEMBER 26 2016.....SUNRISE   614 AM MST   SUNSET   613 PM MST


-  INDICATES NEGATIVE NUMBERS.
R  INDICATES RECORD WAS SET OR TIED.
MM INDICATES DATA IS MISSING.
T  INDICATES TRACE AMOUNT.




$$
