000
CDUS45 KFGZ 210052
CLIINW
CLIMATE REPORT
NATIONAL WEATHER SERVICE FLAGSTAFF, AZ
551 PM MST TUE FEB 20 2018


...................................

...THE WINSLOW AZ AIRPORT CLIMATE SUMMARY FOR FEBRUARY 20 2018...
VALID TODAY AS OF 0500 PM LOCAL TIME.

CLIMATE NORMAL PERIOD 1981 TO 2010
CLIMATE RECORD PERIOD 1915 TO 2018


WEATHER ITEM   OBSERVED TIME   RECORD YEAR NORMAL DEPARTURE LAST
                VALUE   (LST)  VALUE       VALUE  FROM      YEAR
                                                  NORMAL
..................................................................
TEMPERATURE (F)
 TODAY
  MAXIMUM         44    356 PM  75    1935  57    -13       61
  MINIMUM         15    630 AM   6    1955  26    -11       29
  AVERAGE         30                        42    -12       45

PRECIPITATION (IN)
  TODAY            0.00          0.29 1998   0.01  -0.01     0.00
  MONTH TO DATE    0.01                      0.33  -0.32     0.15
  SINCE SEP 1      0.27                      3.33  -3.06     4.04
  SINCE JAN 1      0.04                      0.85  -0.81     0.96

DEGREE DAYS
 HEATING
  TODAY           35                        23     12       20
  MONTH TO DATE  432                       512    -80      345
  SINCE JUL 1   2799                      3315   -516     2632

 COOLING
  TODAY            0                         0      0        0
  MONTH TO DATE    0                         0      0        0
  SINCE JAN 1      0                         0      0        0
..................................................................


WIND (MPH)
  HIGHEST WIND SPEED    18   HIGHEST WIND DIRECTION     W (260)
  HIGHEST GUST SPEED    23   HIGHEST GUST DIRECTION     W (260)
  AVERAGE WIND SPEED     6.1


SKY COVER
  POSSIBLE SUNSHINE  MM
  AVERAGE SKY COVER 0.2


WEATHER CONDITIONS
 THE FOLLOWING WEATHER WAS RECORDED TODAY.
  NO SIGNIFICANT WEATHER WAS OBSERVED.


RELATIVE HUMIDITY (PERCENT)
 HIGHEST    67           500 AM
 LOWEST     12           400 PM
 AVERAGE    40

..........................................................


THE WINSLOW AZ AIRPORT CLIMATE NORMALS FOR TOMORROW
                         NORMAL    RECORD    YEAR
 MAXIMUM TEMPERATURE (F)   58        76      1977
 MINIMUM TEMPERATURE (F)   26         5      1955


SUNRISE AND SUNSET
FEBRUARY 20 2018......SUNRISE   703 AM MST   SUNSET   610 PM MST
FEBRUARY 21 2018......SUNRISE   702 AM MST   SUNSET   611 PM MST


-  INDICATES NEGATIVE NUMBERS.
R  INDICATES RECORD WAS SET OR TIED.
MM INDICATES DATA IS MISSING.
T  INDICATES TRACE AMOUNT.




$$
