000
CDUS43 KDVN 010919
CLIIOW


CLIMATE REPORT
NATIONAL WEATHER SERVICE QUAD CITIES IA IL
417 AM CDT MON SEP 1 2014


...................................

...THE IOWA CITY IA CLIMATE SUMMARY FOR AUGUST 31 2014...

CLIMATE NORMAL PERIOD 1981 TO 2010
CLIMATE RECORD PERIOD 9999 TO 9999


WEATHER ITEM   OBSERVED TIME   RECORD YEAR NORMAL DEPARTURE LAST
                VALUE   (LST)  VALUE       VALUE  FROM      YEAR
                                                  NORMAL
..................................................................
TEMPERATURE (F)
 YESTERDAY
  MAXIMUM         87    337 PM  MM      MM  81      6       89
  MINIMUM         62    532 AM  MM      MM  59      3       72
  AVERAGE         75                        70      5       81

PRECIPITATION (IN)
  YESTERDAY        0.27         MM      MM   0.15   0.12     0.00
  MONTH TO DATE    3.62                      4.50  -0.88     0.08
  SINCE JUN 1     16.38                     14.06   2.32     7.02
  SINCE JAN 1     27.43                     26.15   1.28    28.26

DEGREE DAYS
 HEATING
  YESTERDAY        0                         1     -1        0
  MONTH TO DATE    0                         1     -1        1
  SINCE JUN 1     16                        25     -9       30
  SINCE JUL 1     12                         8      4        9

 COOLING
  YESTERDAY       10                         5      5       16
  MONTH TO DATE  249                       244      5      299
  SINCE JUN 1    627                       761   -134      781
  SINCE JAN 1    716                       822   -106      868
..................................................................


WIND (MPH)
  HIGHEST WIND SPEED    30   HIGHEST WIND DIRECTION    NW (330)
  HIGHEST GUST SPEED    39   HIGHEST GUST DIRECTION     N (340)
  AVERAGE WIND SPEED     8.1


SKY COVER
  POSSIBLE SUNSHINE  MM
  AVERAGE SKY COVER 0.1


WEATHER CONDITIONS
 THE FOLLOWING WEATHER WAS RECORDED YESTERDAY.
  THUNDERSTORM
  HEAVY RAIN
  RAIN
  LIGHT RAIN
  FOG
  FOG W/VISIBILITY <= 1/4 MILE


RELATIVE HUMIDITY (PERCENT)
 HIGHEST   100          1200 AM
 LOWEST     63           300 PM
 AVERAGE    82

..........................................................


THE IOWA CITY IA CLIMATE NORMALS FOR TODAY
                         NORMAL    RECORD    YEAR
 MAXIMUM TEMPERATURE (F)   80        MM        MM
 MINIMUM TEMPERATURE (F)   59        MM        MM


SUNRISE AND SUNSET
SEPTEMBER  1 2014.....SUNRISE   632 AM CDT   SUNSET   739 PM CDT
SEPTEMBER  2 2014.....SUNRISE   633 AM CDT   SUNSET   738 PM CDT


-  INDICATES NEGATIVE NUMBERS.
R  INDICATES RECORD WAS SET OR TIED.
MM INDICATES DATA IS MISSING.
T  INDICATES TRACE AMOUNT.




$$
