000
CDUS43 KDVN 280931
CLIIOW


CLIMATE REPORT
NATIONAL WEATHER SERVICE QUAD CITIES IA IL
429 AM CDT FRI APR 28 2017


...................................

...THE IOWA CITY IA CLIMATE SUMMARY FOR APRIL 27 2017...

CLIMATE NORMAL PERIOD 1981 TO 2010
CLIMATE RECORD PERIOD 9999 TO 9999


WEATHER ITEM   OBSERVED TIME   RECORD YEAR NORMAL DEPARTURE LAST
                VALUE   (LST)  VALUE       VALUE  FROM      YEAR
                                                  NORMAL
..................................................................
TEMPERATURE (F)
 YESTERDAY
  MAXIMUM         49    545 PM  MM      MM  65    -16       51
  MINIMUM         38    747 AM  MM      MM  44     -6       43
  AVERAGE         44                        55    -11       47

PRECIPITATION (IN)
  YESTERDAY        0.36         MM      MM   0.17   0.19     0.55
  MONTH TO DATE    3.12                      3.00   0.12     1.32
  SINCE MAR 1      6.18                      5.22   0.96     3.35
  SINCE JAN 1      8.58                      7.38   1.20     4.10

DEGREE DAYS
 HEATING
  YESTERDAY       21                        11     10       18
  MONTH TO DATE  252                       397   -145      386
  SINCE MAR 1   1002                      1214   -212     1035
  SINCE JUL 1   4897                      6164  -1267     5246

 COOLING
  YESTERDAY        0                         0      0        0
  MONTH TO DATE   11                         0     11        6
  SINCE MAR 1     11                         0     11        6
  SINCE JAN 1     11                         0     11        6
..................................................................


WIND (MPH)
  HIGHEST WIND SPEED    22   HIGHEST WIND DIRECTION     W (260)
  HIGHEST GUST SPEED    28   HIGHEST GUST DIRECTION     W (260)
  AVERAGE WIND SPEED    11.4


SKY COVER
  POSSIBLE SUNSHINE  MM
  AVERAGE SKY COVER 0.7


WEATHER CONDITIONS
 THE FOLLOWING WEATHER WAS RECORDED YESTERDAY.
  RAIN
  LIGHT RAIN
  FOG


RELATIVE HUMIDITY (PERCENT)
 HIGHEST    92          1000 AM
 LOWEST     60           300 PM
 AVERAGE    76

..........................................................


THE IOWA CITY IA CLIMATE NORMALS FOR TODAY
                         NORMAL    RECORD    YEAR
 MAXIMUM TEMPERATURE (F)   66        MM        MM
 MINIMUM TEMPERATURE (F)   44        MM        MM


SUNRISE AND SUNSET
APRIL 28 2017.........SUNRISE   607 AM CDT   SUNSET   801 PM CDT
APRIL 29 2017.........SUNRISE   605 AM CDT   SUNSET   802 PM CDT


-  INDICATES NEGATIVE NUMBERS.
R  INDICATES RECORD WAS SET OR TIED.
MM INDICATES DATA IS MISSING.
T  INDICATES TRACE AMOUNT.




$$
