000
CDUS43 KDVN 312124
CLIIOW


CLIMATE REPORT
NATIONAL WEATHER SERVICE QUAD CITIES IA IL
424 PM CDT FRI OCT 31 2014


...................................

...THE IOWA CITY IA CLIMATE SUMMARY FOR OCTOBER 31 2014...
VALID TODAY AS OF 0400 PM LOCAL TIME.

CLIMATE NORMAL PERIOD 1981 TO 2010
CLIMATE RECORD PERIOD 9999 TO 9999


WEATHER ITEM   OBSERVED TIME   RECORD YEAR NORMAL DEPARTURE LAST
                VALUE   (LST)  VALUE       VALUE  FROM      YEAR
                                                  NORMAL
..................................................................
TEMPERATURE (F)
 TODAY
  MAXIMUM         48   1218 AM  MM      MM  56     -8       62
  MINIMUM         31    712 AM  MM      MM  37     -6       42
  AVERAGE         40                        46     -6       52

PRECIPITATION (IN)
  TODAY            0.00         MM      MM   0.09  -0.09     0.25
  MONTH TO DATE    2.94                      2.87   0.07     3.21
  SINCE SEP 1      8.81                      6.26   2.55     5.14
  SINCE JAN 1     36.24                     32.41   3.83    33.40

DEGREE DAYS
 HEATING
  TODAY           25                        19      6       13
  MONTH TO DATE  419                       413      6      425
  SINCE SEP 1    540                       517     23      482
  SINCE JUL 1    552                       525     27      491

 COOLING
  TODAY            0                         0      0        0
  MONTH TO DATE    1                        10     -9       23
  SINCE SEP 1     63                        90    -27      196
  SINCE JAN 1    779                       912   -133     1064
..................................................................


WIND (MPH)
  HIGHEST WIND SPEED    28   HIGHEST WIND DIRECTION    NW (330)
  HIGHEST GUST SPEED    37   HIGHEST GUST DIRECTION    NW (320)
  AVERAGE WIND SPEED    17.9


SKY COVER
  POSSIBLE SUNSHINE  MM
  AVERAGE SKY COVER 0.2


WEATHER CONDITIONS
 THE FOLLOWING WEATHER WAS RECORDED TODAY.
  NO SIGNIFICANT WEATHER WAS OBSERVED.


RELATIVE HUMIDITY (PERCENT)
 HIGHEST    66          1200 AM
 LOWEST     43           100 PM
 AVERAGE    55

..........................................................


THE IOWA CITY IA CLIMATE NORMALS FOR TOMORROW
                         NORMAL    RECORD    YEAR
 MAXIMUM TEMPERATURE (F)   56        MM        MM
 MINIMUM TEMPERATURE (F)   37        MM        MM


SUNRISE AND SUNSET
OCTOBER 31 2014.......SUNRISE   737 AM CDT   SUNSET   602 PM CDT
NOVEMBER  1 2014......SUNRISE   738 AM CDT   SUNSET   601 PM CDT


-  INDICATES NEGATIVE NUMBERS.
R  INDICATES RECORD WAS SET OR TIED.
MM INDICATES DATA IS MISSING.
T  INDICATES TRACE AMOUNT.




$$
