000
CDUS43 KDVN 252135
CLIIOW


CLIMATE REPORT
NATIONAL WEATHER SERVICE QUAD CITIES IA IL
435 PM CDT SAT MAR 25 2017


...................................

...THE IOWA CITY IA CLIMATE SUMMARY FOR MARCH 25 2017...
VALID TODAY AS OF 0400 PM LOCAL TIME.

CLIMATE NORMAL PERIOD 1981 TO 2010
CLIMATE RECORD PERIOD 9999 TO 9999


WEATHER ITEM   OBSERVED TIME   RECORD YEAR NORMAL DEPARTURE LAST
                VALUE   (LST)  VALUE       VALUE  FROM      YEAR
                                                  NORMAL
..................................................................
TEMPERATURE (F)
 TODAY
  MAXIMUM         49   1210 AM  MM      MM  53     -4       49
  MINIMUM         42    956 AM  MM      MM  33      9       23
  AVERAGE         46                        43      3       36

PRECIPITATION (IN)
  TODAY            0.29         MM      MM   0.07   0.22     0.00
  MONTH TO DATE    1.74                      1.78  -0.04     1.85
  SINCE MAR 1      1.74                      1.78  -0.04     1.85
  SINCE JAN 1      4.14                      3.94   0.20     2.60

DEGREE DAYS
 HEATING
  TODAY           19                        22     -3       29
  MONTH TO DATE  636                       694    -58      544
  SINCE MAR 1    636                       694    -58      544
  SINCE JUL 1   4531                      5644  -1113     4755

 COOLING
  TODAY            0                         0      0        0
  MONTH TO DATE    0                         0      0        0
  SINCE MAR 1      0                         0      0        0
  SINCE JAN 1      0                         0      0        0
..................................................................


WIND (MPH)
  HIGHEST WIND SPEED    22   HIGHEST WIND DIRECTION    NE (40)
  HIGHEST GUST SPEED    30   HIGHEST GUST DIRECTION    NE (40)
  AVERAGE WIND SPEED    13.3


SKY COVER
  POSSIBLE SUNSHINE  MM
  AVERAGE SKY COVER 0.9


WEATHER CONDITIONS
 THE FOLLOWING WEATHER WAS RECORDED TODAY.
  RAIN
  LIGHT RAIN
  FOG


RELATIVE HUMIDITY (PERCENT)
 HIGHEST    93           200 AM
 LOWEST     86           100 AM
 AVERAGE    90

..........................................................


THE IOWA CITY IA CLIMATE NORMALS FOR TOMORROW
                         NORMAL    RECORD    YEAR
 MAXIMUM TEMPERATURE (F)   54        MM        MM
 MINIMUM TEMPERATURE (F)   33        MM        MM


SUNRISE AND SUNSET
MARCH 25 2017.........SUNRISE   701 AM CDT   SUNSET   724 PM CDT
MARCH 26 2017.........SUNRISE   659 AM CDT   SUNSET   725 PM CDT


-  INDICATES NEGATIVE NUMBERS.
R  INDICATES RECORD WAS SET OR TIED.
MM INDICATES DATA IS MISSING.
T  INDICATES TRACE AMOUNT.




$$
