000
CDUS41 KCTP 270615
CLIIPT


CLIMATE REPORT
NATIONAL WEATHER SERVICE STATE COLLEGE PA
214 AM EDT SAT MAY 27 2017


...................................

...THE WILLIAMSPORT PA CLIMATE SUMMARY FOR MAY 26 2017...

CLIMATE NORMAL PERIOD 1981 TO 2010
CLIMATE RECORD PERIOD 1895 TO 2017


WEATHER ITEM   OBSERVED TIME   RECORD YEAR NORMAL DEPARTURE LAST
                VALUE   (LST)  VALUE       VALUE  FROM      YEAR
                                                  NORMAL
..................................................................
TEMPERATURE (F)
 YESTERDAY
  MAXIMUM         72    127 PM  93    1914  74     -2       86
  MINIMUM         58   1159 PM  35    1925  51      7       56
  AVERAGE         65                        63      2       71

PRECIPITATION (IN)
  YESTERDAY        0.02          1.52 1943   0.12  -0.10      T
  MONTH TO DATE    4.25                      3.06   1.19     2.22
  SINCE MAR 1     11.90                      9.27   2.63     4.92
  SINCE JAN 1     17.20                     14.31   2.89    11.34

SNOWFALL (IN)
  YESTERDAY        0.0           0.0  2002   0.0    0.0      0.0
                                      2001
  MONTH TO DATE    0.0                       0.0    0.0       T
  SINCE MAR 1     22.6                       8.0   14.6      2.0
  SINCE JUL 1     41.1                      36.0    5.1      7.7
  SNOW DEPTH       0

DEGREE DAYS
 HEATING
  YESTERDAY        0                         4     -4        0
  MONTH TO DATE  179                       185     -6      207
  SINCE MAR 1   1287                      1473   -186     1264
  SINCE JUL 1   4923                      5940  -1017     4907

 COOLING
  YESTERDAY        0                         2     -2        6
  MONTH TO DATE   29                        26      3       16
  SINCE MAR 1     44                        31     13       16
  SINCE JAN 1     44                        31     13       16
..................................................................


WIND (MPH)
  HIGHEST WIND SPEED    18   HIGHEST WIND DIRECTION     W (280)
  HIGHEST GUST SPEED    25   HIGHEST GUST DIRECTION     W (260)
  AVERAGE WIND SPEED     9.3


SKY COVER
  POSSIBLE SUNSHINE  MM
  AVERAGE SKY COVER 0.8


WEATHER CONDITIONS
 THE FOLLOWING WEATHER WAS RECORDED YESTERDAY.
  LIGHT RAIN


RELATIVE HUMIDITY (PERCENT)
 HIGHEST    93          1200 AM
 LOWEST     57           300 PM
 AVERAGE    75

..........................................................


THE WILLIAMSPORT PA CLIMATE NORMALS FOR TODAY
                         NORMAL    RECORD    YEAR
 MAXIMUM TEMPERATURE (F)   75        94      1918
 MINIMUM TEMPERATURE (F)   52        33      1969


SUNRISE AND SUNSET
MAY 27 2017...........SUNRISE   540 AM EDT   SUNSET   831 PM EDT
MAY 28 2017...........SUNRISE   539 AM EDT   SUNSET   831 PM EDT


-  INDICATES NEGATIVE NUMBERS.
R  INDICATES RECORD WAS SET OR TIED.
MM INDICATES DATA IS MISSING.
T  INDICATES TRACE AMOUNT.




$$
