000
CDUS41 KCTP 022117
CLIIPT


CLIMATE REPORT
NATIONAL WEATHER SERVICE STATE COLLEGE PA
516 PM EDT TUE JUN 2 2015


...................................

...THE WILLIAMSPORT PA CLIMATE SUMMARY FOR JUNE 2 2015...
VALID TODAY AS OF 0500 PM LOCAL TIME.

CLIMATE NORMAL PERIOD 1981 TO 2010
CLIMATE RECORD PERIOD 1895 TO 2015


WEATHER ITEM   OBSERVED TIME   RECORD YEAR NORMAL DEPARTURE LAST
                VALUE   (LST)  VALUE       VALUE  FROM      YEAR
                                                  NORMAL
..................................................................
TEMPERATURE (F)
 TODAY
  MAXIMUM         63    359 PM  95    1923  76    -13       84
  MINIMUM         56    732 AM  38    1897  54      2       53
  AVERAGE         60                        65     -5       69

PRECIPITATION (IN)
  TODAY            0.04          1.68 1907   0.13  -0.09     0.00
  MONTH TO DATE    0.04                      0.25  -0.21     0.00
  SINCE JUN 1      0.04                      0.25  -0.21     0.00
  SINCE JAN 1     12.46                     15.16  -2.70    14.75

SNOWFALL (IN)
  TODAY            0.0           0.0  2002   0.0    0.0      0.0
                                      2001
  MONTH TO DATE    0.0                       0.0    0.0      0.0
  SINCE JUN 1      0.0                       0.0    0.0      0.0
  SINCE JUL 1     44.4                      36.0    8.4     45.9
  SNOW DEPTH       0

DEGREE DAYS
 HEATING
  TODAY            5                         3      2        0
  MONTH TO DATE    5                         6     -1        3
  SINCE JUN 1      5                         6     -1        3
  SINCE JUL 1   6159                      5964    195     6462

 COOLING
  TODAY            0                         3     -3        4
  MONTH TO DATE    0                         6     -6        4
  SINCE JUN 1      0                         6     -6        4
  SINCE JAN 1    128                        49     79       56
..................................................................


WIND (MPH)
  HIGHEST WIND SPEED    10   HIGHEST WIND DIRECTION     N (20)
  HIGHEST GUST SPEED    14   HIGHEST GUST DIRECTION     N (350)
  AVERAGE WIND SPEED     3.8


SKY COVER
  POSSIBLE SUNSHINE  MM
  AVERAGE SKY COVER 1.0


WEATHER CONDITIONS
 THE FOLLOWING WEATHER WAS RECORDED TODAY.
  LIGHT RAIN
  FOG


RELATIVE HUMIDITY (PERCENT)
 HIGHEST    93          1200 AM
 LOWEST     60           300 PM
 AVERAGE    77

..........................................................


THE WILLIAMSPORT PA CLIMATE NORMALS FOR TOMORROW
                         NORMAL    RECORD    YEAR
 MAXIMUM TEMPERATURE (F)   77        95      1923
                                             1919
 MINIMUM TEMPERATURE (F)   54        36      1986
                                             1929


SUNRISE AND SUNSET
JUNE  2 2015..........SUNRISE   537 AM EDT   SUNSET   835 PM EDT
JUNE  3 2015..........SUNRISE   536 AM EDT   SUNSET   836 PM EDT


-  INDICATES NEGATIVE NUMBERS.
R  INDICATES RECORD WAS SET OR TIED.
MM INDICATES DATA IS MISSING.
T  INDICATES TRACE AMOUNT.




$$
