000
CDUS41 KCTP 260626
CLIIPT


CLIMATE REPORT
NATIONAL WEATHER SERVICE STATE COLLEGE PA
125 AM EST MON JAN 26 2015


...................................

...THE WILLIAMSPORT PA CLIMATE SUMMARY FOR JANUARY 25 2015...

CLIMATE NORMAL PERIOD 1981 TO 2010
CLIMATE RECORD PERIOD 1895 TO 2015


WEATHER ITEM   OBSERVED TIME   RECORD YEAR NORMAL DEPARTURE LAST
                VALUE   (LST)  VALUE       VALUE  FROM      YEAR
                                                  NORMAL
..................................................................
TEMPERATURE (F)
 YESTERDAY
  MAXIMUM         38    303 PM  69    1967  34      4       27
  MINIMUM         22   1159 PM  -6    1963  19      3       16
  AVERAGE         30                        27      3       22

PRECIPITATION (IN)
  YESTERDAY        0.01          2.90 2010   0.08  -0.07     0.02
  MONTH TO DATE    1.28                      2.17  -0.89     1.24
  SINCE DEC 1      3.88                      5.10  -1.22     4.88
  SINCE JAN 1      1.28                      2.17  -0.89     1.24

SNOWFALL (IN)
  YESTERDAY        0.1           9.2  1958   0.3   -0.2      0.5
  MONTH TO DATE    9.0                       8.3    0.7      7.8
  SINCE DEC 1     13.0                      15.2   -2.2     21.9
  SINCE JUL 1     18.1                      17.0    1.1     24.1
  SNOW DEPTH       2

DEGREE DAYS
 HEATING
  YESTERDAY       35                        38     -3       43
  MONTH TO DATE  990                       958     32     1061
  SINCE DEC 1   1893                      2006   -113     2134
  SINCE JUL 1   3063                      3251   -188     3377

 COOLING
  YESTERDAY        0                         0      0        0
  MONTH TO DATE    0                         0      0        0
  SINCE DEC 1      0                         0      0        0
  SINCE JAN 1      0                         0      0        0
..................................................................


WIND (MPH)
  HIGHEST WIND SPEED    14   HIGHEST WIND DIRECTION    NW (310)
  HIGHEST GUST SPEED    20   HIGHEST GUST DIRECTION    NW (330)
  AVERAGE WIND SPEED     7.9


SKY COVER
  POSSIBLE SUNSHINE  MM
  AVERAGE SKY COVER 1.0


WEATHER CONDITIONS
 THE FOLLOWING WEATHER WAS RECORDED YESTERDAY.
  LIGHT SNOW


RELATIVE HUMIDITY (PERCENT)
 HIGHEST    82           700 AM
 LOWEST     35           300 PM
 AVERAGE    59

..........................................................


THE WILLIAMSPORT PA CLIMATE NORMALS FOR TODAY
                         NORMAL    RECORD    YEAR
 MAXIMUM TEMPERATURE (F)   34        61      1950
 MINIMUM TEMPERATURE (F)   19       -10      1948


SUNRISE AND SUNSET
JANUARY 26 2015.......SUNRISE   724 AM EST   SUNSET   516 PM EST
JANUARY 27 2015.......SUNRISE   724 AM EST   SUNSET   518 PM EST


-  INDICATES NEGATIVE NUMBERS.
R  INDICATES RECORD WAS SET OR TIED.
MM INDICATES DATA IS MISSING.
T  INDICATES TRACE AMOUNT.




$$
