000
CDUS41 KCTP 020622
CLIIPT


CLIMATE REPORT
NATIONAL WEATHER SERVICE STATE COLLEGE PA
222 AM EDT SAT AUG 2 2014


...................................

...THE WILLIAMSPORT PA CLIMATE SUMMARY FOR AUGUST 1 2014...

CLIMATE NORMAL PERIOD 1981 TO 2010
CLIMATE RECORD PERIOD 1895 TO 2014


WEATHER ITEM   OBSERVED TIME   RECORD YEAR NORMAL DEPARTURE LAST
                VALUE   (LST)  VALUE       VALUE  FROM      YEAR
                                                  NORMAL
..................................................................
TEMPERATURE (F)
 YESTERDAY
  MAXIMUM         83    207 PM  99    1955  83      0       81
  MINIMUM         62    707 AM  48    1903  62      0       64
  AVERAGE         73                        73      0       73

PRECIPITATION (IN)
  YESTERDAY        0.00          1.15 1983   0.13  -0.13     0.01
                                      1950
  MONTH TO DATE    0.00                      0.13  -0.13     0.01
  SINCE JUN 1      7.48                      8.39  -0.91     7.30
  SINCE JAN 1     22.23                     23.30  -1.07    19.87

DEGREE DAYS
 HEATING
  YESTERDAY        0                         0      0        0
  MONTH TO DATE    0                         0      0        0
  SINCE JUN 1      8                        41    -33        9
  SINCE JUL 1      0                         4     -4        0

 COOLING
  YESTERDAY        8                         8      0        8
  MONTH TO DATE    8                         8      0        8
  SINCE JUN 1    415                       398     17      505
  SINCE JAN 1    467                       441     26      576
..................................................................


WIND (MPH)
  HIGHEST WIND SPEED    20   HIGHEST WIND DIRECTION     S (170)
  HIGHEST GUST SPEED    26   HIGHEST GUST DIRECTION     S (170)
  AVERAGE WIND SPEED     4.5


SKY COVER
  POSSIBLE SUNSHINE  MM
  AVERAGE SKY COVER 0.7


WEATHER CONDITIONS
 THE FOLLOWING WEATHER WAS RECORDED YESTERDAY.
  FOG
  FOG W/VISIBILITY <= 1/4 MILE
  HAZE


RELATIVE HUMIDITY (PERCENT)
 HIGHEST    93           100 AM
 LOWEST     51           200 PM
 AVERAGE    72

..........................................................


THE WILLIAMSPORT PA CLIMATE NORMALS FOR TODAY
                         NORMAL    RECORD    YEAR
 MAXIMUM TEMPERATURE (F)   83        98      2007
                                             1955
 MINIMUM TEMPERATURE (F)   62        45      1947


SUNRISE AND SUNSET
AUGUST  2 2014........SUNRISE   604 AM EDT   SUNSET   823 PM EDT
AUGUST  3 2014........SUNRISE   605 AM EDT   SUNSET   822 PM EDT


-  INDICATES NEGATIVE NUMBERS.
R  INDICATES RECORD WAS SET OR TIED.
MM INDICATES DATA IS MISSING.
T  INDICATES TRACE AMOUNT.




$$
