000
CDUS41 KCTP 250611
CLIIPT


CLIMATE REPORT
NATIONAL WEATHER SERVICE STATE COLLEGE PA
211 AM EDT THU AUG 25 2016


...................................

...THE WILLIAMSPORT PA CLIMATE SUMMARY FOR AUGUST 24 2016...

CLIMATE NORMAL PERIOD 1981 TO 2010
CLIMATE RECORD PERIOD 1895 TO 2016


WEATHER ITEM   OBSERVED TIME   RECORD YEAR NORMAL DEPARTURE LAST
                VALUE   (LST)  VALUE       VALUE  FROM      YEAR
                                                  NORMAL
..................................................................
TEMPERATURE (F)
 YESTERDAY
  MAXIMUM         85    408 PM  94    1918  81      4       85
  MINIMUM         59    705 AM  42    1940  60     -1       58
  AVERAGE         72                        70      2       72

PRECIPITATION (IN)
  YESTERDAY        0.00          5.22 1933   0.12  -0.12     0.00
  MONTH TO DATE    4.52                      3.01   1.51     3.88
  SINCE JUN 1     12.08                     11.27   0.81    15.62
  SINCE JAN 1     23.42                     26.18  -2.76    28.04

DEGREE DAYS
 HEATING
  YESTERDAY        0                         0      0        0
  MONTH TO DATE    0                         0      0        0
  SINCE JUN 1      9                        41    -32       23
  SINCE JUL 1      0                         4     -4        2

 COOLING
  YESTERDAY        7                         6      1        7
  MONTH TO DATE  278                       166    112      194
  SINCE JUN 1    826                       556    270      622
  SINCE JAN 1    899                       599    300      750
..................................................................


WIND (MPH)
  HIGHEST WIND SPEED    16   HIGHEST WIND DIRECTION     S (170)
  HIGHEST GUST SPEED    23   HIGHEST GUST DIRECTION    SE (150)
  AVERAGE WIND SPEED     4.7


SKY COVER
  POSSIBLE SUNSHINE  MM
  AVERAGE SKY COVER 0.1


WEATHER CONDITIONS
 THE FOLLOWING WEATHER WAS RECORDED YESTERDAY.
  FOG
  FOG W/VISIBILITY <= 1/4 MILE


RELATIVE HUMIDITY (PERCENT)
 HIGHEST    90           200 AM
 LOWEST     44           300 PM
 AVERAGE    67

..........................................................


THE WILLIAMSPORT PA CLIMATE NORMALS FOR TODAY
                         NORMAL    RECORD    YEAR
 MAXIMUM TEMPERATURE (F)   80        95      1948
 MINIMUM TEMPERATURE (F)   60        38      1940


SUNRISE AND SUNSET
AUGUST 25 2016........SUNRISE   628 AM EDT   SUNSET   751 PM EDT
AUGUST 26 2016........SUNRISE   629 AM EDT   SUNSET   749 PM EDT


-  INDICATES NEGATIVE NUMBERS.
R  INDICATES RECORD WAS SET OR TIED.
MM INDICATES DATA IS MISSING.
T  INDICATES TRACE AMOUNT.




$$
