857
CDUS41 KCTP 250657
CLIIPT


CLIMATE REPORT
NATIONAL WEATHER SERVICE STATE COLLEGE PA
256 AM EDT TUE JUL 25 2017


...................................

...THE WILLIAMSPORT PA CLIMATE SUMMARY FOR JULY 24 2017...

CLIMATE NORMAL PERIOD 1981 TO 2010
CLIMATE RECORD PERIOD 1895 TO 2017


WEATHER ITEM   OBSERVED TIME   RECORD YEAR NORMAL DEPARTURE LAST
                VALUE   (LST)  VALUE       VALUE  FROM      YEAR
                                                  NORMAL
..................................................................
TEMPERATURE (F)
 YESTERDAY
  MAXIMUM         83    124 PM  96    2001  84     -1       94
  MINIMUM         67    529 AM  48    1985  62      5       63
  AVERAGE         75                        73      2       79

PRECIPITATION (IN)
  YESTERDAY        1.13          2.02 1961   0.15   0.98     0.00
  MONTH TO DATE    7.45                      3.31   4.14     1.19
  SINCE JUN 1     11.15                      7.23   3.92     5.64
  SINCE JAN 1     30.27                     22.14   8.13    16.98

DEGREE DAYS
 HEATING
  YESTERDAY        0                         0      0        0
  MONTH TO DATE    0                         0      0        0
  SINCE JUN 1     21                        37    -16        9
  SINCE JUL 1      0                         0      0        0

 COOLING
  YESTERDAY       10                         8      2       14
  MONTH TO DATE  270                       189     81      272
  SINCE JUN 1    449                       335    114      444
  SINCE JAN 1    499                       378    121      517
..................................................................


WIND (MPH)
  HIGHEST WIND SPEED    17   HIGHEST WIND DIRECTION    SW (230)
  HIGHEST GUST SPEED    22   HIGHEST GUST DIRECTION    SW (240)
  AVERAGE WIND SPEED     4.8


SKY COVER
  POSSIBLE SUNSHINE  MM
  AVERAGE SKY COVER 0.6


WEATHER CONDITIONS
 THE FOLLOWING WEATHER WAS RECORDED YESTERDAY.
  THUNDERSTORM
  HEAVY RAIN
  RAIN
  LIGHT RAIN
  FOG


RELATIVE HUMIDITY (PERCENT)
 HIGHEST   100          1200 AM
 LOWEST     62          1200 PM
 AVERAGE    81

..........................................................


THE WILLIAMSPORT PA CLIMATE NORMALS FOR TODAY
                         NORMAL    RECORD    YEAR
 MAXIMUM TEMPERATURE (F)   84       100      1934
 MINIMUM TEMPERATURE (F)   62        48      1953


SUNRISE AND SUNSET
JULY 25 2017..........SUNRISE   557 AM EDT   SUNSET   831 PM EDT
JULY 26 2017..........SUNRISE   558 AM EDT   SUNSET   830 PM EDT


-  INDICATES NEGATIVE NUMBERS.
R  INDICATES RECORD WAS SET OR TIED.
MM INDICATES DATA IS MISSING.
T  INDICATES TRACE AMOUNT.




$$
